From mboxrd@z Thu Jan 1 00:00:00 1970 From: xen.org Subject: [xen-4.2-testing test] 15091: trouble: broken/fail/pass Date: Thu, 17 Jan 2013 02:32:37 +0000 Message-ID: Mime-Version: 1.0 Content-Type: text/plain; charset="us-ascii" Content-Transfer-Encoding: 7bit Return-path: List-Unsubscribe: , List-Post: List-Help: List-Subscribe: , Sender: xen-devel-bounces@lists.xen.org Errors-To: xen-devel-bounces@lists.xen.org To: xen-devel@lists.xensource.com Cc: ian.jackson@eu.citrix.com List-Id: xen-devel@lists.xenproject.org flight 15091 xen-4.2-testing real [real] http://www.chiark.greenend.org.uk/~xensrcts/logs/15091/ Failures and problems with tests :-( Tests which did not succeed and are blocking, including tests which could not be run: test-amd64-i386-qemuu-rhel6hvm-intel 3 host-install(3) broken REGR. vs. 14847 Regressions which are regarded as allowable (not blocking): test-amd64-amd64-xl-sedf-pin 10 guest-saverestore fail like 14847 Tests which did not succeed, but are not blocking: test-amd64-amd64-xl-pcipt-intel 9 guest-start fail never pass test-amd64-amd64-xl-qemuu-win7-amd64 9 guest-localmigrate fail never pass test-amd64-amd64-win 16 leak-check/check fail never pass test-i386-i386-xl-qemut-win 13 guest-stop fail never pass test-amd64-i386-xl-win7-amd64 13 guest-stop fail never pass test-amd64-amd64-xl-win 13 guest-stop fail never pass test-amd64-amd64-xl-qemut-winxpsp3 13 guest-stop fail never pass test-amd64-i386-xl-qemut-winxpsp3-vcpus1 13 guest-stop fail never pass test-amd64-i386-qemut-win 16 leak-check/check fail never pass test-i386-i386-qemut-win 16 leak-check/check fail never pass test-amd64-amd64-xl-qemut-win7-amd64 13 guest-stop fail never pass test-i386-i386-xl-winxpsp3 13 guest-stop fail never pass test-amd64-i386-qemut-win-vcpus1 16 leak-check/check fail never pass test-i386-i386-xl-qemuu-winxpsp3 9 guest-localmigrate fail never pass test-amd64-i386-win-vcpus1 16 leak-check/check fail never pass test-amd64-amd64-xl-qemut-win 13 guest-stop fail never pass test-amd64-i386-xend-qemut-winxpsp3 16 leak-check/check fail never pass test-amd64-i386-xl-qemut-win-vcpus1 13 guest-stop fail never pass test-amd64-i386-xl-qemut-win7-amd64 13 guest-stop fail never pass test-i386-i386-xl-qemut-winxpsp3 13 guest-stop fail never pass test-amd64-i386-xl-win-vcpus1 13 guest-stop fail never pass test-amd64-i386-xl-winxpsp3-vcpus1 13 guest-stop fail never pass test-amd64-amd64-xl-win7-amd64 13 guest-stop fail never pass test-amd64-i386-win 16 leak-check/check fail never pass test-amd64-i386-xend-winxpsp3 16 leak-check/check fail never pass test-i386-i386-xl-win 13 guest-stop fail never pass test-amd64-amd64-xl-winxpsp3 13 guest-stop fail never pass test-i386-i386-win 16 leak-check/check fail never pass test-amd64-amd64-xl-qemuu-winxpsp3 9 guest-localmigrate fail never pass test-amd64-amd64-qemut-win 16 leak-check/check fail never pass version targeted for testing: xen 85fcb5621c2b baseline version: xen 2fff08507add ------------------------------------------------------------ People who touched revisions under test: Jan Beulich ------------------------------------------------------------ jobs: build-amd64 pass build-i386 pass build-amd64-oldkern pass build-i386-oldkern pass build-amd64-pvops pass build-i386-pvops pass test-amd64-amd64-xl pass test-amd64-i386-xl pass test-i386-i386-xl pass test-amd64-i386-rhel6hvm-amd pass test-amd64-i386-qemut-rhel6hvm-amd pass test-amd64-i386-qemuu-rhel6hvm-amd pass test-amd64-amd64-xl-qemut-win7-amd64 fail test-amd64-i386-xl-qemut-win7-amd64 fail test-amd64-amd64-xl-qemuu-win7-amd64 fail test-amd64-amd64-xl-win7-amd64 fail test-amd64-i386-xl-win7-amd64 fail test-amd64-i386-xl-credit2 pass test-amd64-amd64-xl-pcipt-intel fail test-amd64-i386-rhel6hvm-intel pass test-amd64-i386-qemut-rhel6hvm-intel pass test-amd64-i386-qemuu-rhel6hvm-intel broken test-amd64-i386-xl-multivcpu pass test-amd64-amd64-pair pass test-amd64-i386-pair pass test-i386-i386-pair pass test-amd64-amd64-xl-sedf-pin fail test-amd64-amd64-pv pass test-amd64-i386-pv pass test-i386-i386-pv pass test-amd64-amd64-xl-sedf pass test-amd64-i386-win-vcpus1 fail test-amd64-i386-qemut-win-vcpus1 fail test-amd64-i386-xl-qemut-win-vcpus1 fail test-amd64-i386-xl-win-vcpus1 fail test-amd64-i386-xl-qemut-winxpsp3-vcpus1 fail test-amd64-i386-xl-winxpsp3-vcpus1 fail test-amd64-amd64-win fail test-amd64-i386-win fail test-i386-i386-win fail test-amd64-amd64-qemut-win fail test-amd64-i386-qemut-win fail test-i386-i386-qemut-win fail test-amd64-amd64-xl-qemut-win fail test-i386-i386-xl-qemut-win fail test-amd64-amd64-xl-win fail test-i386-i386-xl-win fail test-amd64-i386-xend-qemut-winxpsp3 fail test-amd64-amd64-xl-qemut-winxpsp3 fail test-i386-i386-xl-qemut-winxpsp3 fail test-amd64-amd64-xl-qemuu-winxpsp3 fail test-i386-i386-xl-qemuu-winxpsp3 fail test-amd64-i386-xend-winxpsp3 fail test-amd64-amd64-xl-winxpsp3 fail test-i386-i386-xl-winxpsp3 fail ------------------------------------------------------------ sg-report-flight on woking.cam.xci-test.com logs: /home/xc_osstest/logs images: /home/xc_osstest/images Logs, config files, etc. are available at http://www.chiark.greenend.org.uk/~xensrcts/logs Test harness code can be found at http://xenbits.xensource.com/gitweb?p=osstest.git;a=summary Not pushing. ------------------------------------------------------------ changeset: 25968:85fcb5621c2b tag: tip user: Ian Jackson date: Wed Jan 16 14:14:19 2013 +0000 QEMU_TAG update changeset: 25967:2fff08507add user: Jan Beulich date: Wed Jan 09 17:16:00 2013 +0100 VT-d: fix interrupt remapping source validation for devices behind legacy bridges Using SVT_VERIFY_BUS here doesn't make sense; native Linux also uses SVT_VERIFY_SID_SQ here instead. This is XSA-33 / CVE-2012-5634. Signed-off-by: Jan Beulich xen-unstable changeset: 26340:19fd1237ff0d xen-unstable date: Wed Jan 9 16:13:26 UTC 2013 (qemu changes not included)