From: xen.org <ian.jackson@eu.citrix.com>
To: xen-devel@lists.xensource.com
Cc: ian.jackson@eu.citrix.com
Subject: [qemu-upstream-4.2-testing test] 15122: tolerable FAIL - PUSHED
Date: Fri, 18 Jan 2013 05:26:09 +0000 [thread overview]
Message-ID: <osstest-15122-mainreport@xen.org> (raw)
flight 15122 qemu-upstream-4.2-testing real [real]
http://www.chiark.greenend.org.uk/~xensrcts/logs/15122/
Failures :-/ but no regressions.
Tests which did not succeed, but are not blocking:
test-i386-i386-xl-qemuu-winxpsp3 9 guest-localmigrate fail never pass
test-amd64-amd64-xl-qemuu-win7-amd64 9 guest-localmigrate fail never pass
test-amd64-i386-xl-qemuu-win7-amd64 9 guest-localmigrate fail never pass
test-amd64-i386-xl-qemuu-winxpsp3-vcpus1 9 guest-localmigrate fail never pass
test-i386-i386-xl-qemuu-win 9 guest-localmigrate fail never pass
test-amd64-i386-qemuu-win 16 leak-check/check fail never pass
test-amd64-i386-xl-qemuu-win-vcpus1 9 guest-localmigrate fail never pass
test-amd64-i386-qemuu-win-vcpus1 16 leak-check/check fail never pass
test-amd64-amd64-xl-qemuu-winxpsp3 9 guest-localmigrate fail never pass
test-amd64-i386-xend-qemuu-winxpsp3 16 leak-check/check fail never pass
test-amd64-amd64-qemuu-win 16 leak-check/check fail never pass
test-i386-i386-qemuu-win 16 leak-check/check fail never pass
test-amd64-amd64-xl-qemuu-win 9 guest-localmigrate fail never pass
version targeted for testing:
qemuu 70454385eeee6f0b3f7a9eddca9f7340b5060824
baseline version:
qemuu 08f91b7dde7daeb3f62204678343f5b68be060d9
------------------------------------------------------------
People who touched revisions under test:
Michael Contreras <michael@inetric.com>
Stefan Hajnoczi <stefanha@redhat.com>
------------------------------------------------------------
jobs:
build-amd64 pass
build-i386 pass
build-amd64-oldkern pass
build-i386-oldkern pass
build-amd64-pvops pass
build-i386-pvops pass
test-amd64-i386-qemuu-rhel6hvm-amd pass
test-amd64-amd64-xl-qemuu-win7-amd64 fail
test-amd64-i386-xl-qemuu-win7-amd64 fail
test-amd64-i386-qemuu-rhel6hvm-intel pass
test-amd64-i386-qemuu-win-vcpus1 fail
test-amd64-i386-xl-qemuu-win-vcpus1 fail
test-amd64-i386-xl-qemuu-winxpsp3-vcpus1 fail
test-amd64-amd64-qemuu-win fail
test-amd64-i386-qemuu-win fail
test-i386-i386-qemuu-win fail
test-amd64-amd64-xl-qemuu-win fail
test-i386-i386-xl-qemuu-win fail
test-amd64-i386-xend-qemuu-winxpsp3 fail
test-amd64-amd64-xl-qemuu-winxpsp3 fail
test-i386-i386-xl-qemuu-winxpsp3 fail
------------------------------------------------------------
sg-report-flight on woking.cam.xci-test.com
logs: /home/xc_osstest/logs
images: /home/xc_osstest/images
Logs, config files, etc. are available at
http://www.chiark.greenend.org.uk/~xensrcts/logs
Test harness code can be found at
http://xenbits.xensource.com/gitweb?p=osstest.git;a=summary
Pushing revision :
+ branch=qemu-upstream-4.2-testing
+ revision=70454385eeee6f0b3f7a9eddca9f7340b5060824
+ . cri-lock-repos
++ . cri-common
+++ umask 002
+++ getconfig Repos
+++ perl -e '
use Osstest;
readconfigonly();
print $c{Repos} or die $!;
'
++ repos=/export/home/osstest/repos
++ repos_lock=/export/home/osstest/repos/lock
++ '[' x '!=' x/export/home/osstest/repos/lock ']'
++ OSSTEST_REPOS_LOCK_LOCKED=/export/home/osstest/repos/lock
++ exec with-lock-ex -w /export/home/osstest/repos/lock ./ap-push qemu-upstream-4.2-testing 70454385eeee6f0b3f7a9eddca9f7340b5060824
+ branch=qemu-upstream-4.2-testing
+ revision=70454385eeee6f0b3f7a9eddca9f7340b5060824
+ . cri-lock-repos
++ . cri-common
+++ umask 002
+++ getconfig Repos
+++ perl -e '
use Osstest;
readconfigonly();
print $c{Repos} or die $!;
'
++ repos=/export/home/osstest/repos
++ repos_lock=/export/home/osstest/repos/lock
++ '[' x/export/home/osstest/repos/lock '!=' x/export/home/osstest/repos/lock ']'
+ . cri-common
++ umask 002
+ select_xenbranch
+ case "$branch" in
+ tree=qemuu
+ xenbranch=xen-4.2-testing
+ '[' xqemuu = xlinux ']'
+ linuxbranch=linux
+ : master
+ : tested/2.6.39.x
+ . ap-common
++ : xen@xenbits.xensource.com
++ : http://xenbits.xen.org/hg/staging/xen-4.2-testing.hg
++ : git://xenbits.xen.org/staging/qemu-xen-4.2-testing.git
++ : git://git.kernel.org
++ : git://git.kernel.org/pub/scm/linux/kernel/git
++ : git
++ : git://xenbits.xen.org/linux-pvops.git
++ : master
++ : xen@xenbits.xensource.com:git/linux-pvops.git
++ : git://xenbits.xen.org/linux-pvops.git
++ : master
++ : git://git.kernel.org/pub/scm/linux/kernel/git/konrad/xen.git
++ : tested/2.6.39.x
++ : daily-cron.qemu-upstream-4.2-testing
++ : http://hg.uk.xensource.com/carbon/trunk/linux-2.6.27
++ : git://xenbits.xen.org/staging/qemu-upstream-4.2-testing.git
++ : daily-cron.qemu-upstream-4.2-testing
+ TREE_LINUX=xen@xenbits.xensource.com:git/linux-pvops.git
+ TREE_QEMU_UPSTREAM=xen@xenbits.xensource.com:git/qemu-upstream-4.2-testing.git
+ info_linux_tree qemu-upstream-4.2-testing
+ case $1 in
+ return 1
+ case "$branch" in
+ cd /export/home/osstest/repos/qemu-upstream-4.2-testing
+ git push xen@xenbits.xensource.com:git/qemu-upstream-4.2-testing.git 70454385eeee6f0b3f7a9eddca9f7340b5060824:master
Counting objects: 1
Counting objects: 5
Counting objects: 7, done.
Compressing objects: 100% (1/1)
Compressing objects: 100% (1/1), done.
Writing objects: 25% (1/4)
Writing objects: 50% (2/4)
Writing objects: 75% (3/4)
Writing objects: 100% (4/4)
Writing objects: 100% (4/4), 680 bytes, done.
Total 4 (delta 3), reused 4 (delta 3)
To xen@xenbits.xensource.com:git/qemu-upstream-4.2-testing.git
08f91b7..7045438 70454385eeee6f0b3f7a9eddca9f7340b5060824 -> master
reply other threads:[~2013-01-18 5:26 UTC|newest]
Thread overview: [no followups] expand[flat|nested] mbox.gz Atom feed
Reply instructions:
You may reply publicly to this message via plain-text email
using any one of the following methods:
* Save the following mbox file, import it into your mail client,
and reply-to-all from there: mbox
Avoid top-posting and favor interleaved quoting:
https://en.wikipedia.org/wiki/Posting_style#Interleaved_style
* Reply using the --to, --cc, and --in-reply-to
switches of git-send-email(1):
git send-email \
--in-reply-to=osstest-15122-mainreport@xen.org \
--to=ian.jackson@eu.citrix.com \
--cc=xen-devel@lists.xensource.com \
/path/to/YOUR_REPLY
https://kernel.org/pub/software/scm/git/docs/git-send-email.html
* If your mail client supports setting the In-Reply-To header
via mailto: links, try the mailto: link
Be sure your reply has a Subject: header at the top and a blank line
before the message body.
This is a public inbox, see mirroring instructions
for how to clone and mirror all data and code used for this inbox;
as well as URLs for NNTP newsgroup(s).