From: xen.org <ian.jackson@eu.citrix.com>
To: xen-devel@lists.xensource.com
Cc: ian.jackson@eu.citrix.com
Subject: [linux-3.0 test] 15132: tolerable FAIL - PUSHED
Date: Sat, 19 Jan 2013 05:19:42 +0000 [thread overview]
Message-ID: <osstest-15132-mainreport@xen.org> (raw)
flight 15132 linux-3.0 real [real]
http://www.chiark.greenend.org.uk/~xensrcts/logs/15132/
Failures :-/ but no regressions.
Regressions which are regarded as allowable (not blocking):
test-amd64-amd64-xl-sedf-pin 11 guest-localmigrate fail like 14929
test-amd64-amd64-xl-sedf 5 xen-boot fail like 14929
Tests which did not succeed, but are not blocking:
test-amd64-amd64-xl-pcipt-intel 8 debian-fixup fail never pass
test-amd64-i386-xl-winxpsp3-vcpus1 13 guest-stop fail never pass
test-amd64-i386-xl-qemut-win-vcpus1 13 guest-stop fail never pass
test-amd64-i386-qemut-win-vcpus1 16 leak-check/check fail never pass
test-amd64-i386-xl-qemut-win7-amd64 13 guest-stop fail never pass
test-amd64-amd64-xl-qemuu-win7-amd64 13 guest-stop fail never pass
test-amd64-amd64-win 16 leak-check/check fail never pass
test-amd64-amd64-xl-qemut-win7-amd64 13 guest-stop fail never pass
test-amd64-i386-xend-winxpsp3 16 leak-check/check fail never pass
test-amd64-amd64-xl-win7-amd64 13 guest-stop fail never pass
test-amd64-amd64-xl-winxpsp3 13 guest-stop fail never pass
test-amd64-amd64-xl-qemut-winxpsp3 13 guest-stop fail never pass
test-amd64-amd64-xl-win 13 guest-stop fail never pass
test-amd64-i386-win-vcpus1 16 leak-check/check fail never pass
test-amd64-i386-xl-win7-amd64 13 guest-stop fail never pass
test-amd64-i386-win 16 leak-check/check fail never pass
test-amd64-i386-xl-win-vcpus1 13 guest-stop fail never pass
test-amd64-i386-xend-qemut-winxpsp3 16 leak-check/check fail never pass
test-amd64-amd64-qemut-win 16 leak-check/check fail never pass
test-amd64-i386-xl-qemut-winxpsp3-vcpus1 13 guest-stop fail never pass
test-amd64-amd64-xl-qemuu-winxpsp3 13 guest-stop fail never pass
test-amd64-amd64-xl-qemut-win 13 guest-stop fail never pass
test-amd64-i386-qemut-win 16 leak-check/check fail never pass
version targeted for testing:
linux 0829a6cc39cfcd76caaf562b4254c95392463b62
baseline version:
linux 2a68fec1118107fbaa40c631d45641d40d88ad71
------------------------------------------------------------
People who touched revisions under test:
------------------------------------------------------------
jobs:
build-amd64 pass
build-i386 pass
build-amd64-pvops pass
build-i386-pvops pass
test-amd64-amd64-xl pass
test-amd64-i386-xl pass
test-amd64-i386-rhel6hvm-amd pass
test-amd64-i386-qemut-rhel6hvm-amd pass
test-amd64-i386-qemuu-rhel6hvm-amd pass
test-amd64-amd64-xl-qemut-win7-amd64 fail
test-amd64-i386-xl-qemut-win7-amd64 fail
test-amd64-amd64-xl-qemuu-win7-amd64 fail
test-amd64-amd64-xl-win7-amd64 fail
test-amd64-i386-xl-win7-amd64 fail
test-amd64-i386-xl-credit2 pass
test-amd64-amd64-xl-pcipt-intel fail
test-amd64-i386-rhel6hvm-intel pass
test-amd64-i386-qemut-rhel6hvm-intel pass
test-amd64-i386-qemuu-rhel6hvm-intel pass
test-amd64-i386-xl-multivcpu pass
test-amd64-amd64-pair pass
test-amd64-i386-pair pass
test-amd64-amd64-xl-sedf-pin fail
test-amd64-amd64-pv pass
test-amd64-i386-pv pass
test-amd64-amd64-xl-sedf fail
test-amd64-i386-win-vcpus1 fail
test-amd64-i386-qemut-win-vcpus1 fail
test-amd64-i386-xl-qemut-win-vcpus1 fail
test-amd64-i386-xl-win-vcpus1 fail
test-amd64-i386-xl-qemut-winxpsp3-vcpus1 fail
test-amd64-i386-xl-winxpsp3-vcpus1 fail
test-amd64-amd64-win fail
test-amd64-i386-win fail
test-amd64-amd64-qemut-win fail
test-amd64-i386-qemut-win fail
test-amd64-amd64-xl-qemut-win fail
test-amd64-amd64-xl-win fail
test-amd64-i386-xend-qemut-winxpsp3 fail
test-amd64-amd64-xl-qemut-winxpsp3 fail
test-amd64-amd64-xl-qemuu-winxpsp3 fail
test-amd64-i386-xend-winxpsp3 fail
test-amd64-amd64-xl-winxpsp3 fail
------------------------------------------------------------
sg-report-flight on woking.cam.xci-test.com
logs: /home/xc_osstest/logs
images: /home/xc_osstest/images
Logs, config files, etc. are available at
http://www.chiark.greenend.org.uk/~xensrcts/logs
Test harness code can be found at
http://xenbits.xensource.com/gitweb?p=osstest.git;a=summary
Pushing revision :
+ branch=linux-3.0
+ revision=0829a6cc39cfcd76caaf562b4254c95392463b62
+ . cri-lock-repos
++ . cri-common
+++ umask 002
+++ getconfig Repos
+++ perl -e '
use Osstest;
readconfigonly();
print $c{Repos} or die $!;
'
++ repos=/export/home/osstest/repos
++ repos_lock=/export/home/osstest/repos/lock
++ '[' x '!=' x/export/home/osstest/repos/lock ']'
++ OSSTEST_REPOS_LOCK_LOCKED=/export/home/osstest/repos/lock
++ exec with-lock-ex -w /export/home/osstest/repos/lock ./ap-push linux-3.0 0829a6cc39cfcd76caaf562b4254c95392463b62
+ branch=linux-3.0
+ revision=0829a6cc39cfcd76caaf562b4254c95392463b62
+ . cri-lock-repos
++ . cri-common
+++ umask 002
+++ getconfig Repos
+++ perl -e '
use Osstest;
readconfigonly();
print $c{Repos} or die $!;
'
++ repos=/export/home/osstest/repos
++ repos_lock=/export/home/osstest/repos/lock
++ '[' x/export/home/osstest/repos/lock '!=' x/export/home/osstest/repos/lock ']'
+ . cri-common
++ umask 002
+ select_xenbranch
+ case "$branch" in
+ tree=linux
+ xenbranch=xen-unstable
+ '[' xlinux = xlinux ']'
+ linuxbranch=linux-3.0
+ : master
+ : tested/2.6.39.x
+ . ap-common
++ : xen@xenbits.xensource.com
++ : http://xenbits.xen.org/hg/staging/xen-unstable.hg
++ : git://xenbits.xen.org/staging/qemu-xen-unstable.git
++ : git://git.kernel.org
++ : git://git.kernel.org/pub/scm/linux/kernel/git
++ : git
++ : git://git.kernel.org/pub/scm/linux/kernel/git/stable/linux-stable.git
++ : master
++ : xen@xenbits.xensource.com:git/linux-pvops.git
++ : git://xenbits.xen.org/linux-pvops.git
++ : master
++ : git://git.kernel.org/pub/scm/linux/kernel/git/konrad/xen.git
++ : tested/2.6.39.x
++ : daily-cron.linux-3.0
++ : http://hg.uk.xensource.com/carbon/trunk/linux-2.6.27
++ : git://xenbits.xen.org/staging/qemu-upstream-unstable.git
++ : daily-cron.linux-3.0
+ TREE_LINUX=xen@xenbits.xensource.com:git/linux-pvops.git
+ TREE_QEMU_UPSTREAM=xen@xenbits.xensource.com:git/qemu-upstream-unstable.git
+ info_linux_tree linux-3.0
+ case $1 in
+ : git://git.kernel.org/pub/scm/linux/kernel/git/stable/linux-stable.git
+ : linux-3.0.y
+ : linux-3.0.y
+ : git
+ : git
+ : git://xenbits.xen.org/linux-pvops.git
+ : xen@xenbits.xensource.com:git/linux-pvops.git
+ : tested/linux-3.0
+ : tested/linux-3.0
+ return 0
+ cd /export/home/osstest/repos/linux
+ git push xen@xenbits.xensource.com:git/linux-pvops.git 0829a6cc39cfcd76caaf562b4254c95392463b62:tested/linux-3.0
Counting objects: 1
Counting objects: 347
Counting objects: 661, done.
Compressing objects: 1% (1/73)
Compressing objects: 2% (2/73)
Compressing objects: 4% (3/73)
Compressing objects: 5% (4/73)
Compressing objects: 6% (5/73)
Compressing objects: 8% (6/73)
Compressing objects: 9% (7/73)
Compressing objects: 10% (8/73)
Compressing objects: 12% (9/73)
Compressing objects: 13% (10/73)
Compressing objects: 15% (11/73)
Compressing objects: 16% (12/73)
Compressing objects: 17% (13/73)
Compressing objects: 19% (14/73)
Compressing objects: 20% (15/73)
Compressing objects: 21% (16/73)
Compressing objects: 23% (17/73)
Compressing objects: 24% (18/73)
Compressing objects: 26% (19/73)
Compressing objects: 27% (20/73)
Compressing objects: 28% (21/73)
Compressing objects: 30% (22/73)
Compressing objects: 31% (23/73)
Compressing objects: 32% (24/73)
Compressing objects: 34% (25/73)
Compressing objects: 35% (26/73)
Compressing objects: 36% (27/73)
Compressing objects: 38% (28/73)
Compressing objects: 39% (29/73)
Compressing objects: 41% (30/73)
Compressing objects: 42% (31/73)
Compressing objects: 43% (32/73)
Compressing objects: 45% (33/73)
Compressing objects: 46% (34/73)
Compressing objects: 47% (35/73)
Compressing objects: 49% (36/73)
Compressing objects: 50% (37/73)
Compressing objects: 52% (38/73)
Compressing objects: 53% (39/73)
Compressing objects: 54% (40/73)
Compressing objects: 56% (41/73)
Compressing objects: 57% (42/73)
Compressing objects: 58% (43/73)
Compressing objects: 60% (44/73)
Compressing objects: 61% (45/73)
Compressing objects: 63% (46/73)
Compressing objects: 64% (47/73)
Compressing objects: 65% (48/73)
Compressing objects: 67% (49/73)
Compressing objects: 68% (50/73)
Compressing objects: 69% (51/73)
Compressing objects: 71% (52/73)
Compressing objects: 72% (53/73)
Compressing objects: 73% (54/73)
Compressing objects: 75% (55/73)
Compressing objects: 76% (56/73)
Compressing objects: 78% (57/73)
Compressing objects: 79% (58/73)
Compressing objects: 80% (59/73)
Compressing objects: 82% (60/73)
Compressing objects: 83% (61/73)
Compressing objects: 84% (62/73)
Compressing objects: 86% (63/73)
Compressing objects: 87% (64/73)
Compressing objects: 89% (65/73)
Compressing objects: 90% (66/73)
Compressing objects: 91% (67/73)
Compressing objects: 93% (68/73)
Compressing objects: 94% (69/73)
Compressing objects: 95% (70/73)
Compressing objects: 97% (71/73)
Compressing objects: 98% (72/73)
Compressing objects: 100% (73/73)
Compressing objects: 100% (73/73), done.
Writing objects: 0% (1/472)
Writing objects: 1% (5/472)
Writing objects: 2% (10/472)
Writing objects: 3% (15/472)
Writing objects: 4% (19/472)
Writing objects: 5% (24/472)
Writing objects: 6% (29/472)
Writing objects: 7% (34/472)
Writing objects: 8% (38/472)
Writing objects: 9% (43/472)
Writing objects: 10% (48/472)
Writing objects: 11% (52/472)
Writing objects: 12% (57/472)
Writing objects: 13% (62/472)
Writing objects: 14% (67/472)
Writing objects: 15% (71/472)
Writing objects: 16% (76/472)
Writing objects: 17% (81/472)
Writing objects: 18% (85/472)
Writing objects: 19% (90/472)
Writing objects: 20% (95/472)
Writing objects: 21% (100/472)
Writing objects: 22% (104/472)
Writing objects: 23% (109/472)
Writing objects: 24% (114/472)
Writing objects: 25% (118/472)
Writing objects: 26% (123/472)
Writing objects: 27% (128/472)
Writing objects: 28% (133/472)
Writing objects: 29% (137/472)
Writing objects: 30% (142/472)
Writing objects: 31% (147/472)
Writing objects: 32% (152/472)
Writing objects: 33% (156/472)
Writing objects: 34% (162/472)
Writing objects: 35% (166/472)
Writing objects: 36% (170/472)
Writing objects: 37% (175/472)
Writing objects: 38% (180/472)
Writing objects: 39% (185/472)
Writing objects: 40% (189/472)
Writing objects: 41% (194/472)
Writing objects: 42% (199/472)
Writing objects: 43% (203/472)
Writing objects: 44% (208/472)
Writing objects: 45% (213/472)
Writing objects: 46% (218/472)
Writing objects: 47% (222/472)
Writing objects: 48% (227/472)
Writing objects: 49% (232/472)
Writing objects: 50% (236/472)
Writing objects: 51% (241/472)
Writing objects: 52% (246/472)
Writing objects: 53% (251/472)
Writing objects: 54% (255/472)
Writing objects: 55% (260/472)
Writing objects: 56% (265/472)
Writing objects: 57% (270/472)
Writing objects: 58% (274/472)
Writing objects: 59% (279/472)
Writing objects: 60% (284/472)
Writing objects: 61% (288/472)
Writing objects: 62% (293/472)
Writing objects: 63% (298/472)
Writing objects: 64% (303/472)
Writing objects: 65% (307/472)
Writing objects: 66% (312/472)
Writing objects: 67% (317/472)
Writing objects: 68% (321/472)
Writing objects: 69% (326/472)
Writing objects: 70% (331/472)
Writing objects: 71% (336/472)
Writing objects: 72% (340/472)
Writing objects: 73% (345/472)
Writing objects: 74% (350/472)
Writing objects: 75% (354/472)
Writing objects: 76% (359/472)
Writing objects: 77% (364/472)
Writing objects: 78% (369/472)
Writing objects: 79% (373/472)
Writing objects: 80% (378/472)
Writing objects: 81% (383/472)
Writing objects: 82% (388/472)
Writing objects: 83% (392/472)
Writing objects: 84% (397/472)
Writing objects: 85% (402/472)
Writing objects: 86% (406/472)
Writing objects: 87% (411/472)
Writing objects: 88% (416/472)
Writing objects: 89% (421/472)
Writing objects: 90% (425/472)
Writing objects: 91% (430/472)
Writing objects: 92% (435/472)
Writing objects: 93% (439/472)
Writing objects: 94% (444/472)
Writing objects: 95% (449/472)
Writing objects: 96% (454/472)
Writing objects: 97% (458/472)
Writing objects: 98% (463/472)
Writing objects: 99% (468/472)
Writing objects: 100% (472/472)
Writing objects: 100% (472/472), 76.19 KiB, done.
Total 472 (delta 399), reused 472 (delta 399)
To xen@xenbits.xensource.com:git/linux-pvops.git
2a68fec..0829a6c 0829a6cc39cfcd76caaf562b4254c95392463b62 -> tested/linux-3.0
+ exit 0
reply other threads:[~2013-01-19 5:19 UTC|newest]
Thread overview: [no followups] expand[flat|nested] mbox.gz Atom feed
Reply instructions:
You may reply publicly to this message via plain-text email
using any one of the following methods:
* Save the following mbox file, import it into your mail client,
and reply-to-all from there: mbox
Avoid top-posting and favor interleaved quoting:
https://en.wikipedia.org/wiki/Posting_style#Interleaved_style
* Reply using the --to, --cc, and --in-reply-to
switches of git-send-email(1):
git send-email \
--in-reply-to=osstest-15132-mainreport@xen.org \
--to=ian.jackson@eu.citrix.com \
--cc=xen-devel@lists.xensource.com \
/path/to/YOUR_REPLY
https://kernel.org/pub/software/scm/git/docs/git-send-email.html
* If your mail client supports setting the In-Reply-To header
via mailto: links, try the mailto: link
Be sure your reply has a Subject: header at the top and a blank line
before the message body.
This is a public inbox, see mirroring instructions
for how to clone and mirror all data and code used for this inbox;
as well as URLs for NNTP newsgroup(s).