xen-devel.lists.xenproject.org archive mirror
 help / color / mirror / Atom feed
* [xen-unstable test] 15188: regressions - FAIL
@ 2013-01-24 20:23 xen.org
  0 siblings, 0 replies; only message in thread
From: xen.org @ 2013-01-24 20:23 UTC (permalink / raw)
  To: xen-devel; +Cc: ian.jackson

flight 15188 xen-unstable real [real]
http://www.chiark.greenend.org.uk/~xensrcts/logs/15188/

Regressions :-(

Tests which did not succeed and are blocking,
including tests which could not be run:
 test-amd64-i386-xl-multivcpu  4 xen-install               fail REGR. vs. 15179
 test-amd64-i386-rhel6hvm-amd  4 xen-install               fail REGR. vs. 15179
 test-amd64-i386-qemuu-rhel6hvm-amd  4 xen-install         fail REGR. vs. 15179
 test-amd64-amd64-xl           4 xen-install               fail REGR. vs. 15179
 test-amd64-i386-qemut-rhel6hvm-amd  4 xen-install         fail REGR. vs. 15179
 test-amd64-i386-xend-winxpsp3  4 xen-install              fail REGR. vs. 15179
 test-amd64-amd64-pv           4 xen-install               fail REGR. vs. 15179
 test-amd64-i386-qemut-win-vcpus1  4 xen-install           fail REGR. vs. 15179
 test-amd64-i386-xl-win-vcpus1  4 xen-install              fail REGR. vs. 15179
 test-amd64-amd64-xl-qemut-win7-amd64  4 xen-install       fail REGR. vs. 15179
 test-amd64-amd64-xl-qemuu-winxpsp3  4 xen-install         fail REGR. vs. 15179
 test-amd64-i386-win           4 xen-install               fail REGR. vs. 15179
 test-amd64-amd64-xl-win7-amd64  4 xen-install             fail REGR. vs. 15179
 test-amd64-i386-xl-credit2    4 xen-install               fail REGR. vs. 15179
 test-amd64-i386-xl            4 xen-install               fail REGR. vs. 15179
 test-amd64-i386-pv            4 xen-install               fail REGR. vs. 15179
 test-amd64-amd64-win          4 xen-install               fail REGR. vs. 15179
 test-amd64-i386-xl-qemut-win7-amd64  4 xen-install        fail REGR. vs. 15179
 test-amd64-i386-win-vcpus1    4 xen-install               fail REGR. vs. 15179
 test-amd64-i386-xl-win7-amd64  4 xen-install              fail REGR. vs. 15179
 test-amd64-i386-rhel6hvm-intel  4 xen-install             fail REGR. vs. 15179
 test-amd64-i386-qemuu-rhel6hvm-intel  4 xen-install       fail REGR. vs. 15179
 test-amd64-i386-qemut-rhel6hvm-intel  4 xen-install       fail REGR. vs. 15179
 test-amd64-amd64-pair         6 xen-install/dst_host      fail REGR. vs. 15179
 test-amd64-amd64-pair         5 xen-install/src_host      fail REGR. vs. 15179
 test-amd64-i386-pair          6 xen-install/dst_host      fail REGR. vs. 15179
 test-amd64-i386-pair          5 xen-install/src_host      fail REGR. vs. 15179
 test-amd64-amd64-xl-winxpsp3  4 xen-install               fail REGR. vs. 15179
 test-amd64-i386-xl-qemut-winxpsp3-vcpus1  4 xen-install   fail REGR. vs. 15179
 test-amd64-i386-xl-winxpsp3-vcpus1  4 xen-install         fail REGR. vs. 15179
 test-amd64-i386-xl-qemut-win-vcpus1  4 xen-install        fail REGR. vs. 15179
 test-amd64-i386-xend-qemut-winxpsp3  4 xen-install        fail REGR. vs. 15179
 test-amd64-amd64-xl-qemut-winxpsp3  4 xen-install         fail REGR. vs. 15179
 test-amd64-i386-qemut-win     4 xen-install               fail REGR. vs. 15179
 test-amd64-amd64-xl-win       4 xen-install               fail REGR. vs. 15179
 test-amd64-amd64-xl-qemuu-win7-amd64  4 xen-install       fail REGR. vs. 15179
 test-amd64-amd64-qemut-win    4 xen-install               fail REGR. vs. 15179
 test-amd64-amd64-xl-qemut-win  4 xen-install              fail REGR. vs. 15179

Regressions which are regarded as allowable (not blocking):
 test-amd64-amd64-xl-sedf-pin  4 xen-install               fail REGR. vs. 15179
 test-amd64-amd64-xl-pcipt-intel  4 xen-install            fail REGR. vs. 15179
 test-amd64-amd64-xl-sedf      4 xen-install               fail REGR. vs. 15179

version targeted for testing:
 xen                  e0b21f16be12
baseline version:
 xen                  5af4f2ab06f3

------------------------------------------------------------
People who touched revisions under test:
  Dan Magenheimer <dan.magenheimer@oracle.com>
  Daniel De Graaf <dgdegra@tycho.nsa.gov>
  Dario Faggioli <dario.faggioli@citrix.com>
  Ian Campbell <ian.campbell@citrix.com>
  Ian Jackson <ian.jackson@eu.citrix.com>
  Jan Beulich <jbeulich@suse.com>
  Jim Fehlig <jfehlig@suse.com>
  Keir Fraser <keir@xen.org>
  Matt Wilson <msw@amazon.com>
  Razvan Cojocaru <rzvncj@gmail.com>
  Roger Pau Monn? <roger.pau@citrix.com>
  Stefano Stabellini <stefano.stabellini@eu.citrix.com>
  Tim Deegan <tim@xen.org>
  Tomasz Wroblewski <tomasz.wroblewski@citrix.com>
------------------------------------------------------------

jobs:
 build-amd64                                                  pass    
 build-i386                                                   pass    
 build-amd64-oldkern                                          pass    
 build-i386-oldkern                                           pass    
 build-amd64-pvops                                            pass    
 build-i386-pvops                                             pass    
 test-amd64-amd64-xl                                          fail    
 test-amd64-i386-xl                                           fail    
 test-amd64-i386-rhel6hvm-amd                                 fail    
 test-amd64-i386-qemut-rhel6hvm-amd                           fail    
 test-amd64-i386-qemuu-rhel6hvm-amd                           fail    
 test-amd64-amd64-xl-qemut-win7-amd64                         fail    
 test-amd64-i386-xl-qemut-win7-amd64                          fail    
 test-amd64-amd64-xl-qemuu-win7-amd64                         fail    
 test-amd64-amd64-xl-win7-amd64                               fail    
 test-amd64-i386-xl-win7-amd64                                fail    
 test-amd64-i386-xl-credit2                                   fail    
 test-amd64-amd64-xl-pcipt-intel                              fail    
 test-amd64-i386-rhel6hvm-intel                               fail    
 test-amd64-i386-qemut-rhel6hvm-intel                         fail    
 test-amd64-i386-qemuu-rhel6hvm-intel                         fail    
 test-amd64-i386-xl-multivcpu                                 fail    
 test-amd64-amd64-pair                                        fail    
 test-amd64-i386-pair                                         fail    
 test-amd64-amd64-xl-sedf-pin                                 fail    
 test-amd64-amd64-pv                                          fail    
 test-amd64-i386-pv                                           fail    
 test-amd64-amd64-xl-sedf                                     fail    
 test-amd64-i386-win-vcpus1                                   fail    
 test-amd64-i386-qemut-win-vcpus1                             fail    
 test-amd64-i386-xl-qemut-win-vcpus1                          fail    
 test-amd64-i386-xl-win-vcpus1                                fail    
 test-amd64-i386-xl-qemut-winxpsp3-vcpus1                     fail    
 test-amd64-i386-xl-winxpsp3-vcpus1                           fail    
 test-amd64-amd64-win                                         fail    
 test-amd64-i386-win                                          fail    
 test-amd64-amd64-qemut-win                                   fail    
 test-amd64-i386-qemut-win                                    fail    
 test-amd64-amd64-xl-qemut-win                                fail    
 test-amd64-amd64-xl-win                                      fail    
 test-amd64-i386-xend-qemut-winxpsp3                          fail    
 test-amd64-amd64-xl-qemut-winxpsp3                           fail    
 test-amd64-amd64-xl-qemuu-winxpsp3                           fail    
 test-amd64-i386-xend-winxpsp3                                fail    
 test-amd64-amd64-xl-winxpsp3                                 fail    


------------------------------------------------------------
sg-report-flight on woking.cam.xci-test.com
logs: /home/xc_osstest/logs
images: /home/xc_osstest/images

Logs, config files, etc. are available at
    http://www.chiark.greenend.org.uk/~xensrcts/logs

Test harness code can be found at
    http://xenbits.xensource.com/gitweb?p=osstest.git;a=summary


Not pushing.

(No revision log; it would be 689 lines long.)

^ permalink raw reply	[flat|nested] only message in thread

only message in thread, other threads:[~2013-01-24 20:23 UTC | newest]

Thread overview: (only message) (download: mbox.gz follow: Atom feed
-- links below jump to the message on this page --
2013-01-24 20:23 [xen-unstable test] 15188: regressions - FAIL xen.org

This is a public inbox, see mirroring instructions
for how to clone and mirror all data and code used for this inbox;
as well as URLs for NNTP newsgroup(s).