From mboxrd@z Thu Jan 1 00:00:00 1970 From: xen.org Subject: [xen-unstable test] 15341: regressions - trouble: broken/fail/pass Date: Mon, 28 Jan 2013 21:18:48 +0000 Message-ID: Mime-Version: 1.0 Content-Type: text/plain; charset="us-ascii" Content-Transfer-Encoding: 7bit Return-path: List-Unsubscribe: , List-Post: List-Help: List-Subscribe: , Sender: xen-devel-bounces@lists.xen.org Errors-To: xen-devel-bounces@lists.xen.org To: xen-devel@lists.xensource.com Cc: ian.jackson@eu.citrix.com List-Id: xen-devel@lists.xenproject.org flight 15341 xen-unstable real [real] http://www.chiark.greenend.org.uk/~xensrcts/logs/15341/ Regressions :-( Tests which did not succeed and are blocking, including tests which could not be run: test-amd64-i386-xl-multivcpu 6 leak-check/basis(6) fail REGR. vs. 15179 test-amd64-i386-qemuu-rhel6hvm-intel 6 leak-check/basis(6) fail REGR. vs. 15179 test-amd64-i386-xl-credit2 6 leak-check/basis(6) fail REGR. vs. 15179 test-amd64-i386-xl 6 leak-check/basis(6) fail REGR. vs. 15179 test-amd64-i386-qemut-rhel6hvm-intel 6 leak-check/basis(6) fail REGR. vs. 15179 test-amd64-i386-rhel6hvm-amd 6 leak-check/basis(6) fail REGR. vs. 15179 test-amd64-i386-qemut-rhel6hvm-amd 6 leak-check/basis(6) fail REGR. vs. 15179 test-amd64-i386-qemuu-rhel6hvm-amd 6 leak-check/basis(6) fail REGR. vs. 15179 test-amd64-amd64-xl 6 leak-check/basis(6) fail REGR. vs. 15179 test-amd64-amd64-pair 10 leak-check/basis/dst_host(10) fail REGR. vs. 15179 test-amd64-amd64-pair 9 leak-check/basis/src_host(9) fail REGR. vs. 15179 test-amd64-i386-xend-winxpsp3 6 leak-check/basis(6) fail REGR. vs. 15179 test-amd64-i386-win 6 leak-check/basis(6) fail REGR. vs. 15179 test-amd64-i386-qemut-win-vcpus1 6 leak-check/basis(6) fail REGR. vs. 15179 test-amd64-amd64-pv 6 leak-check/basis(6) fail REGR. vs. 15179 test-amd64-i386-xl-win-vcpus1 6 leak-check/basis(6) fail REGR. vs. 15179 test-amd64-amd64-xl-qemut-win7-amd64 6 leak-check/basis(6) fail REGR. vs. 15179 test-amd64-amd64-xl-qemuu-winxpsp3 6 leak-check/basis(6) fail REGR. vs. 15179 test-amd64-amd64-xl-win7-amd64 6 leak-check/basis(6) fail REGR. vs. 15179 test-amd64-i386-pv 6 leak-check/basis(6) fail REGR. vs. 15179 test-amd64-amd64-win 6 leak-check/basis(6) fail REGR. vs. 15179 test-amd64-amd64-xl-qemut-winxpsp3 6 leak-check/basis(6) fail REGR. vs. 15179 test-amd64-i386-xl-qemut-win7-amd64 6 leak-check/basis(6) fail REGR. vs. 15179 test-amd64-i386-xl-win7-amd64 6 leak-check/basis(6) fail REGR. vs. 15179 test-amd64-amd64-xl-winxpsp3 6 leak-check/basis(6) fail REGR. vs. 15179 test-amd64-i386-win-vcpus1 6 leak-check/basis(6) fail REGR. vs. 15179 test-amd64-i386-rhel6hvm-intel 6 leak-check/basis(6) fail REGR. vs. 15179 test-amd64-amd64-qemut-win 6 leak-check/basis(6) fail REGR. vs. 15179 test-amd64-i386-pair 9 leak-check/basis/src_host(9) fail REGR. vs. 15179 test-amd64-i386-pair 10 leak-check/basis/dst_host(10) fail REGR. vs. 15179 test-amd64-i386-xend-qemut-winxpsp3 6 leak-check/basis(6) fail REGR. vs. 15179 test-amd64-i386-xl-winxpsp3-vcpus1 6 leak-check/basis(6) fail REGR. vs. 15179 test-amd64-i386-xl-qemut-winxpsp3-vcpus1 6 leak-check/basis(6) fail REGR. vs. 15179 test-amd64-i386-xl-qemut-win-vcpus1 3 host-install(3) broken REGR. vs. 15179 test-amd64-i386-qemut-win 6 leak-check/basis(6) fail REGR. vs. 15179 test-amd64-amd64-xl-win 6 leak-check/basis(6) fail REGR. vs. 15179 test-amd64-amd64-xl-qemuu-win7-amd64 6 leak-check/basis(6) fail REGR. vs. 15179 test-amd64-amd64-xl-qemut-win 3 host-install(3) broken REGR. vs. 15179 Regressions which are regarded as allowable (not blocking): test-amd64-amd64-xl-pcipt-intel 6 leak-check/basis(6) fail REGR. vs. 15179 test-amd64-amd64-xl-sedf 5 xen-boot fail like 15179 test-amd64-amd64-xl-sedf-pin 5 xen-boot fail like 15179 version targeted for testing: xen 6727070b4129 baseline version: xen 5af4f2ab06f3 ------------------------------------------------------------ People who touched revisions under test: Dan Magenheimer Daniel De Graaf Dario Faggioli Dongxiao Xu Ian Campbell Ian Jackson Jan Beulich Jim Fehlig Jun Nakajima Keir Fraser Matt Wilson Razvan Cojocaru Roger Pau Monn? Samuel Thibault Stefano Stabellini Tim Deegan Tomasz Wroblewski Wei Huang ------------------------------------------------------------ jobs: build-amd64 pass build-i386 pass build-amd64-oldkern pass build-i386-oldkern pass build-amd64-pvops pass build-i386-pvops pass test-amd64-amd64-xl broken test-amd64-i386-xl broken test-amd64-i386-rhel6hvm-amd broken test-amd64-i386-qemut-rhel6hvm-amd broken test-amd64-i386-qemuu-rhel6hvm-amd broken test-amd64-amd64-xl-qemut-win7-amd64 broken test-amd64-i386-xl-qemut-win7-amd64 broken test-amd64-amd64-xl-qemuu-win7-amd64 broken test-amd64-amd64-xl-win7-amd64 broken test-amd64-i386-xl-win7-amd64 broken test-amd64-i386-xl-credit2 broken test-amd64-amd64-xl-pcipt-intel broken test-amd64-i386-rhel6hvm-intel broken test-amd64-i386-qemut-rhel6hvm-intel broken test-amd64-i386-qemuu-rhel6hvm-intel broken test-amd64-i386-xl-multivcpu broken test-amd64-amd64-pair broken test-amd64-i386-pair broken test-amd64-amd64-xl-sedf-pin fail test-amd64-amd64-pv broken test-amd64-i386-pv broken test-amd64-amd64-xl-sedf fail test-amd64-i386-win-vcpus1 broken test-amd64-i386-qemut-win-vcpus1 broken test-amd64-i386-xl-qemut-win-vcpus1 broken test-amd64-i386-xl-win-vcpus1 broken test-amd64-i386-xl-qemut-winxpsp3-vcpus1 broken test-amd64-i386-xl-winxpsp3-vcpus1 broken test-amd64-amd64-win broken test-amd64-i386-win broken test-amd64-amd64-qemut-win broken test-amd64-i386-qemut-win broken test-amd64-amd64-xl-qemut-win broken test-amd64-amd64-xl-win broken test-amd64-i386-xend-qemut-winxpsp3 broken test-amd64-amd64-xl-qemut-winxpsp3 broken test-amd64-amd64-xl-qemuu-winxpsp3 broken test-amd64-i386-xend-winxpsp3 broken test-amd64-amd64-xl-winxpsp3 broken ------------------------------------------------------------ sg-report-flight on woking.cam.xci-test.com logs: /home/xc_osstest/logs images: /home/xc_osstest/images Logs, config files, etc. are available at http://www.chiark.greenend.org.uk/~xensrcts/logs Test harness code can be found at http://xenbits.xensource.com/gitweb?p=osstest.git;a=summary Not pushing. (No revision log; it would be 970 lines long.)