* [xen-unstable test] 17286: regressions - FAIL
@ 2013-03-15 16:05 xen.org
0 siblings, 0 replies; only message in thread
From: xen.org @ 2013-03-15 16:05 UTC (permalink / raw)
To: xen-devel; +Cc: ian.jackson
flight 17286 xen-unstable real [real]
http://www.chiark.greenend.org.uk/~xensrcts/logs/17286/
Regressions :-(
Tests which did not succeed and are blocking,
including tests which could not be run:
test-amd64-amd64-pair 12 debian-fixup/dst_host fail REGR. vs. 17284
build-i386 4 xen-build fail REGR. vs. 17284
build-i386-pvops 4 kernel-build fail REGR. vs. 17284
build-i386-oldkern 4 xen-build fail REGR. vs. 17284
Regressions which are regarded as allowable (not blocking):
test-amd64-amd64-xl-sedf 7 debian-install fail like 17284
test-amd64-amd64-xl-sedf-pin 5 xen-boot fail REGR. vs. 17284
Tests which did not succeed, but are not blocking:
test-amd64-amd64-xl-pcipt-intel 9 guest-start fail never pass
test-amd64-i386-rhel6hvm-intel 1 xen-build-check(1) blocked n/a
test-amd64-i386-xl-multivcpu 1 xen-build-check(1) blocked n/a
test-amd64-i386-qemuu-rhel6hvm-intel 1 xen-build-check(1) blocked n/a
test-amd64-i386-qemut-rhel6hvm-intel 1 xen-build-check(1) blocked n/a
test-amd64-i386-qemut-rhel6hvm-amd 1 xen-build-check(1) blocked n/a
test-amd64-i386-xl 1 xen-build-check(1) blocked n/a
test-amd64-i386-xl-credit2 1 xen-build-check(1) blocked n/a
test-amd64-i386-rhel6hvm-amd 1 xen-build-check(1) blocked n/a
test-amd64-i386-qemuu-rhel6hvm-amd 1 xen-build-check(1) blocked n/a
test-amd64-amd64-xl-qemuu-win7-amd64 13 guest-stop fail never pass
test-amd64-amd64-xl-win7-amd64 13 guest-stop fail never pass
test-amd64-i386-pair 1 xen-build-check(1) blocked n/a
test-amd64-i386-xl-win7-amd64 1 xen-build-check(1) blocked n/a
test-amd64-i386-xl-qemut-win7-amd64 1 xen-build-check(1) blocked n/a
test-amd64-amd64-xl-winxpsp3 13 guest-stop fail never pass
test-amd64-amd64-xl-qemut-winxpsp3 13 guest-stop fail never pass
test-amd64-i386-pv 1 xen-build-check(1) blocked n/a
test-amd64-i386-xl-winxpsp3-vcpus1 1 xen-build-check(1) blocked n/a
test-amd64-i386-xl-qemut-winxpsp3-vcpus1 1 xen-build-check(1) blocked n/a
test-amd64-i386-xend-qemut-winxpsp3 1 xen-build-check(1) blocked n/a
test-amd64-i386-xend-winxpsp3 1 xen-build-check(1) blocked n/a
test-amd64-amd64-xl-qemut-win7-amd64 13 guest-stop fail never pass
test-amd64-amd64-xl-qemuu-winxpsp3 13 guest-stop fail never pass
version targeted for testing:
xen 50ae2d0cb625a5c122f27ee69fc2f81479eee33e
baseline version:
xen 37d930430c2f2ef4dedf27deb404d2fe2602c039
------------------------------------------------------------
People who touched revisions under test:
Jan Beulich <jbeulich@suse.com>
Xi Wang <xi@mit.edu>
------------------------------------------------------------
jobs:
build-amd64 pass
build-armhf pass
build-i386 fail
build-amd64-oldkern pass
build-i386-oldkern fail
build-amd64-pvops pass
build-i386-pvops fail
test-amd64-amd64-xl pass
test-amd64-i386-xl blocked
test-amd64-i386-rhel6hvm-amd blocked
test-amd64-i386-qemut-rhel6hvm-amd blocked
test-amd64-i386-qemuu-rhel6hvm-amd blocked
test-amd64-amd64-xl-qemut-win7-amd64 fail
test-amd64-i386-xl-qemut-win7-amd64 blocked
test-amd64-amd64-xl-qemuu-win7-amd64 fail
test-amd64-amd64-xl-win7-amd64 fail
test-amd64-i386-xl-win7-amd64 blocked
test-amd64-i386-xl-credit2 blocked
test-amd64-amd64-xl-pcipt-intel fail
test-amd64-i386-rhel6hvm-intel blocked
test-amd64-i386-qemut-rhel6hvm-intel blocked
test-amd64-i386-qemuu-rhel6hvm-intel blocked
test-amd64-i386-xl-multivcpu blocked
test-amd64-amd64-pair fail
test-amd64-i386-pair blocked
test-amd64-amd64-xl-sedf-pin fail
test-amd64-amd64-pv pass
test-amd64-i386-pv blocked
test-amd64-amd64-xl-sedf fail
test-amd64-i386-xl-qemut-winxpsp3-vcpus1 blocked
test-amd64-i386-xl-winxpsp3-vcpus1 blocked
test-amd64-i386-xend-qemut-winxpsp3 blocked
test-amd64-amd64-xl-qemut-winxpsp3 fail
test-amd64-amd64-xl-qemuu-winxpsp3 fail
test-amd64-i386-xend-winxpsp3 blocked
test-amd64-amd64-xl-winxpsp3 fail
------------------------------------------------------------
sg-report-flight on woking.cam.xci-test.com
logs: /home/xc_osstest/logs
images: /home/xc_osstest/images
Logs, config files, etc. are available at
http://www.chiark.greenend.org.uk/~xensrcts/logs
Test harness code can be found at
http://xenbits.xensource.com/gitweb?p=osstest.git;a=summary
Not pushing.
------------------------------------------------------------
commit 50ae2d0cb625a5c122f27ee69fc2f81479eee33e
Author: Xi Wang <xi@mit.edu>
Date: Fri Mar 15 10:26:17 2013 +0100
x86/mm: avoid undefined behavior in IS_NIL()
Since pointer overflow is undefined behavior in C, some compilers such
as clang optimize away the check !((ptr) + 1) in the macro IS_NIL().
This patch fixes the issue by casting the pointer type to uintptr_t,
the operations of which are well-defined.
Signed-off-by: Xi Wang <xi@mit.edu>
With that, we also need to avoid the overflow in NIL().
Note that either part of the change results in the respective macros to
become unsuitable for use with "void".
Signed-off-by: Jan Beulich <jbeulich@suse.com>
(qemu changes not included)
^ permalink raw reply [flat|nested] only message in thread
only message in thread, other threads:[~2013-03-15 16:05 UTC | newest]
Thread overview: (only message) (download: mbox.gz follow: Atom feed
-- links below jump to the message on this page --
2013-03-15 16:05 [xen-unstable test] 17286: regressions - FAIL xen.org
This is a public inbox, see mirroring instructions
for how to clone and mirror all data and code used for this inbox;
as well as URLs for NNTP newsgroup(s).