From: xen.org <ian.jackson@eu.citrix.com>
To: xen-devel@lists.xensource.com
Cc: ian.jackson@eu.citrix.com
Subject: [xen-unstable test] 17800: regressions - FAIL
Date: Thu, 25 Apr 2013 16:33:17 +0100 [thread overview]
Message-ID: <osstest-17800-mainreport@xen.org> (raw)
[-- Attachment #1: Type: text/plain, Size: 14154 bytes --]
flight 17800 xen-unstable real [real]
http://www.chiark.greenend.org.uk/~xensrcts/logs/17800/
Regressions :-(
Tests which did not succeed and are blocking,
including tests which could not be run:
test-amd64-i386-xl-credit2 15 guest-stop fail REGR. vs. 17791
test-amd64-amd64-xl 15 guest-stop fail REGR. vs. 17791
test-amd64-i386-xl-qemut-winxpsp3-vcpus1 9 guest-localmigrate fail REGR. vs. 17791
test-amd64-i386-xl-qemut-win7-amd64 10 guest-saverestore.2 fail REGR. vs. 17791
test-amd64-amd64-xl-qemut-win7-amd64 12 guest-localmigrate/x10 fail in 17793 REGR. vs. 17791
test-amd64-i386-xl-winxpsp3-vcpus1 12 guest-localmigrate/x10 fail in 17793 REGR. vs. 17791
test-amd64-amd64-xl-qemut-winxpsp3 12 guest-localmigrate/x10 fail in 17792 REGR. vs. 17791
Tests which are failing intermittently (not blocking):
test-amd64-i386-xl-multivcpu 15 guest-stop fail pass in 17793
test-amd64-i386-xl 15 guest-stop fail pass in 17793
test-amd64-amd64-xl-qemut-win7-amd64 10 guest-saverestore.2 fail pass in 17793
test-amd64-i386-xl-win7-amd64 12 guest-localmigrate/x10 fail pass in 17793
test-amd64-amd64-xl-winxpsp3 12 guest-localmigrate/x10 fail pass in 17793
test-amd64-amd64-xl-qemut-winxpsp3 9 guest-localmigrate fail pass in 17792
test-amd64-i386-xl-winxpsp3-vcpus1 7 windows-install fail pass in 17793
test-amd64-amd64-xl-qemuu-win7-amd64 8 guest-saverestore fail pass in 17792
test-amd64-i386-qemuu-rhel6hvm-intel 9 guest-start.2 fail in 17793 pass in 17800
test-amd64-i386-xl-credit2 14 guest-localmigrate/x10 fail in 17793 pass in 17800
test-amd64-i386-qemut-rhel6hvm-intel 7 redhat-install fail in 17793 pass in 17800
test-amd64-amd64-xl-sedf 12 guest-saverestore.2 fail in 17793 pass in 17800
test-amd64-amd64-xl-sedf-pin 15 guest-stop fail in 17793 pass in 17800
test-amd64-i386-qemuu-rhel6hvm-amd 7 redhat-install fail in 17793 pass in 17800
test-amd64-amd64-xl-win7-amd64 12 guest-localmigrate/x10 fail in 17793 pass in 17800
test-amd64-i386-xl-qemut-win7-amd64 7 windows-install fail in 17793 pass in 17800
test-amd64-amd64-xl-sedf 14 guest-localmigrate/x10 fail in 17792 pass in 17800
test-amd64-amd64-xl-sedf-pin 14 guest-localmigrate/x10 fail in 17792 pass in 17800
test-amd64-amd64-xl-qemut-win7-amd64 7 windows-install fail in 17792 pass in 17800
test-amd64-amd64-xl-qemuu-winxpsp3 11 guest-localmigrate.2 fail in 17792 pass in 17800
test-amd64-i386-xl-win7-amd64 7 windows-install fail in 17792 pass in 17800
test-amd64-i386-xl-qemut-winxpsp3-vcpus1 7 windows-install fail in 17792 pass in 17800
test-amd64-i386-xl-qemut-win7-amd64 8 guest-saverestore fail in 17792 pass in 17800
Regressions which are regarded as allowable (not blocking):
test-amd64-amd64-xl-sedf 15 guest-stop fail REGR. vs. 17791
Tests which did not succeed, but are not blocking:
test-amd64-amd64-xl-pcipt-intel 9 guest-start fail never pass
test-amd64-i386-xend-winxpsp3 16 leak-check/check fail never pass
test-amd64-amd64-xl-qemuu-winxpsp3 13 guest-stop fail never pass
test-amd64-amd64-xl-win7-amd64 13 guest-stop fail never pass
test-amd64-i386-xend-qemut-winxpsp3 16 leak-check/check fail never pass
test-amd64-i386-xl-win7-amd64 13 guest-stop fail in 17793 never pass
test-amd64-amd64-xl-winxpsp3 13 guest-stop fail in 17793 never pass
test-amd64-amd64-xl-qemuu-win7-amd64 13 guest-stop fail in 17792 never pass
version targeted for testing:
xen 66425df7ce61865f94506ba57b2ab47a2ba18e41
baseline version:
xen 6e96c186d23873597896051b043cfeb119c4a7d5
------------------------------------------------------------
People who touched revisions under test:
Bastian Blank <waldi@debian.org>
Christoph Egger <chegger@amazon.de>
David Scott <dave.scott@eu.citrix.com>
Ian Campbell <ian.campbell@citrix.com>
Ian Jackson <ian.jackson@eu.citrix.com>
Jan Beulich <jbeulich@suse.com>
Roger Pau Monné <roger.pau@citrix.com>
Stefano Stabellini <stefano.stabellini@eu.citrix.com>
Tim Deegan <tim@xen.org>
------------------------------------------------------------
jobs:
build-amd64 pass
build-armhf pass
build-i386 pass
build-amd64-oldkern pass
build-i386-oldkern pass
build-amd64-pvops pass
build-i386-pvops pass
test-amd64-amd64-xl fail
test-amd64-i386-xl fail
test-amd64-i386-rhel6hvm-amd pass
test-amd64-i386-qemut-rhel6hvm-amd pass
test-amd64-i386-qemuu-rhel6hvm-amd pass
test-amd64-amd64-xl-qemut-win7-amd64 fail
test-amd64-i386-xl-qemut-win7-amd64 fail
test-amd64-amd64-xl-qemuu-win7-amd64 fail
test-amd64-amd64-xl-win7-amd64 fail
test-amd64-i386-xl-win7-amd64 fail
test-amd64-i386-xl-credit2 fail
test-amd64-amd64-xl-pcipt-intel fail
test-amd64-i386-rhel6hvm-intel pass
test-amd64-i386-qemut-rhel6hvm-intel pass
test-amd64-i386-qemuu-rhel6hvm-intel pass
test-amd64-i386-xl-multivcpu fail
test-amd64-amd64-pair pass
test-amd64-i386-pair pass
test-amd64-amd64-xl-sedf-pin pass
test-amd64-amd64-pv pass
test-amd64-i386-pv pass
test-amd64-amd64-xl-sedf fail
test-amd64-i386-xl-qemut-winxpsp3-vcpus1 fail
test-amd64-i386-xl-winxpsp3-vcpus1 fail
test-amd64-i386-xend-qemut-winxpsp3 fail
test-amd64-amd64-xl-qemut-winxpsp3 fail
test-amd64-amd64-xl-qemuu-winxpsp3 fail
test-amd64-i386-xend-winxpsp3 fail
test-amd64-amd64-xl-winxpsp3 fail
------------------------------------------------------------
sg-report-flight on woking.cam.xci-test.com
logs: /home/xc_osstest/logs
images: /home/xc_osstest/images
Logs, config files, etc. are available at
http://www.chiark.greenend.org.uk/~xensrcts/logs
Test harness code can be found at
http://xenbits.xensource.com/gitweb?p=osstest.git;a=summary
Not pushing.
------------------------------------------------------------
commit 66425df7ce61865f94506ba57b2ab47a2ba18e41
Author: Ian Campbell <ian.campbell@citrix.com>
Date: Fri Apr 12 13:13:26 2013 +0000
xenctx: Support arm64 and actually implement output for 32 and 64 bit
A bit basic and fuggly but a start.
Signed-off-by: Ian Campbell <ian.campbell@citrix.com>
Acked-by: Ian Jackson <ian.jackson@eu.citrix.com>
commit d6e3147026e5864d297d19ca1725d81d9d18bc35
Author: Ian Campbell <ian.campbell@citrix.com>
Date: Fri Apr 12 13:13:25 2013 +0000
xenctx: remove trailing whitespace
Signed-off-by: Ian Campbell <ian.campbell@citrix.com>
Acked-by: Ian Jackson <ian.jackson@eu.citrix.com>
commit 91610ea67499168514b906616a7b7dacbcff4416
Author: Ian Campbell <ian.campbell@citrix.com>
Date: Fri Apr 12 13:13:24 2013 +0000
xenctx: remove remnants of ia64 support
Signed-off-by: Ian Campbell <ian.campbell@citrix.com>
Acked-by: Jan Beulich <jbeulich@suse.com>
Acked-by: Ian Jackson <ian.jackson@eu.citrix.com>
commit 5a07cc93810b74d0c5e5c52df795da2ff044dc83
Author: Ian Campbell <ian.campbell@citrix.com>
Date: Fri Apr 12 13:13:23 2013 +0000
arm: mark vcpus as initialised when they have been
I noticed this because XEN_DOMCTL_getvcpucontext won't return anything for a
VCPU which isn't initialised.
Signed-off-by: Ian Campbell <ian.campbell@citrix.com>
Acked-by: Stefano Stabellini <stefano.stabellini@eu.citrix.com>
commit 85ef8aebdecad8e5d211bb012595d5a89b172585
Author: Ian Campbell <ian.campbell@citrix.com>
Date: Wed Apr 24 11:54:01 2013 +0100
arm: allocate per-PCPU domheap pagetable pages
the domheap mappings are supposed to be per-PCPU. Therefore xen_pgtable
becomes a per-PCPU variable and we allocate and setup the page tables for each
secondary PCPU just before we tell it to come up.
Each secondary PCPU starts out on the boot page table but switches to its own
page tables ASAP.
The boot PCPU uses the boot pagetables as its own.
Signed-off-by: Ian Campbell <ian.campbell@citrix.com>
Acked-by: TIm Deegan <tim@xen.org>
commit 865aa5dbe739a36af7b543fbe332cb94fc57343b
Author: Ian Campbell <ian.campbell@citrix.com>
Date: Wed Apr 24 11:54:00 2013 +0100
arm: add build time asserts for various virtual address aligment constraints
Signed-off-by: Ian Campbell <ian.campbell@citrix.com>
Acked-by: Tim Deegan <tim@xen.org>
commit 683425823cf8c610127dffeaa7cd44bc700e1ff4
Author: Ian Campbell <ian.campbell@citrix.com>
Date: Wed Apr 24 11:53:59 2013 +0100
arm: parenthesise argument to *_linear_offset macros
Signed-off-by: Ian Campbell <ian.campbell@citrix.com>
Acked-by: Tim Deegan <tim@xen.org>
commit b4feab57f0e740df7f04cf71b334a5bdd5d52fbc
Author: Ian Campbell <ian.campbell@citrix.com>
Date: Wed Apr 24 11:53:58 2013 +0100
xen: arm: rename xen_pgtable to boot_pgtable
The intention is that in a subsequent patch each PCPU will have its own
pagetables and that xen_pgtable will become a per-cpu variable. The boot
pagetables will become the boot cpu's pagetables.
For now leave a #define in place for those places which semantically do mean
xen_pgtable and not boot_pgtable.
Signed-off-by: Ian Campbell <ian.campbell@citrix.com>
Acked-by: Tim Deegan <tim@xen.org>
commit 0a97f6856d0594b7a95ffce4964d868bd93412dd
Author: Egger Christoph <chegger@amazon.de>
Date: Mon Apr 22 13:47:42 2013 +0200
install qemu into the location specified via configure --prefix.
Install qemu into the location specified via configure --prefix.
You will notice when you use something else than /usr/local.
Signed-off-by: Christoph Egger <chegger@amazon.de>
Acked-by: Ian Campbell <ian.campbell@citrix.com>
commit f5de6ffdff7ae3c1eed09fcd8c5f1d7c9229bafb
Author: Christoph Egger <chegger@amazon.de>
Date: Wed Apr 24 12:19:31 2013 +0100
tools/pygrub: Fix install when $(BINDIR) and $(PRIVATE_BINDIR) are the same
Do not override pygrub with a symbolic link in this case.
Signed-off-by: Christoph Egger <chegger@amazon.de>
Reviewed-by: Matt Wilson <msw@amazon.com>
Acked-by: Ian Campbell <ian.campbell@citrix.com>
[ ijc -- reworded summary to fit on one line ]
commit d6d33360662d87d3e456e4618a3eafd38db5b09c
Author: Christoph Egger <chegger@amazon.de>
Date: Mon Apr 22 13:59:14 2013 +0200
tools/xenbackendd: make 'gmake clean' properly cleaning
tools/xenbackendd: properly cleanup
Do not leave builds on gmake clean.
Signed-off-by: Christoph Egger <chegger@amazon.de>
Reviewed-by: Matt Wilson <msw@amazon.com>
Acked-by: Ian Campbell <ian.campbell@citrix.com>
commit a8a1f236a2964506a22d1779648d8e1c8668cb1a
Author: David Scott <dave.scott@eu.citrix.com>
Date: Tue Apr 23 10:59:26 2013 +0100
libxl: Only call stat() when adding a disk if we expect a device to exist.
We consider calling stat() a helpful error check in the following
circumstances only:
1. the disk backend type must be PHYsical
2. the disk backend domain must be the same as the running libxl
code (ie LIBXL_TOOLSTACK_DOMID)
3. there must not be a hotplug script because this would imply that
the device won't be created until after the hotplug script has
run.
With this fix, it is possible to use qemu's built-in block drivers
such as ceph/rbd, with a xl config disk spec like this:
disk=[ 'backendtype=qdisk,format=raw,vdev=hda,access=rw,target=rbd:rbd/ubuntu1204.img' ]
Signed-off-by: David Scott <dave.scott@eu.citrix.com>
Acked-by: Ian Campbell <ian.campbell@citrix.com>
Acked-by: Roger Pau Monné <roger.pau@citrix.com>
commit 3051bdedc3ef82eb5f14978823dec00784d69d0e
Author: Ian Campbell <ian.campbell@citrix.com>
Date: Tue Apr 23 11:00:57 2013 +0100
hotplug: add openvswitch script
Based on Waldi's RFC at
http://lists.xen.org/archives/html/xen-devel/2012-09/msg00943.html
To use it set vif.default.script="vif-openvswitch" in /etc/xen/xl.conf or use
script=vif-openvswitch in the vif configuration.
Appears to do the right thing for PV and HVM guests (including tap devices)
and with stubdomains.
In order to support VLAN tagging and trunking the "bridge" specified in the
configuration can have a special syntax, that is:
BRIDGE_NAME[.VLAN][:TRUNK:TRUNK]
e.g.
- xenbr0.99
add the VIF to VLAN99 on xenbr0
- xenbr0:99:100:101
add the VIF to xenbr0 as a trunk port receiving VLANs 99, 100 & 101
Signed-off-by: Ian Campbell <ian.campbell@citrix.com>
Signed-off-by: Bastian Blank <waldi@debian.org>
Acked-by: Roger Pau Monné <roger.pau@citrix.com>
Cc: dev@openvswitch.org
(qemu changes not included)
[-- Attachment #2: Type: text/plain, Size: 126 bytes --]
_______________________________________________
Xen-devel mailing list
Xen-devel@lists.xen.org
http://lists.xen.org/xen-devel
reply other threads:[~2013-04-25 15:33 UTC|newest]
Thread overview: [no followups] expand[flat|nested] mbox.gz Atom feed
Reply instructions:
You may reply publicly to this message via plain-text email
using any one of the following methods:
* Save the following mbox file, import it into your mail client,
and reply-to-all from there: mbox
Avoid top-posting and favor interleaved quoting:
https://en.wikipedia.org/wiki/Posting_style#Interleaved_style
* Reply using the --to, --cc, and --in-reply-to
switches of git-send-email(1):
git send-email \
--in-reply-to=osstest-17800-mainreport@xen.org \
--to=ian.jackson@eu.citrix.com \
--cc=xen-devel@lists.xensource.com \
/path/to/YOUR_REPLY
https://kernel.org/pub/software/scm/git/docs/git-send-email.html
* If your mail client supports setting the In-Reply-To header
via mailto: links, try the mailto: link
Be sure your reply has a Subject: header at the top and a blank line
before the message body.
This is a public inbox, see mirroring instructions
for how to clone and mirror all data and code used for this inbox;
as well as URLs for NNTP newsgroup(s).