From mboxrd@z Thu Jan 1 00:00:00 1970 From: xen.org Subject: [qemu-upstream-unstable test] 18079: tolerable FAIL - PUSHED Date: Tue, 4 Jun 2013 21:10:50 +0100 Message-ID: Mime-Version: 1.0 Content-Type: multipart/mixed; boundary="===============4288912210019926800==" Return-path: List-Unsubscribe: , List-Post: List-Help: List-Subscribe: , Sender: xen-devel-bounces@lists.xen.org Errors-To: xen-devel-bounces@lists.xen.org To: xen-devel@lists.xensource.com Cc: ian.jackson@eu.citrix.com List-Id: xen-devel@lists.xenproject.org --===============4288912210019926800== Content-Type: text/plain flight 18079 qemu-upstream-unstable real [real] http://www.chiark.greenend.org.uk/~xensrcts/logs/18079/ Failures :-/ but no regressions. Tests which did not succeed, but are not blocking: test-amd64-amd64-xl-qemuu-win7-amd64 13 guest-stop fail never pass test-amd64-i386-xl-qemuu-winxpsp3-vcpus1 13 guest-stop fail never pass test-amd64-i386-xend-qemuu-winxpsp3 16 leak-check/check fail never pass test-amd64-i386-xl-qemuu-win7-amd64 13 guest-stop fail never pass test-amd64-amd64-xl-qemuu-winxpsp3 13 guest-stop fail never pass version targeted for testing: qemuu dc89442fbf098e9846423b907046b7a063532f07 baseline version: qemuu e2155ddd22fe4378030cbbdbbb089a6fa2f3ad44 ------------------------------------------------------------ People who touched revisions under test: Alex Williamson Anthony Liguori Aurelien Jarno Blue Swirl Brad Smith David Gibson Gerd Hoffmann Juan Quintela Kevin Wolf Markus Armbruster Max Filippov Michael Contreras Michael Roth Michael S. Tsirkin Paolo Bonzini Petar Jovanovic Peter Maydell Roger Pau Monné Sander Eikelenboom Stefan Hajnoczi Stefano Stabellini Uri Lublin ------------------------------------------------------------ jobs: build-amd64 pass build-armhf pass build-i386 pass build-amd64-oldkern pass build-i386-oldkern pass build-amd64-pvops pass build-i386-pvops pass test-amd64-i386-qemuu-rhel6hvm-amd pass test-amd64-amd64-xl-qemuu-win7-amd64 fail test-amd64-i386-xl-qemuu-win7-amd64 fail test-amd64-i386-qemuu-rhel6hvm-intel pass test-amd64-i386-xl-qemuu-winxpsp3-vcpus1 fail test-amd64-i386-xend-qemuu-winxpsp3 fail test-amd64-amd64-xl-qemuu-winxpsp3 fail ------------------------------------------------------------ sg-report-flight on woking.cam.xci-test.com logs: /home/xc_osstest/logs images: /home/xc_osstest/images Logs, config files, etc. are available at http://www.chiark.greenend.org.uk/~xensrcts/logs Test harness code can be found at http://xenbits.xensource.com/gitweb?p=osstest.git;a=summary Pushing revision : + branch=qemu-upstream-unstable + revision=dc89442fbf098e9846423b907046b7a063532f07 + . cri-lock-repos ++ . cri-common +++ . cri-getconfig +++ umask 002 +++ getconfig Repos +++ perl -e ' use Osstest; readglobalconfig(); print $c{"Repos"} or die $!; ' ++ repos=/export/home/osstest/repos ++ repos_lock=/export/home/osstest/repos/lock ++ '[' x '!=' x/export/home/osstest/repos/lock ']' ++ OSSTEST_REPOS_LOCK_LOCKED=/export/home/osstest/repos/lock ++ exec with-lock-ex -w /export/home/osstest/repos/lock ./ap-push qemu-upstream-unstable dc89442fbf098e9846423b907046b7a063532f07 + branch=qemu-upstream-unstable + revision=dc89442fbf098e9846423b907046b7a063532f07 + . cri-lock-repos ++ . cri-common +++ . cri-getconfig +++ umask 002 +++ getconfig Repos +++ perl -e ' use Osstest; readglobalconfig(); print $c{"Repos"} or die $!; ' ++ repos=/export/home/osstest/repos ++ repos_lock=/export/home/osstest/repos/lock ++ '[' x/export/home/osstest/repos/lock '!=' x/export/home/osstest/repos/lock ']' + . cri-common ++ . cri-getconfig ++ umask 002 + select_xenbranch + case "$branch" in + tree=qemuu + xenbranch=xen-unstable + '[' xqemuu = xlinux ']' + linuxbranch=linux + : master + : tested/2.6.39.x + . ap-common ++ : osstest@xenbits.xensource.com ++ : git://xenbits.xen.org/xen.git ++ : osstest@xenbits.xensource.com:/home/xen/git/xen.git ++ : git://xenbits.xen.org/staging/qemu-xen-unstable.git ++ : git://git.kernel.org ++ : git://git.kernel.org/pub/scm/linux/kernel/git ++ : git ++ : git://xenbits.xen.org/linux-pvops.git ++ : master ++ : git://xenbits.xen.org/osstest/linux-firmware.git ++ : osstest@xenbits.xensource.com:/home/osstest/ext/linux-firmware.git ++ : git://git.kernel.org/pub/scm/linux/kernel/git/firmware/linux-firmware.git ++ : osstest@xenbits.xensource.com:/home/xen/git/linux-pvops.git ++ : git://xenbits.xen.org/linux-pvops.git ++ : master ++ : git://git.kernel.org/pub/scm/linux/kernel/git/konrad/xen.git ++ : tested/2.6.39.x ++ : daily-cron.qemu-upstream-unstable ++ : daily-cron.qemu-upstream-unstable ++ : http://hg.uk.xensource.com/carbon/trunk/linux-2.6.27 ++ : git://xenbits.xen.org/staging/qemu-upstream-unstable.git ++ : daily-cron.qemu-upstream-unstable + TREE_LINUX=osstest@xenbits.xensource.com:/home/xen/git/linux-pvops.git + TREE_QEMU_UPSTREAM=osstest@xenbits.xensource.com:/home/xen/git/qemu-upstream-unstable.git + TREE_XEN=osstest@xenbits.xensource.com:/home/xen/git/xen.git + info_linux_tree qemu-upstream-unstable + case $1 in + return 1 + case "$branch" in + cd /export/home/osstest/repos/qemu-upstream-unstable + git push osstest@xenbits.xensource.com:/home/xen/git/qemu-upstream-unstable.git dc89442fbf098e9846423b907046b7a063532f07:master Counting objects: 1 Counting objects: 3 Counting objects: 9 Counting objects: 16 Counting objects: 22 Counting objects: 59 Counting objects: 120 Counting objects: 151 Counting objects: 193, done. Compressing objects: 2% (1/35) Compressing objects: 5% (2/35) Compressing objects: 8% (3/35) Compressing objects: 11% (4/35) Compressing objects: 14% (5/35) Compressing objects: 17% (6/35) Compressing objects: 20% (7/35) Compressing objects: 22% (8/35) Compressing objects: 25% (9/35) Compressing objects: 28% (10/35) Compressing objects: 31% (11/35) Compressing objects: 34% (12/35) Compressing objects: 37% (13/35) Compressing objects: 40% (14/35) Compressing objects: 42% (15/35) Compressing objects: 45% (16/35) Compressing objects: 48% (17/35) Compressing objects: 51% (18/35) Compressing objects: 54% (19/35) Compressing objects: 57% (20/35) Compressing objects: 60% (21/35) Compressing objects: 62% (22/35) Compressing objects: 65% (23/35) Compressing objects: 68% (24/35) Compressing objects: 71% (25/35) Compressing objects: 74% (26/35) Compressing objects: 77% (27/35) Compressing objects: 80% (28/35) Compressing objects: 82% (29/35) Compressing objects: 85% (30/35) Compressing objects: 88% (31/35) Compressing objects: 91% (32/35) Compressing objects: 94% (33/35) Compressing objects: 97% (34/35) Compressing objects: 100% (35/35) Compressing objects: 100% (35/35), done. Writing objects: 0% (1/142) Writing objects: 1% (2/142) Writing objects: 2% (3/142) Writing objects: 3% (5/142) Writing objects: 4% (6/142) Writing objects: 5% (8/142) Writing objects: 6% (9/142) Writing objects: 7% (10/142) Writing objects: 8% (12/142) Writing objects: 9% (13/142) Writing objects: 10% (15/142) Writing objects: 11% (16/142) Writing objects: 12% (18/142) Writing objects: 13% (19/142) Writing objects: 14% (20/142) Writing objects: 15% (22/142) Writing objects: 16% (23/142) Writing objects: 17% (25/142) Writing objects: 18% (26/142) Writing objects: 19% (27/142) Writing objects: 20% (29/142) Writing objects: 21% (30/142) Writing objects: 22% (32/142) Writing objects: 23% (33/142) Writing objects: 24% (35/142) Writing objects: 25% (36/142) Writing objects: 26% (37/142) Writing objects: 27% (39/142) Writing objects: 28% (40/142) Writing objects: 29% (42/142) Writing objects: 30% (43/142) Writing objects: 31% (45/142) Writing objects: 32% (46/142) Writing objects: 33% (47/142) Writing objects: 34% (49/142) Writing objects: 35% (51/142) Writing objects: 36% (52/142) Writing objects: 37% (53/142) Writing objects: 38% (54/142) Writing objects: 40% (57/142) Writing objects: 41% (59/142) Writing objects: 42% (60/142) Writing objects: 43% (62/142) Writing objects: 44% (63/142) Writing objects: 45% (64/142) Writing objects: 46% (66/142) Writing objects: 47% (67/142) Writing objects: 48% (69/142) Writing objects: 49% (70/142) Writing objects: 50% (71/142) Writing objects: 51% (73/142) Writing objects: 52% (74/142) Writing objects: 53% (76/142) Writing objects: 54% (77/142) Writing objects: 55% (79/142) Writing objects: 56% (80/142) Writing objects: 57% (81/142) Writing objects: 58% (83/142) Writing objects: 59% (84/142) Writing objects: 60% (86/142) Writing objects: 61% (87/142) Writing objects: 62% (89/142) Writing objects: 63% (90/142) Writing objects: 64% (91/142) Writing objects: 65% (93/142) Writing objects: 66% (94/142) Writing objects: 67% (96/142) Writing objects: 68% (97/142) Writing objects: 69% (98/142) Writing objects: 70% (100/142) Writing objects: 71% (101/142) Writing objects: 72% (103/142) Writing objects: 73% (104/142) Writing objects: 74% (106/142) Writing objects: 75% (107/142) Writing objects: 76% (108/142) Writing objects: 77% (110/142) Writing objects: 78% (111/142) Writing objects: 79% (113/142) Writing objects: 80% (114/142) Writing objects: 81% (116/142) Writing objects: 82% (117/142) Writing objects: 83% (118/142) Writing objects: 84% (120/142) Writing objects: 85% (121/142) Writing objects: 86% (123/142) Writing objects: 87% (124/142) Writing objects: 88% (125/142) Writing objects: 89% (127/142) Writing objects: 90% (128/142) Writing objects: 91% (130/142) Writing objects: 92% (131/142) Writing objects: 93% (133/142) Writing objects: 94% (134/142) Writing objects: 95% (135/142) Writing objects: 96% (137/142) Writing objects: 97% (138/142) Writing objects: 98% (140/142) Writing objects: 99% (141/142) Writing objects: 100% (142/142) Writing objects: 100% (142/142), 130.62 KiB, done. Total 142 (delta 106), reused 142 (delta 106) To osstest@xenbits.xensource.com:/home/xen/git/qemu-upstream-unstable.git e2155dd..dc89442 dc89442fbf098e9846423b907046b7a063532f07 -> master --===============4288912210019926800== Content-Type: text/plain; charset="us-ascii" MIME-Version: 1.0 Content-Transfer-Encoding: 7bit Content-Disposition: inline _______________________________________________ Xen-devel mailing list Xen-devel@lists.xen.org http://lists.xen.org/xen-devel --===============4288912210019926800==--