* [xen-unstable test] 18166: regressions - FAIL
@ 2013-06-18 23:54 xen.org
0 siblings, 0 replies; only message in thread
From: xen.org @ 2013-06-18 23:54 UTC (permalink / raw)
To: xen-devel; +Cc: ian.jackson
flight 18166 xen-unstable real [real]
http://www.chiark.greenend.org.uk/~xensrcts/logs/18166/
Regressions :-(
Tests which did not succeed and are blocking,
including tests which could not be run:
test-amd64-amd64-xl-qemuu-winxpsp3 8 guest-saverestore fail REGR. vs. 18154
Regressions which are regarded as allowable (not blocking):
test-amd64-amd64-xl-sedf-pin 11 guest-localmigrate fail REGR. vs. 18154
Tests which did not succeed, but are not blocking:
test-amd64-amd64-xl-pcipt-intel 9 guest-start fail never pass
test-amd64-i386-xend-winxpsp3 16 leak-check/check fail never pass
test-amd64-amd64-xl-qemut-win7-amd64 13 guest-stop fail never pass
test-amd64-amd64-xl-qemuu-win7-amd64 13 guest-stop fail never pass
test-amd64-amd64-xl-win7-amd64 13 guest-stop fail never pass
test-amd64-i386-xl-qemut-win7-amd64 13 guest-stop fail never pass
test-amd64-amd64-xl-winxpsp3 13 guest-stop fail never pass
test-amd64-amd64-xl-qemut-winxpsp3 13 guest-stop fail never pass
test-amd64-i386-xl-win7-amd64 13 guest-stop fail never pass
test-amd64-i386-xl-winxpsp3-vcpus1 13 guest-stop fail never pass
test-amd64-i386-xl-qemut-winxpsp3-vcpus1 13 guest-stop fail never pass
test-amd64-i386-xend-qemut-winxpsp3 16 leak-check/check fail never pass
version targeted for testing:
xen 8ee5e399c16c3343faed13bdfd4be95c12f429eb
baseline version:
xen b03165b4edf7fe2a441844e11bd2cba0653281f9
------------------------------------------------------------
People who touched revisions under test:
Jan Beulich <jbeulich@suse.com>
Suravee Suthikulpanit <suravee.suthikulpanit@amd.com>
------------------------------------------------------------
jobs:
build-amd64 pass
build-armhf pass
build-i386 pass
build-amd64-oldkern pass
build-i386-oldkern pass
build-amd64-pvops pass
build-i386-pvops pass
test-amd64-amd64-xl pass
test-amd64-i386-xl pass
test-amd64-i386-rhel6hvm-amd pass
test-amd64-i386-qemut-rhel6hvm-amd pass
test-amd64-i386-qemuu-rhel6hvm-amd pass
test-amd64-amd64-xl-qemut-win7-amd64 fail
test-amd64-i386-xl-qemut-win7-amd64 fail
test-amd64-amd64-xl-qemuu-win7-amd64 fail
test-amd64-amd64-xl-win7-amd64 fail
test-amd64-i386-xl-win7-amd64 fail
test-amd64-i386-xl-credit2 pass
test-amd64-amd64-xl-pcipt-intel fail
test-amd64-i386-rhel6hvm-intel pass
test-amd64-i386-qemut-rhel6hvm-intel pass
test-amd64-i386-qemuu-rhel6hvm-intel pass
test-amd64-i386-xl-multivcpu pass
test-amd64-amd64-pair pass
test-amd64-i386-pair pass
test-amd64-amd64-xl-sedf-pin fail
test-amd64-amd64-pv pass
test-amd64-i386-pv pass
test-amd64-amd64-xl-sedf pass
test-amd64-i386-xl-qemut-winxpsp3-vcpus1 fail
test-amd64-i386-xl-winxpsp3-vcpus1 fail
test-amd64-i386-xend-qemut-winxpsp3 fail
test-amd64-amd64-xl-qemut-winxpsp3 fail
test-amd64-amd64-xl-qemuu-winxpsp3 fail
test-amd64-i386-xend-winxpsp3 fail
test-amd64-amd64-xl-winxpsp3 fail
------------------------------------------------------------
sg-report-flight on woking.cam.xci-test.com
logs: /home/xc_osstest/logs
images: /home/xc_osstest/images
Logs, config files, etc. are available at
http://www.chiark.greenend.org.uk/~xensrcts/logs
Test harness code can be found at
http://xenbits.xensource.com/gitweb?p=osstest.git;a=summary
Not pushing.
------------------------------------------------------------
commit 8ee5e399c16c3343faed13bdfd4be95c12f429eb
Author: Ian Jackson <ian.jackson@eu.citrix.com>
Date: Mon Jun 17 17:41:25 2013 +0100
QEMU_TAG update
commit 7a89f62dddee14808a865b88c7bbe2b6da8701e0
Author: Jan Beulich <jbeulich@suse.com>
Date: Mon Jun 17 10:30:57 2013 +0200
AMD IOMMU: make interrupt work again
Commit 899110e3 ("AMD IOMMU: include IOMMU interrupt information in 'M'
debug key output") made the AMD IOMMU MSI setup code use more of the
generic MSI setup code (as other than for VT-d this is an ordinary MSI-
capable PCI device), but failed to notice that till now interrupt setup
there _required_ the subsequent affinity setup to be done, as that was
the only point where the MSI message would get written. The generic MSI
affinity setting routine, however, does only an incremental change,
i.e. relies on this setup to have been done before.
In order to not make the code even more clumsy, introduce a new low
level helper routine __setup_msi_irq(), thus eliminating the need for
the AMD IOMMU code to directly fiddle with the IRQ descriptor.
Reported-by: Suravee Suthikulanit <suravee.suthikulpanit@amd.com>
Signed-off-by: Jan Beulich <jbeulich@suse.com>
Tested-by: Suravee Suthikulpanit <suravee.suthikulpanit@amd.com>
Acked-by: Suravee Suthikulpanit <suravee.suthikulpanit@amd.com>
(qemu changes not included)
^ permalink raw reply [flat|nested] only message in thread
only message in thread, other threads:[~2013-06-18 23:54 UTC | newest]
Thread overview: (only message) (download: mbox.gz follow: Atom feed
-- links below jump to the message on this page --
2013-06-18 23:54 [xen-unstable test] 18166: regressions - FAIL xen.org
This is a public inbox, see mirroring instructions
for how to clone and mirror all data and code used for this inbox;
as well as URLs for NNTP newsgroup(s).