From mboxrd@z Thu Jan 1 00:00:00 1970 From: xen.org Subject: [linux-linus test] 18171: regressions - FAIL Date: Wed, 19 Jun 2013 16:52:58 +0100 Message-ID: Mime-Version: 1.0 Content-Type: multipart/mixed; boundary="===============8379110162093422597==" Return-path: List-Unsubscribe: , List-Post: List-Help: List-Subscribe: , Sender: xen-devel-bounces@lists.xen.org Errors-To: xen-devel-bounces@lists.xen.org To: xen-devel@lists.xensource.com Cc: ian.jackson@eu.citrix.com List-Id: xen-devel@lists.xenproject.org --===============8379110162093422597== Content-Type: text/plain flight 18171 linux-linus real [real] http://www.chiark.greenend.org.uk/~xensrcts/logs/18171/ Regressions :-( Tests which did not succeed and are blocking, including tests which could not be run: test-amd64-i386-rhel6hvm-amd 7 redhat-install fail REGR. vs. 12557 test-amd64-i386-pair 17 guest-migrate/src_host/dst_host fail REGR. vs. 12557 test-amd64-amd64-xl-winxpsp3 8 guest-saverestore fail REGR. vs. 12557 Regressions which are regarded as allowable (not blocking): test-amd64-i386-qemuu-rhel6hvm-amd 7 redhat-install fail like 12557 test-amd64-i386-qemut-rhel6hvm-amd 5 xen-boot fail blocked in 12557 test-amd64-i386-pv 7 debian-install fail blocked in 12557 Tests which did not succeed, but are not blocking: test-amd64-amd64-xl-pcipt-intel 9 guest-start fail never pass test-amd64-i386-xl-qemut-win7-amd64 13 guest-stop fail never pass test-amd64-i386-xl-win7-amd64 13 guest-stop fail never pass test-amd64-amd64-xl-qemut-win7-amd64 13 guest-stop fail never pass test-amd64-amd64-xl-win7-amd64 13 guest-stop fail never pass test-amd64-amd64-xl-qemuu-win7-amd64 13 guest-stop fail never pass test-amd64-i386-xend-qemut-winxpsp3 16 leak-check/check fail never pass test-amd64-i386-xl-winxpsp3-vcpus1 13 guest-stop fail never pass test-amd64-amd64-xl-qemut-winxpsp3 13 guest-stop fail never pass test-amd64-i386-xl-qemut-winxpsp3-vcpus1 13 guest-stop fail never pass test-amd64-i386-xend-winxpsp3 16 leak-check/check fail never pass test-amd64-amd64-xl-qemuu-winxpsp3 13 guest-stop fail never pass version targeted for testing: linux 17858ca65eef148d335ffd4cfc09228a1c1cbfb5 baseline version: linux c16fa4f2ad19908a47c63d8fa436a1178438c7e7 ------------------------------------------------------------ People who touched revisions under test: "Aneesh Kumar K.V" "David S. Miller" "Eric W. Biederman" "G.Shark Jeong" "Guillermo A. Amaral B." "H. Peter Anvin" "H.J. Lu" "Hans J. Koch" "Heasley, Seth" "Huang, Adrian (ISS Linux TW)" "J. Bruce Fields" "John Greene" "Junchang(Jason) Wang" "K. Y. Srinivasan" "Lad, Prabhakar" "Luck, Tony" "Luis R. Rodriguez" "Martin K. Petersen" "Myklebust, Trond" "Nandigama, Nagalakshmi" "Pandruvada, Srinivas" "Pavel V. Panteleev" "Purushothaman, Vijay A" "R, Sricharan" "Rafael J. Wysocki" "Richard W.M. Jones" "Serge E. Hallyn" "Sreekanth Reddy" "Stephen M. Cameron" "Theodore Ts'o" "Widawsky, Benjamin" "Xiaowei.Hu" "Yah, Zheng" "Yan, Zheng" "Yann E. MORIN" "Zhang, Yang Z" A Sh Aaditya Kumar Aaditya Kumar Aaro Koskinen Aaro Koskinen Aaron Brown Aaron Brown Aaron Brown aaron.f.brown@intel.com Aaron Durbin Aaron Lu Aaron Lu Aaron Plattner Aaron Sierra Aaron Tomlin Aaron Wu Aarthi Thiruvengadam Abel Gordon Abhi Das Abhijeet Dharmapurikar Abhijit Pawar Abhijith Das Abhilash Kesavan AceLan Kao Achim Leubner Acked-by: Ben Widawsky Acked-by: Jan Beulich Acked-by: Li Zefan Adam Baker Adam Buchbinder Adam Jackson Adam Jiang Adam Lee Adam Radford Adam Sampson Adam Somerville Adam Thomas Adam Thomson Adam Thomson Adheer Chandravanshi Adhemerval Zanella Adhir Ramjiawan Adil Mujeeb Adis Hamzić Aditya Kali Aditya Nellutla Adko Branil Adnan Ali Adrian Adrian Huang Adrian Hunter Adrian Knoth Adrian Thomasset Adrian-Leonard Radu Afzal Mohammed Agócs Pál Ajay Kumar Ajay Kumar Gupta Ajeet Yadav Ajit Khaparde Akeem G Abodunrin Akeem G. Abodunrin Akhil Goyal Akihiro Nagai Akihiro Tsukada Akinobu Mita Akio Idehara Akira Fujita Akira Fujita Akria Fujita Akshay Saraswat Akshay Shankarmurthy Al Cooper Al Cooper Al Viro Al Viro Alain Renaud Alan "minus lunch" Cox Alan Cox Alan Cox Alan Cox Alan M Butler Alan McIvor Alan Ott Alan Stern Alan Swanson Alasdair G Kergon Alban Bedel Alban Crequy Albert Pool Albert Pool Albert Wang Alberto Garcia Alberto Lago Ballesteros Alberto Panizzo Alejandro Cabrera Alejandro Martinez Ruiz Alek Du Aleksander Morgado Aleksander Morgado Aleksey Babahin Aleksey Chudov Aleksi Torhamo Alessandro Lannocca Alessandro Rubini Alessandro Rubini Alessandro Rubini Alessandro Zummo Alessio Igor Bogani Alex A. Mihaylov Alex Bligh Alex Copot Alex Deucher Alex Deucher Alex Dubov Alex Elder Alex Elder Alex Elder Alex Ferrando Alex Frid Alex Gershgorin Alex Grad Alex He Alex Hung Alex Iannicelli Alex Kelly Alex Lyakas Alex Lyakas Alex Lyakas Alex Macro Alex Porosanu Alex Riesen Alex Romosan Alex Russell Alex Shi Alex Tabachnik Alex Villacs Lasso Alex Williamson Alex Yang Alexander Aring Alexander Bergmann Alexander Block Alexander Bondar Alexander Boyko Alexander Clouter Alexander Duyck Alexander Gordeev Alexander Graf Alexander Guy Alexander Holler Alexander Inyukhin Alexander Kartashov Alexander Lyakas Alexander Schremmer Alexander Shishkin Alexander Shiyan Alexander Smirnov Alexander Stein Alexander Stein Alexander Sverdlin Alexander Sverdlin Alexander Sverdlin Alexander Sverdlin Alexander Sverdlin Alexander van Heukelum Alexander Varnin Alexandra Chin Alexandra N. Kossovsky Alexandra Vintila Alexandre Belloni Alexandre Belloni Alexandre Bounine Alexandre Bourdiol Alexandre Courbot Alexandre Lissy Alexandre Oliva Alexandre Pereira da Silva Alexandre Pereira da Silva # LPC32XX Alexandre Torgue Alexandru Copot Alexandru Gheorghiu Alexandru Guduleasa Alexey Brodkin Alexey Charkov Alexey Dobriyan Alexey Fisher Alexey Galakhov Alexey I. Froloff Alexey Kaminsky Alexey Kardashevskiy Alexey Khoroshilov Alexey Klimov Alexey Kuznetsov Alexey Orishko Alexey Pelykh Alexis R. Cortes Alf Høgemark Alfonso Fiore Alfredo J. Delaiti Alice Ferrazzi Alim Akhtar Alina Friedrichsen Alison Chaiken Alistair Buxton Alistair John Strachan Alistair Popple Allan Stephens Allen Kay Allen Martin Allen Pais Allison Henderson Alok Chauhan Alok N Kataria Alon Levy Alvaro Moran Amardeep Rai Amaury Decrême Ambresh K Ameya Palande Ameya Palande Amir Hanania Amir Vadai Amir Vadai Amit Beka Amit Daniel Amit Daniel Kachhap Amit Daniel Kachhap Amit Kucheria Amit Sahrawat Amit Sahrawat Amit Shah Amitkumar Karwar Amnon Paz Amnon Shiloh Amon Ott Amos Kong Amos Kong Anand Avati Anand Gadiyar Anand Jain Anand Kumar S Anand Kumar S Anand V. Avati Ananth N Mavinakayanahalli Ananth N Mavinakaynahalli Anantha Prakash T Anatol Pomozov Anatolij Gustschin Ander Conselvan de Oliveira Anders Hedlund Anders Kaseorg Anders Larsen Anderson Lizardo Andi Kleen Andi Kleen Andi Shyti Andiry Xu Andiry Xu Andor Daam Andras Domokos Andre Guedes Andre Guedes Andre Heider Andre Przywara Andre Przywara Andre Przywara Andre Renaud Andre Schramm Andrea Adami Andrea Arcangeli Andrea Arcangeli Andrea Gelmini Andrea Righi Andreas Bießmann Andreas Dilger Andreas Dilger Andreas Dumberger Andreas Eversberg Andreas Eversberg Andreas Fenkart Andreas Fleig Andreas Gruenbacher Andreas Hartmann Andreas Heider Andreas Herrmann Andreas Herrmann Andreas Hübner Andreas Irestål Andreas Krebbel Andreas Larsson Andreas Mohr Andreas Nielsen Andreas Philipp Andreas Pretzsch Andreas Regel Andreas Schallenberg Andreas Schallenberg Andreas Schwab Andreas Schwab Andreas Sturmlechner Andreas Westin Andreea Hodea Andrei Andreyanau Andrei Emeltchenko Andrei Epure Andrei Popa Andrei Warkentin Andres Freund Andres Lagar-Cavilla Andres More Andres Salomon Andrew Armenia Andrew Barry Andrew Bird Andrew Boie Andrew Bresticker Andrew Brownfield Andrew Chew Andrew Collins Andrew Cooks Andrew Cooper Andrew Dahl Andrew de los Reyes Andrew Duggan Andrew G. Morgan Andrew Gallatin Andrew Gomella Andrew Honig Andrew Jones Andrew Karpow Andrew Lumm Andrew Lunn Andrew Lunn #for kirkwood Andrew Mahone Andrew Miller Andrew Morton Andrew Murray Andrew Price Andrew Savchenko Andrew Shewmaker Andrew Vagin Andrew Vasquez Andrew Vazquez Andrew Victor Andrew Wagin Andrey Danin Andrey Gelman Andrey Gusakov Andrey Pavlenko Andrey Rahmatullin Andrey Sidorov Andrey Smirnov Andrey Smirnov Andrey Vagin Andriy Gapon Andriy Skulysh Andrzej Hajda Andrzej Jakowski Andrzej Kaczmarek Andrzej Pietrasiewicz André Hentschel Andy Adamson Andy Cress Andy Fleming Andy Gospodarek Andy Gospodarek Andy Gospodarek Andy Green Andy Gross Andy Grover Andy king Andy Leiserson Andy Lutomirski Andy Ritger Andy Shevchenko Andy Walls Andy Whitcroft Andy Zhou Aneesh Kumar K.V Aneesh V Ang Way Chuang Ang Way Chuang Anhua Xu Anil Gurumurthy Anil Kumar Anil Veerabhadrappa AnilKumar Ch Anirban Chakraborty anish kumar anish kumar Anisse Astier Anju Bhartiya Anmol Sarma Anna Leuschner Anna-Maria Gleixner Annie Li Annie Liu Anoop P A Anshuman Khandual Ansis Atteka Anson Huang Anssi Hannula Anthony G. Basile Anthony Liguori Anthony Olech Anthony PERARD Anton Arapov Anton Blanchard Anton Nurkin Anton Prins Anton Samokhvalov Anton Tikhomirov Anton Vorontsov Anton Vorontsov Anton Vorontsov Anton Vorontsov Antonio BORNEO Antonio Ospite Antonio Ospite Antonio Quartulli Antonio Quartulli Antonios Motakis Antony Pavlov Antti P Miettinen Antti Palosaari Anup Patel Anurup m Aravind Gopalakrishnan Aravinda Prasad Archit Taneja # DSS Archit Taneja Ard Biesheuvel Arend van Spriel Ariane Keller Ariel Elior Arik Nemtsov Arindam Nath Aristeu Rozanski Arjan van de Ven Arkadiusz Miskiewicz Arkadiusz Miskiewicz Arkady Miasnikov Armando Visconti Armen Baloyan Armin Reese Arnaldo Carvalho de Melo Arnaldo Carvalho de Melo Arnaud Ebalard Arnaud Lacombe Arnaud Patard Arnaud Patard Arnd Bergmann Arnd Bergmann Arnd Bergmann Arnd Bergmann Arnd Bregmann Arnd Hannemann Arne Jansen Arne Redlich Aron Xu Arron Wang Artem Bityutskiy Artem Bityutskiy Artem Savkov Artemy Tregubenko Arteom Arthur Wirski Arto Merilainen Artur Wojcik Arun Easi Arun Kumar K ARUN MANKUZHI Arun Murthy Arun Raghavan Arun Sharma Arve Hjønnevåg Arve Hjønnevåg Arvid Brodin Arvind Bhushan Arvind Kumar Arvydas Sidorenko Asai Thambi S P Ash Willis Ashay Rane Ashish Ashish Chavan Ashish Jangam Ashish Sangwan Ashish Sangwan Ashish Shenoy Ashley Lai Ashok G Ashok Nagarajan Ashok Nagarajan Ashwin Bihari Asias He Asim Kadav Assaf Azulay Assaf Krauss Atita Shirwaikar Atsushi Kumagai Atsushi Nemoto Attila Fazekas Attila Kinali Attilio Rao Atul Deshmukh Atzm Watanabe Auke Kok Aurelien Chartier Aurelien Jarno Aurélien Guillaume Austin Boyle Austin Hendrix Austin Lund Avi Kivity Avi Kivity Aviad Yehezkel Avik Sil Avinash Patil Axel Castaneda Gonzalez Axel Koellhofer Axel Lin Axel Lin Azael Avalos Babu Moger Badari Pulavarty Baker Zhang Bala Shanmugam Balaji T K Balakumaran Kannan Bao Haojun Baodong Chen Baohua Song Barak Witkowski Barry Grussling Barry Marson Barry Song <21cnbao@gmail.com> Barry Song Barry Song (for sirf) Barry Song Barry Song Bart De Schuymer Bart Van Assche Bart Westgeest Bartek Nowakowski Bartlomiej Zolnierkiewicz bartosz.markowski Baruch Even Baruch Siach Basil Gor Bastian Hecht Bastian Hecht Bastian Triller Bastien Nocera Beeresh G Behan Webster Belinda Thompson Ben Chan Ben Collins Ben Collins Ben Dooks Ben Dooks Ben Gardiner Ben Gardner Ben Gray Ben Greear Ben Guthro Ben Guthro Ben Herrenschmidt Ben Hutchings Ben Hutchings Ben Hutchings Ben Jencks Ben Mesman Ben Minerds Ben Myers Ben Myers Ben Pfaff Ben Segall Ben Skeggs Ben Widawsky Ben Widawsky (v1) Ben Widawsky Benedikt Bergenthal Benedikt Spranger Bengt Jonsson benh@kernel.crashing.org Beni Lev Benjamin Gaignard Benjamin Gaignard Benjamin Herrenschmidt Benjamin Herrenschmidt Benjamin LaHaise Benjamin Marzinski Benjamin Poirier Benjamin Tissoires Benjamin Tissoires Benjamin Tissoires Benjamin Wang Benny Halevy Benoit Cousson Benoit Cousson Benoit GAUTHIER Benoit Goby Benoit Gschwind Benoit Lecardonnel Benoît Cousson Benoît Locher Benoît Thébaudeau Benson Leung Bernard Blackham Bernd Faust Bernd Krumboeck Bernd Schubert Bernhard Froemel Bernhard Froemel Bernhard Kohl Bernhard Kohl Bernhard Rosenkraenzer Bernhard Schmidt Bernhard Seibold Bernhard Walle Bernhard Walle Bernie Thompson Bernie Thompson Bertrand Achard Betty Dall Bhanu Prakash Gollapudi Bharat Bhushan Bharata B Rao Bhavesh Davda Bhavik Kothari Bhavna Yadav Bhupesh Sharma Bi Chao Bian Yu Bill Brown Bill Huang Bill Nottingham Bill Pemberton Bin Gao Bin Gao Bin Liu Bin Shi Bin Wang Bin Wang Binbin Zhou Bing Zhao Bing Zhao [mwifiex] Binghua Duan Bjarke Istrup Pedersen Bjarni Ingi Gislason bjo@nord-west.org Bjorn Helgaas Bjorn Helgaas Björn Jacke Bjørn Mork Bo Shen Boaz Harrosh Bob Copeland Bob Copeland Bob Hockney Bob Liu Bob Liu Bob Moore Bob Pearson Bob Peterson Bob Picco Bob Ross Bobby Powers Bobi Jam Bogdan Hamciuc Bojan Smojver Bonggil Bak Boojin Kim Boris BREZILLON Boris BREZILLON Boris Ostrovsky Boris Ostrovsky Boris Petkov Borislav Petkov Borislav Petkov Borislav Petkov Borislav Petkov Borislav Petkov Boyan Nedeltchev Brandon Misemer Brassow Jonathan Brendan Cully Breno Leitao Bret Towe Brian Austin Brian Behlendorf Brian Cockrell Brian Downing Brian Foley Brian Foster Brian Gix Brian Haley Brian King Brian King Brian Norris Brian Uchino Bruce Allan Bruce Ashfield Bruce Beare Bruce E. Robertson Bruce Rogers Bruce W Allan Bruno Morelli Bruno Prémont Bruno Randolf Bruno Thomsen Bruno Wolff III Bryan Freed Bryan O'Donoghue Bryan Schumaker Bryan Schumaker Bryan Venteicher Bryan Wu Bryan Wu Bryan Wu Bryan Wu Byungho An caleb miles Calvin Owens Calvin Walton Cancan Feng Cao Minh Hiep Carl A. Cook Carl Love Carl Worth Carlos Alberto Lopez Perez Carlos Chinea Carlos Maiolino Carlos Quijano Carolyn Wyborny carriere etienne Carsten Emde Carsten Otte Carsten S. Casey Schaufler Casey Schaufler Caspar Zhang Catalin Iacob Catalin Marinas Catherine Sullivan Ceri James Cesar Eduardo Barros Chad Dupuis Chad Reese Chad Williamson Chaitanya Bandi Chan-yeol Park Chander Kashyap Chandra Seetharaman Chandrabhanu Mahapatra Changhwan Youn Changli Gao Changlong Xie Changman Lee Chanho Min Chanho Park channing Chanwoo Choi Chao Guan Chao Xie Chao Xie Chaoxing Lin Charles Hardin Charles Keepax Charles Wang Charlie Suffin Charndeep Grewal Charulatha V chas williams - CONTRACTOR Chas Williams Chase Douglas Chayan Biswas Che-Liang Chiou Chegu Vinod Chema Gonzalez Chen Baozi Chen Baozi Chen Gang Chen Gong Chen Jun Chen Peter Chen, Chien-Chia Chetan Loke Chew, Chiau Ee Chih-Chung Chang Chih-Hsyuan Ho Chih-Wei Huang Chihau Chau Chilam Ng ChingWei Chang Chiwoong Byun Cho, Yu-Chen Chris Bagwell Chris Ball Chris Ball # for sdhci-tegra.c Chris Blair Chris Boot Chris Brand Chris Clayton Chris Cummins Chris Dearman Chris Elston Chris Freehill Chris Fries Chris Gagnon Chris Hudson Chris Kelly Chris Lalancette Chris Mason Chris Mason Chris Metcalf [arch/tile] Chris Metcalf [tile bits] Chris Metcalf Chris Metcalf [for tile] Chris Metcalf (arch/tile) Chris Metcalf (tile only) Chris Metcalf [extended to EHCI] Chris Metcalf [using a raw 0 value] Chris Metcalf [with ptrace.h fixup] Chris Perl Chris Rankin Chris Rattray Chris Snook Chris Verges Chris Vine Chris Wilson Chris Wilson #855gm Chris Wilson (v1) Chris Wilson (v3+) Chris Wilson Chris Wright Chris Wright Chris Yeoh Chris Yungmann Chris Zankel Christian Balzer Christian Bejram Christian Benvenuti Christian Borntraeger Christian Borntraeger # on s390x Christian Daudt Christian Dietrich Christian Dietrich Christian Eggers Christian Ehrhardt Christian Engelmayer Christian Gieseler Christian Gmeiner Christian Herzig Christian Hildner Christian Hohnstaedt Christian Koenig Christian Kujau Christian König Christian König Christian Lamparter Christian Melki Christian Riesch Christian Ruppert Christian Schmiedl Christian Schoch Christian Svensson Christian Sünkenberg Christine Spang Christoffer Dall Christoffer Dall Christoffer Dall Christoph Bumiller Christoph Fritz Christoph Hellwig Christoph Lamete Christoph Lameter Christoph Lameter Christoph Lameter # SLUB Christoph Nuscheler Christoph Paasch Christophe Arnal Christophe Leroy Christophe TORDEUX Christopher Brannon Christopher Cordahi Christopher Covington Christopher Egert Christopher Harvey Christopher Hoover Christopher L. Simons Christopher Li Christopher Staite Chuansheng Liu Chuanxiao Dong Chuck Lever Chul Lee Chun-Yeow Yeoh Chun-Yi Lee Chunhe Lan Clark Williams Clark Williams Claudio Fontana Claudio Pisa Claudio Scordino Claudio Takahasi Claudiu Ghioc Claudiu Manoil Clay Carpenter Clemens Ladisch Clement Chauplannaz Cliff Wickman Cloud Ren Cody P Schafer Cody Schafer Colin Colin Cross Colin Cross Colin Foe-Parker Colin Ian King Colin King Cong Ding Cong Meng Cong Meng Cong Wang Cong Wang Conor O'Gorman Constantine Shulyupin Cooper Yuan Copot Alexandru Corbin Atkinson Corbin Atkinson Corentin Chary Corentin Chary Corey Minyard Cornelia Huck Cosmin Paraschiv CQ Tang Craig Hada Craig Shelley Cristian Bercaru Cristian Chilipirea Cristian Stoica Cruz Julian Bishop Cruz Julian Bishop Curt Wohlgemuth Cyril B. Cyril Brulebois Cyril Chemparathy Cyril Hrubis Cyril Roelandt Cyrill Gorcunov Cyrus Lien Cédric Debarge Dae S. Kim Daisuke Nishimura Damian Hobson-Garcia Damien Cassou Damien Lespiau Damien Lespiau (for v1) Damien Wyart Damien Zammit Dan Carpenter Dan Carpenter ` Dan Carpenter Dan Christensen Dan Horák Dan Liang Dan Luedtke Dan Magenheimer Dan Melnic Dan Nicolaescu Dan Rosenberg Dan van der Ster Dan Williams Dan Williams Dan Williams Dan Williams Dan Winner Daniel Baluta Daniel Berglund Daniel Borkmann Daniel Borkmann Daniel Cotey Daniel De Graaf Daniel Drake Daniel Glöckner Daniel Golle Daniel Halperin Daniel Hazelton Daniel Hellstrom Daniel J Blueman Daniel J Blueman Daniel Jeong Daniel Jeong Daniel Kurtz Daniel Lezcano Daniel Lezcano Daniel Lezcano Daniel M. Weeks Daniel Mack Daniel Mack Daniel Manrique Daniel Nicoletti Daniel Ritz Daniel Santos Daniel Schaal Daniel Schroeder Daniel Schwierzeck Daniel Schwierzeck Daniel Schürmann Daniel Stamer Daniel Tang Daniel Vetter Daniel Vetter (i915g) Daniel Wagner Daniel Wagner Daniel Walker Daniel Walter Daniel Willerud Daniel Woff daniel.borkmann@tik.ee.ethz.ch Daniele Furlan Daniele Palmas Dann Frazier Danny Baumann Danny Huang Danny Kukawka Dariusz Szymczak Darren Hart Darrick J. Wong Darrick J. Wong Darryl Bond Dave Airlie Dave Airlie Dave Airlie Dave Chiluk Dave Chinner Dave Chinner Dave Chinner Dave Chinner Dave Chinner Dave Dillow Dave Hansen Dave Hansen Dave Hansen Dave Jiang Dave Jones Dave Kleikamp Dave Kleikamp Dave Liu Dave Martin Dave Maurer Dave Mueller Dave Reisner Dave Stikkolorum Dave Taht Dave Taht Dave Tubbs Dave Turvene Dave Täht Dave Witbrodt Dave Wysochanski Dave Young David 'Digit' Turner David Ahern David Airlie David Airlie David Anders David Anders David Brown David Bulkow David Chang David Chen David Cohen David Dajun Chen David Dajun Chen David Daney David Daney David Daney David Decotigny David Dillow David Dillow David Engraf David Flater David Fries David Gibson David Gibson David Henningsson David Herrmann David Herrmann David Hilton David Holsgrove David Hooper David Howells David Howells David Howells (Further development) David Howells [FRV] David Howells [MN10300] David Hubbard David Härdeman David J. Choi David Jeffery David King David L Stevens David Linares David Liu David Mackey David McCullough David McCullough David McCullough (ARM only) David Milburn David Miller David Moore David Murray David Müller David Oostdyk David R. Bild David Rientjes David S. Ahern David S. Miller David S. Miller (arch/sparc) David S. Miller David Safford David Sharp David Smith David Spinadel David Sterba David Stevenson David Teigland David Turvene David Vrabel David Ward David Woodhouse David Woodhouse David Zafman Davide Ciminaghi Davide Gerhard Davidlohr Bueso Davidlohr Bueso Dayanidhi Sreenivasan Dean Anderson Dean Jenkins Dean Luick Dean Nelson Deepak Saxena Deepak Sikri Deepthi Dharwar Def Dejan Gacnik Deng-Cheng Zhu Dengke Qiu Denis 'GNUtoo' Carikli Denis Ciocca Denis Efremov Denis Kaganovich Denis Kirjanov Denis Kirjanov Denis Kovalev Denis N Ladin Denis Ovsienko Denis Turischev Denis V. Lunev Denis Washington Dennis Chen Dennis Chua Denys Fedoryschenko Denys Fedoryshchenko Denys Vlasenko Derek Basehore Devendra Naga Devendra Naga devendra.aaru Devendra.Naga Devin Heitmueler Devin Heitmueller Devin J. Pohly Dexuan Cui Dhaval Giani Diana CRACIUN Diana Vasile Didier Villevalois Diego Calleja Diego Elio Pettenò Dietmar Eggemann Dilip Daya Dima Zavin Dimitri Sivanich Dimitrios Semitsoglou-Tsiapos Dimitris N Dimitris Papastamos Ding Tianhong Dinh Nguyen Dipen Dudhat Dirk Behme Dirk Behme Dirk Brandewie Dirk Brandewie Dirk Gouders Dirk Gouders Dirk Hohndel Dirkjan Bussink Divy Le Ray Diwakar Tundlam Djalal Harouni Djamil Elaidi Djuri Baars Dmitrii Cherkasov Dmitry Adamushko Dmitry Antipov Dmitry Artamonow Dmitry Belimov Dmitry Cherkasov Dmitry Cherkassov Dmitry Eremin-Solenikov Dmitry Eremin-Solenikov Dmitry Kasatkin Dmitry Kasatkin Dmitry Kozlov Dmitry Kravkov Dmitry Lifshitz Dmitry Monakhov Dmitry Osipenko Dmitry Pervushin Dmitry Popov Dmitry Rogozhkin Dmitry Shmygov Dmitry Tarnyagin Dmitry Torokhov Dmitry Torokhov Dmitry Torokhov Dmitry Voytik Dmity Tarnyagin Dmytro Milinevskyy Do Q.Thang Dom Cobley Dom Cobley Domenico Andreoli Dominik Brodowski Dominik Dingel Dominik Köppl Don Fry Don Morris Don Skidmore Don Zickus Donald Dutile Donald H Fry Donald Lee Donald Wood Dong Aisheng Dong Aisheng Dong Hao Dong Zhu Dongdong Deng Donggeun Kim Donghwa Lee Dongjin Kim Dongxiao Xu Dor Shaish Dotan Barak Dotan Barak Doug Anderson Doug Goldstein Doug Ledford Douglas Bagnall Douglas Gilbert Douglas Leung Douglas Leung Dr. Tilmann Bubeck Drew Moseley Dror Cohen Du Changbin Du Xing duxing2007@gmail.com Du Yan Du, Changbin Duan Jiong Duan Jiong Duc Dang Dudley Du Duncan <1i5t5.duncan@cox.net> Duncan Laurie Duncan Roe Duncan Sands Durgadoss R Dustin Kirkland Dutra Julio Dylan Reid Dâniel Fraga Earl Chew Ebben Aries Ed Cashin Ed Nadolski Ed Wildgoose Eddi De Pieri Eddie Chapman Eddie Dunn Eddie Wai Edgar E. Iglesias Edgar Neukirchner Edgar Toernig Eduardo Valentin Eduardo Valentin Edward Donovan Edward Shao edwin_rong Efi Tubul Egbert Eich (v2) Egbert Eich Egbert Eich Eilon Greenstein Eilon Greenstein Eilon Greenstein Eldad Zack Eli Cohen Eliad Peller Eliezer Tamir Eliot Blennerhassett Eliot Blennerhassett Elison Niven Elly Jones Elric Fu Emanuel Taube Emeric Vigier Emeric Vigier Emese Revfy Emil Goode Emil Tantilov Emil Velikov Emilio G. Cota Emilio López Emmanuel Benisty Emmanuel Deloget Emmanuel Grumbach Enric Balletbo i Serra Enric Balletbo i Serra Enrico Butera Eran Erez Shitrit Eric Andersson Eric Anholt Eric B Munson Eric Biederman Eric Bénard Eric Chanudet Eric Dumazet Eric Dumazet Eric Dumazet com> Eric Hutter Eric Jarrige Eric Lapuyade Eric Leblond Eric Miao Eric Mico Eric Millbrandt Eric Multanen Eric Nelson Eric Northup Eric Paris Eric Paris Eric Sandeen Eric Sandeen Eric Van Hensbergen Eric W. Biederman Eric Whitney Eric Wong Eric Wustrow Erich E. Hoover Erik Andrén Erik Faye-Lund Erik Gilling Erik Hugne Erik Jones Erwan Velu Erwan Yvin Eryu Guan Etay Luz Etienne Carriere Eugene Shatokhin Eugeni Dodonov Eugenia Emantayev Eugenia Emantayev Eunbong Song Eunchul Kim Eunki Kim Evan McNabb Evgeniy Polyakov Evgeny Plehov Evgeny Romanov Ewan D. Milne Eyal Shapira Eyal Shapira Eytan Lifshitz Ezequiel Garcia Ezequiel Garcia Fabien André Fabio Baltieri Fabio Baltieri Fabio Estevam Fabio Porcedda Fabio Valentini Fabrizio Gazzato Fadil Berisha Fahad Kunnathadi Faisal Latif Fan Du Fan Du Fan Yong fanchaoting fanchaoting fangxiaozhi Federico Fuga Federico Manzan Federico Vaga Feiran Zhuang Felipe Balbi Felipe Contreras Felipe Contreras Felix Fietkau Felix Homann Felix Kaechele Felix Kuehling Feng Hong Feng Shuo Feng Tang feng xiangjun Fengguang Wu Fengguang Wu Fenghua Yu Fernando Guzman Lugo Fernando Luis Vazquez Cao Fernando Luis Vazquez Cao Filipe Brandenburger Filipe Brandenburger Filippo Arcidiacono Filippo Turato Finn Thain Flavio Leitner Florent Fourcot Florian Echtler Florian Fainelli Florian Fainelli Florian Fainelli Florian Neuhaus Florian Reitmeir Florian Schmaus Florian Tobias Schandinat Florian Vaussard Florian Westphal Florian Zeitz Florian Zumbiehl Forest Bond Forrest Liu Founder Fang Francesco Ruggeri Francesco Saverio Schiavarelli Francesco Virlinzi Francesco Virlinzi Francisco Jerez Franck Bui-Huu Franco Catrin Francois Romieu Frank Arnold Frank Benkert Frank Blaschka Frank Blaschka Frank Huang Frank Kunz Frank Li Frank Rowand Frank Schäfer Frank Svendsboe Franklin Franky Lin Franky Lin Frans Klaver Frans Meulenbroeks Franz Schrober Fred Brooks Fred Hartnett Fred Isaman Freddy Xin Frederic Berat Frederic Dalleau Frederic Weisbecker Frederic Weisbecker Frederico Cadete Frederik Deweerdt Frederik Deweerdt Frediano Ziglio Fredrik Soderstedt Frédéric Dalleau Fu Wei Fugang Duan fwu G, Manjunath Kondaiah G.Shark Jeong G.Shark Jeong Gabe Siftar Gabor Juhos Gabriel de Perthuis Gabriel de Perthuis Gabriel Fernandez Gajanan Bhat Ganesan Ramalingam Ganesan Ramalingam Gang Wei Gao feng Gao Guanhua-B22826 Gaohuai Han Gaosen Zhang Garrett, Robert Garrick He Gary Hade Gary Morain Gavin Guo Gavin Shan gavin zhu Gaëtan Carlier Ge Gao Geert Uytterhoeven Geoff Levand Georg Hofmann George Cherian George Dunlap George Joseph George Pantalos George Spelvin George Zhang Georgi Vlaev Gerald Baeza Gerald Schaefer Gerard Cauvy Gerard Lledo Gerard Ryan Gerard Snitselaar Gerd Hoffmann Gerlando Falauto German Myzovsky Gernot Vormayr Gerrit Renker Gertjan van Wingerde Gery Kahn Geunsik Lim Giancarlo Asnaghi Giancarlo Formicuccia Gianluca Anzolin Gianluca Gennari Gianni Antoniazzi Giel van Schijndel Gilad Ben-Yossef Giridhar Malaval Giridhar Malavali Giridhar Maruthy Girish K S Girish K S Girish Verma Giuseppe Bilotta Giuseppe Cavallaro Giuseppe Cavallaro Giuseppe Coviello Glauber Costa Gleb Natapov Glen Turner Gokul Caushik Goldwyn Rodrigues Gong Tao Gopala Krishna Murala Gordon Hecker Govindraj.R Graeme Gregory Graeme Smecher Graham Gower Grant Erickson Grant Grundler Grant Grundler Grant Grundler Grant Likely Grant Likely Grant Likely Grazvydas Ignotas Greg Dietsche Greg KH Greg KH Greg Kroah-Hartman Greg Kroah-Hartman Greg Pearson Greg Rose Greg Suarez Greg Thelen Greg Ungerer Greg Ungerer Greg Ungerer Gregor Jasny Gregory CLEMENT Gregory Greenman Grygorii Strashko Grzegorz Lyczba Gu Zheng Guan Xin Guan Xuetao Guan Xuetao (for puf3) Guan Xuetao [unicore32] Guang A Yang Guanjun He Guennadi Liakhovetski Guennadi Liakhovetski Guenter Roeck Guenter Roeck Guenter Roeck (pca9541) Guenter Roeck guifang tang Guilherme Herrmann Destefani Guilherme Maciel Ferreira Guillaume GARDET Guillaume GARDET Guillaume Jaunet Guillaume Nault Guillaume Roguez Gunho Lee Guo Chao Guoqing Li guoyh Gupta, Pekon gurudas.pai Gustavo F. Padovan Gustavo Luiz Duarte Gustavo Maciel Dias Vieira Gustavo Padovan Gustavo Padovan Gustavo Zacarias Gwendal Grignou Gwenhael Goavec-Merou Gyungoh Yoo Göran Uddeborg Güngör Erseymen H Hartley Sweeten H Hartley Sweeten [EP93xx] H. Peter Anvin H. Peter Anvin H.C. Lee H.J. Lu H.K. Jerry Chu Hadar Hen Zion Hadar Hen Zion Hadli, Manjunath Hagen Paul Pfeifer Haggai Eran Hai Dong Haibo Liu Haibo Xi HaiboLiu Haicheng Li Haicheng Li Haifeng Li Haijun Zhang Haipeng YU Haitao Shan Haiyang Zhang Haiying Wang Hakan Berg Haksu Jeong Han Shen (shenhan@google.com) Hangbin Liu Hanjun Guo Hannes Frederic Sowa Hannes Reinecke Hannes Reinecke Hannu Heikkinen Hannu Heikkinen Hans de Goede Hans Grob Hans Henry von Tresckow Hans J. Koch Hans J. Koch Hans Petter Selasky Hans Schillstrom Hans Schillstrom Hans Verkuil Hans Verkuil Hans Zhang Hans-Christian Egtvedt Hans-Christian Egtvedt (AVR32) Hans-Christoph Schemmel Hans-Frieder Vogt Hans-Peter Jansen Hante Meuleman Haogang Chen Haojian Zhuang < Haojian Zhuang Haojian Zhuang Haojian Zhuang Harald Hoyer Harald Krapfenbauer Harald Nordgard-Hansen Harald Welte Haren Myneni Harish Zunjarrao Harninder Rai Harro Haan Harry Wei Harsh Kumar Hartley Sweeten Hartmut Knaack Harvey Yang harvey.yang Hatem Masmoudi # Dell Latitude E5520 Hauke Mehrtens Havard Skinnemoen Havard Skinnemoen Havard Skinnemoen (for i2c-gpio) Havard Skinnemoen Hayes Wang He Chunhui he, bo Heather Lomond Hebbar Gururaja Hebbar, Gururaja Hector Martin Hector Oron Hector Palacios Hedi Berriche Heikki Krogerus Heiko Abraham Heiko Carstens Heiko Carstens Heiko Schocher Heiko Stueber Heiko Stuebner Heiko Stübner Hein Tibosch Heinz Graalfs Heinz Mauelshagen Heinz Mauelshagen Helge Deller Helmut Schaa Helmut Schaa Hema Prathaban Hemant Agrawal Hemant Gupta Hemant Kumar Hemant Nautiyal Hendrik Brueckner Henning Heinold Henrik Austad Henrik Rydberg Henrik Rydberg Henrik Solver Henrik Sölver Henrique Camargo Henrique de Moraes Holschuh Henry C Chang Henry Chan Herbert Xu Hernando Torque Herton Krzesinski Herton R. Krzesinski Herton R. Krzesinski Herton Ronaldo Krzesinski Hervé Fache HeungJun Kim Hideki EIRAKU Hideyuki Sano HighPoint Linux Team Hila Gonen Hillf Danton Himanshu Madhani Hin-Tak Leung Hiraku Toyooka Hiral Patel Hiro Sugawara Hiroaki SHIMODA Hirokazu Takahashi Hirokazu Takata Hiroo MATSUMOTO Hiroshi DOYU Hiroshi DOYU # (parts) Hiroshi Shimamoto Hitoshi Mitake Hitoshi Mitake Hitoshi Nakamori Hitoshi NAKAMORI Hoang-Nam Nguyen Hojung Youn Holger Brunck Holger Dengler Holger Eitzenberger Holger Hoffstätte Holger Kiehl Holger Macht Holger Schurig Holger Schurig Holger Schurig Homin Lee Hong Wu Hong Xu Hong Zhiguo Hongbing Hu Hongbo Zhang hongbo.zhang Hongliang Tao Horia Geanta Horst Schirmeier HoSung Jung hpa@zytor.com Hu Tao Hua Yan Huacai Chen Huajun Li Huang Rui Huang Shijie Huang Shijie Huang Ying Huang,Xiong Hubert Eichner Hubert Feurstein Hubert Lin Hugh Daschbach Hugh Dickins Hui Wang Huisung Kang Hunt Xu Huzefa Kankroliwala Hyeoncheol Lee Hyeonjun Lim Hyeonsu Kim Hynwoong Kim Hyok S. Choi Hyunchul Lee Hyungwoo Yang Iain Paton Ian Abbott Ian Campbell Ian Campbell Ian Chen Ian Coolidge Ian Kent Ian Kent Ian Lartey Ian McDonald Ian Minett Ian Munsie Ian Pilcher Idan Kedar Ido Reis Ido Shayevitz Ido Yariv Igal Chernobelsky Igor Grinberg Igor M. Liplianin Igor Mammedov Igor Maravic Igor Mazanov Igor Murzov Igor Zhbanov IgorMammedov Ike Pan Ike Panhc Il Han Ilan Elias Ilan Peer Ilho Lee Ilia Katsnelson Ilia Mirkin Ilija Hadzic Ilija Hadzic Illia Ragozin Ilpo Järvinen Ilya Dryomov Ilya Shchepetkov Ilya Yanok Ilya Zykov Ilya Zykov Imre Deak Imre Kaloz Inaky Perez-Gonzalez Indan Zupancic Inderpal Singh Inderpal Singh Ingo Molnar Ingo Molnar Ingo Molnar Ingo Ruhnke Ingo Tuchscherer Ingo van Lil Inki Dae Ioan Orghici Ioan Orghici Ioannis Kokkoris Ionut-Gabriel Radu Ira W. Snyder Irina Tirdea Isaac Smith Isaac.li Isaku Yamahata Ishai Rabinovitz Ismael Luceno Ismael Luceno Itai Garbi Iulius Curt Ivan Bezyazychnyy Ivan Djelic Ivan Kalvachev Ivan Khoronzhuk ivan perrone Ivan Shugov Ivan Vasilyev Ivan Vecera Ivan Vojtko Ivaylo Petrov Ivo Anjo Ivo Sieben Ivo van Doorn IWL Jenkins Iwo Mergler Iwo Mergler Izik Eidus J Keerthy J. Bruce Fields J. Bruce Fields J. Bruce Fields Jaccon Bastiaansen Jacek Danecki Jack Jack Mitchell Jack Mitchell Jack Morgan Jack Morgenstein Jack Morgenstein Jack Morgenstein Jack Pham Jack Steiner Jack Wang Jackey Shen Jacob E Keller Jacob Garber Jacob Keller Jacob Pan Jacob Schloss Jacob Shin Jaecheol Lee Jaeden Amero Jaegeuk Kim Jaehoon Chung Jaemin Yoo Jaeryul Oh Jaganath Kanakkassery Jagdish Motwani Jake Champlin Jakob Bornecrantz Jakub Kicinski Jakub Kicinski Jakub Luzny Jamal Hadi Salim James Bottomley James Bottomley James Chapman James Cosin James Ettle James Ferguson James Hogan James Hogan (metag) James Kime James M Leddy James M. Leddy James Morris James Morris James Nute James Ralston James Smart Jamie Gennis Jamie Gloudon Jamie Heilman Jamie Iles Jamie Lentin Jamie Parsons Jan Beulich Jan Beulich Jan Ceuleers Jan Engelhardt Jan Engelhardt Jan Glauber Jan Hinnerk Stosch Jan Janssen Jan Kara Jan Kiszka Jan Luebbe Jan Lübbe Jan Safrata Jan Schmidt Jan Seiffert Jan Stancek Jan Steinhoff Jan Stodola Jan Weitzel Jan-Benedict Glaw Jan-Simon Möller Jan-Simon Möller Jana Saout janek # pata_jmicron with JMB362/JMB363 Janghyuck Kim Jani Monoses Jani Nikula Janne Grunau Janne Huttunen Janne Kalliomäki Janusz Dziedzic Janusz Krzysztofik Jarkko Huijts Jarkko Nikula Jarkko Nikula Jarkko Sakkinen Jarkko Sakkinen Jarno Rajahalme Jarod Wilson Jaroslav Kysela Jason Baron Jason Cooper Jason Cooper #for kirkwood Jason Fan Jason Gerecke Jason Gunthorpe Jason Hrycay Jason J. Herne Jason J. herne Jason Jin Jason Liu Jason Low Jason Plum Jason Tibbitts Jason Wang Jason Wessel Jason Wu Jassi Brar Jassi Brar Jaswinder Singh Jaswinder Singh Jaume Delclòs Javi Merino Javier Cardona Javier Lopez Javier M. Mellid Javier Marcet Javier Martin Javier Martinez Canillas Javier Martinez Canillas Javier Martinez Canillas Javier Muñoz Jay Agarwal Jay Estabrook Jay Hernandez Jay Purohit Jay Vosburgh Jayachandran C Jayachandran C Jayakrishnan Memana Jayamohan Kallickal Jean Delvare Jean Delvare Jean Guyader Jean Nicolas Graux Jean Pihet Jean Pihet Jean Sacren Jean-Christian de Rivaz Jean-Christophe DUBOIS Jean-Christophe PLAGNIOL-VILLARD Jean-Francois Dagenais Jean-Francois Moine Jean-François Dagenais Jean-François Moine Jean-Nicolas Graux Jean-Philippe Fran=C3=A7ois Jean-Philippe François Jean-Sebastien A. Beaudry Jeeja KP Jeff Cook Jeff Disher Jeff Epler Jeff Garzik Jeff Garzik Jeff Kirsher Jeff Kirsher Jeff Kirsher Jeff Layton Jeff Layton Jeff Mahoney Jeff Moyer Jeff Pieper Jeff Pieper Jeff Pieper Jeff Skirvin Jeff Westfahl Jefferson Delfes Jeffrey Huang Jeffrin Jose Jenkins Jennifer Naumann Jenny TC Jens Axboe Jens Axboe Jens Freimann Jens Renner Jens Rottmann Jens Taprogge Jenya Y Jeongdo Son Jeongtae Park Jeremy Eder Jeremy Fitzhardinge Jeremy Fitzhardinge Jeremy Higdon Jeremy Kerr Jeremy Kerr Jeremy Rosen jerin jacob Jeroen Roovers Jerome Glisse Jerome Marchand Jerome Marchand Jerome Oufella Jerry Chu Jerry Huang Jerry Snitselaar Jerry Snitselaar Jerry Wong Jes Sorensen Jesper Dangaard Brouer Jesper Derehag Jesper Juhl Jesper Juhl Jesper Nilsson Jesper Nilsson Jesse Barnes Jesse Barnes (up to v2) Jesse Barnes (v1) Jesse Brandeburg Jesse Feddema Jesse Gross Jesse Larrew Jett Zhou Jett.Zhou Jia Hongtao Jia Hongtao Jiada Wang Jiaju Zhang Jiajun Wu Jialing Fu Jianbin Kang Jiandong Zheng Jiang Fang Jiang Liu Jiang Liu Jiang Lu Jiang Yong Jiang Yutang Jiang, Yunhong Jianguo Wu Jianpeng Ma Jiansong Chen Jie Chen Jie Liu Jim Baxter Jim Cromie Jim Faulkner Jim Foraker Jim Garlick Jim Kukunas Jim Lin Jim Meyering Jim Paradis Jim Paris Jim Quinlan Jim Rees Jim Schutt Jim Somerville Jimi Xenidis Jimi Xenidis (for PPC_CHROMA bug fix) Jin Feng Jin Navy Jin Park Jin Qing Jing Huang Jing Wang Jingchang Lu Jingjie Jiang Jingjun Wu Jingoo Han Jinyoung Jeon Jiri Benc Jiri Bohac Jiri Engelthaler Jiri Kosina Jiri Kosina (v1) Jiri Olsa Jiri Pirko Jiri Pirko Jiri Prchal Jiri Slaby Jitendra Kalsaria Jiucheng Xu JJ Ding JJ Ding Joachim Eastwood Joachim Eastwood Joakim Tjernlund Jochen Friedrich Joe Bloggsian Joe Carnuccio Joe Jin Joe Korty Joe Lawrence Joe MacDonald Joe Mario Joe Millenbach Joe Perches Joe Schaack Joe Stringer Joe Thornber Joe Woodward Joel A Fernandes Joel Becker Joel D. Diaz Joel Reardon Joerg Roedel Joerg Roedel Joern Engel Joern Engel Johan Bjornstedt Johan Hedberg Johan Hovold Johan Meiring Johan Rudholm Johannes Berg Johannes Berg Johannes Goetzfried Johannes Hirte Johannes Naab Johannes Obermayr Johannes Schellen Johannes Stezenbach Johannes Thumshirn Johannes Thumshirn Johannes Weiner John Beckett John Bishop John Blackwood John Crispin John David Anglin John David Anglin John David Anglin John David Yost # AlleyTrotter John Drescher John Dykstra on behalf of Cray Inc. John Eaglesham John Ellson John Fastabend John Gong John Hommel John Hughes John Johansen John Kacur John Li John Linn John McCarron John McFarland John Murphy John Reiser John Sheu John Smith John Soni Jose John Stultz John Stultz John Törnblom John W. Linville Jon Bloomfield (v2) Jon Brenner Jon Brenner Jon Dufresne Jon Hunter Jon Loeliger Jon Maloy Jon Mason Jon Mason Jon Mayo . Jon Medhurst (Tixy) Jon Medhurst Jon Medhurst Jon Povey Jon Stanley Jonas Aaberg Jonas ABERG Jonas Andersson Jonas Bonn Jonas Gorski Jonas Gorski Jonas Petersen Jonas Peterson Jonathan Austin Jonathan Bither Jonathan Brassow Jonathan Brassow Jonathan Brett Jonathan Cameron Jonathan Cameron Jonathan Cameron Jonathan Corbet Jonathan Gonzalez Jonathan Kliegman Jonathan McDowell Jonathan Nieder Jonathan Woithe Jonghwa Lee Jonghwan Choi jongman heo Jongpill Lee Jongsung Kim JoongMock Shin Joonsoo Kim Joonsoo Kim Joonyoung Shim Jordan Justen Joren Van Onder Jorge Boncompte [DTI2] Jorgen Jonsson Jorgyano Vieira Jorrit Schippers Jose Alberto Reguero Jose Miguel Goncalves Josef Ahmad Josef Ahmad Josef Bacik Josef Bacik Josef Bacik Josenivaldo Benito Jr. Josenivaldo Benito Junior Joseph CHANG Joseph Cihula joseph daniel Joseph Freeman Joseph Gasparakis Joseph Hindin Joseph Lo Joseph Qi Joseph Salisbury Joseph Yasi Josh Josh Boyer Josh Boyer Josh Cartwright Josh Cartwright Josh Coombs Josh Durgin Josh Durgin Josh Hay Josh Hunt Josh Radel Josh Stone Josh Taylor Josh Triplett Josh Wu Joshua Coombs Joshua Cov Joshua Kinard Joshua Zhu Josselin Costanzi Jouni Malinen Jouni Malinen Jovi Zhang Jovi Zhang joyce Jozsef Kadlecsik Jozsef Kadlecsik Jozsef Marton João Paulo Rechi Vita JP Abgrall Juan Gutierrez Juergen Beisert Juergen Lock Jugwan Eom Juha Kuikka Juha Lumme Julia Lawall Julia Lawall Julia Lemire Julian Anastasov Julian Andres Klode Julian Scheel Julian Sikorski Julian Stecklina Julian Stecklina Julian Wollrath Julien Boibessot Julien Delacou Julien Ducourthial Julien Grall Julien Massot Julien Pichon Julius Baxter Julius Werner Jun Nakajima Jun'ichi Nomura Jun-Ho, Yoon Junchang Wang Jung-uk Kim Jungseok Lee Junjie Mao Junxiao Bi Jurgen Kramer Jussi Kivilinna Jussi Kivilinna Jussi Kivilinna Justin Lecher Justin P. Mattock Justin Wheeler Jyri Sarha Jörg Otte Jörg-Volker Peetz K. Y. Srinivasan K. Y. Srinivasan K.Prasad K.Prasad Kai Bankett Kai Makisara Kai Mäkisara Kai Shi Kailang Yang Kalesh AP Kalle Jokiniemi Kalle Komierowski Kalle Valo Kalle Valo Kalle Valo [ath6kl] Kamal Dasu Kamal Mostafa Kamal Mostafa Kamalesh Babulal KAMEZAWA Hiroyuki KAMEZAWA Hiroyuki Kamil Debski Kamil Dudka Kamlakant Patel Kangkai Yin Kappel, LaurentX Karel Zak Karen Higgins Karen Xie Karl Beldan Karl Heiss Karl Newman Karl Relton Karol Lewandowski Karsten Keil Karsten Keil Karthik Manamcheri Kartik Mohta Kashyap Desai Kashyap Gada katabami Katayama Yoshihiro Katsuya Matsubara Kautuk Consul Kay Sievers Kay Sievers Kay, Allen M Kazuo Moriwaka Kazuya Mio Ke, Liping Keerthy Kees Cook Kees Cook Kefeng Wang Keir Fraser Keith Busch Keith Packard Kelly Doran Kelvie Wong Kelvin Cheung Ken Cox Keng-Yu Lin Kenji Kaneshige Kennet Wallden Kenneth Graunke Kenneth Heitke Kenny Hsu Kent Overstreet Kent Yoder Kenth Eriksson Kero van Gelder Keshava Munegowda Kevin Baradon Kevin Cernekee Kevin Daughtridge Kevin Fang Kevin Gan Kevin Groeneveld Kevin Hao Kevin Hilman Kevin Hilman Kevin Hilman # for mach-omap2/* Kevin Hilman # OMAP4/Panda Kevin Hilman # OMAP Kevin Hilman Kevin Liu Kevin McKinney Kevin Tian Kevin Wells Kevin Wilson Kevin Wolf KeyYoung Park Khalid Aziz Kim Lilliestierna Kim Phillips Kiran Divekar Kiran Patil Kiran Reddy Kirill A. Shutemov Kirill A. Shutemov Kirill Kapranov Kirill Smelkov Kirill Smelkov Kirill Tkhai Kirill V Tkhai Kirk Meyer Kishon Vijay Abraham I Kisoo Yu Kiyoshi Ishiyama Klaus Schmidinger Klaus-Dieter Wacker Kleber Sacilotto de Souza Knut Wohlrab Koen Beel Koen Kooi Koki Sanagi Konrad Eisele Konrad Eisele [leon up] Konrad Rzeszutek Wilk Konrad Rzeszutek Wilk Konrad Wilk Konstantin Dimitrov Konstantin Dorfman Konstantin Holoborodko Konstantin Khlebnikov Konstantin Khlebnikov # add comment Konstantin Khlebnikov Konstantin Shlyakhovoy Konstantin Stepanyuk Konstantin Weitz KOSAKI Motohiro KOSAKI Motohiro KOSAKI Motohiro Kosta Zertsekel Kouei Abe Kris Karas Krishna Gudipati Krishna Konda Krishna Kumar Krishna Mohan Kristen Carlson Accardi Kristian Høgsberg Kristoffer Ericson Kristoffer KARLSSON Krystian Garbaciak Krzysztof Halasa Krzysztof Hałasa Krzysztof Mazur Krzysztof Wilczynski Kudupudi Ugendreshwar Kukjin Kukjin Kim Kumar Amit Mehta Kumar Gala Kumar Sanghvi Kumar, Anil Kun Jiang Kuninori Morimoto Kurt Kanzenbach Kurt Kanzenbach Kurt Van Dijck Kusanagi Kouichi Kuyngmin Park Kyle Evans Kyle Fazzari Kyle McMartin Kyle McMartin Kyle McMartin Kyle Moffett Kyle Strickland Kyngmin Park KyongHo Cho Kyoungil Kim Kyugmin Park Kyung-Kwee Ryu Kyungmin Park Kyungmin Park Kyungmin.park Kyungsik Lee Kyunmin Park Lachlan McIlroy Lad, Prabhakar Lad, Prabhakar Lai Jiangshan Lajos Molnar Lalit Chandivade Lamarque V. Souza Lan Tianyu Lance Ortiz Lans Zhang Lans Zhang Larry Finger Larry Woodman Larry.Finger@lwfinger.net Lars Ellenberg Lars Poeschel Lars R. Damerow Lars-Peter Clausen Lasse Collin Laszlo Ersek Laura Abbott Laura Vasilescu Laurence Darby Laurent Barbe Laurent Cans Laurent Meunier Laurent Navet Laurent Pinchart Laurent Pinchart Laurent Pinchart # amifb.c Laurentiu Tudor Lauri Hintsala Lauri Hintsala Lauri Kasanen Lauro Ramos Venancio Lawrence F Meadows Laxman Dewangan Laxman Dewangan Laxman Dewangan # (parts) Laxman Dewangan Laxman Dewangani Lee A. Roberts Lee Duncan Lee G Rosenbaum Lee Jones Lee Schermerhorn Lee, Chun-Y [ dummy variable cleanup ] Lee, Chun-Yi Leed Aguilar Leela Krishna Amudala Leela Krishna Amudala Lei Wen Len Brown Len Sorensen Lennart Poettering Lennert Buytenhek Lennert Buytenhek Lennox Wu Leo Alterman Leo Song Leo Yan Leon Romanovsky Leonid Isaev Leonid Shatz Leonid Yegoshin Leonid Yegoshin Ley Foon Tan Li Dongyang Li Fei Li RongQing Li Wang Li Wei Li Xun Li Yang Li Yu Li Zefan Li Zefan Li Zefan Li Zhong Li, Zhen-Hua Liam Girdwood Liam Girdwood Liam Girdwood Liang Li Liang Tang Liang Xie Libin Libin Yang Libo Chen liguang Lijo Antony Lilach Edelstein Liming Wang Lin Feng Lin Ming Lin Ming Linas Vepstas Lingzhu Xiang Linn Crosetto Lino Sanfilippo Lino Sanfilippo Linus Luessing Linus Lüssing Linus Torvalds Linus Torvalds Linus Walleij Linus Walleij Linus Walleij : Linus Walleij Lionel Debroux Lionel Vaux (iouri) Lior Amsalem Lior Levy Liqin Chen Liran Liss Lisa Du Lisa Mitchell Lisa Nguyen Liu Bo Liu Bo Liu Bo liu chuansheng Liu David Liu Gang Liu Guoli Liu Jiang Liu Jinsong Liu po Liu Shuo Liu Shuo Liu Shuo Liu Ying Liu Yu Liu, Jinsong Liviu Dudau Liz Clark Loic Pallardy Lokesh Vutla Long Li LongX Zhang Lonsn Lorenzo Bianconi Lorenzo Colitti Lorenzo Dongarrà Lorenzo Pieralisi Lothar Felten Lothar Waßmann Lu Cao Lu Hua Lubomir Rintel Luboš Luňák Luca Clementi Luca Tettamanti Lucas De Marchi Lucas De Marchi Lucas Kannebley Tavares Lucas Stach Lucas Stach Lucia Rosculete Luciano Coelho Luciano Coelho Ludovic Barré Ludovic Ddesroches Ludovic Desroches Ludwig Nussel Luigi Semenzato Luigi Semenzato Luis Alves Luis Gonzalez Fernandez Luis Henriques Luis Llorente Luis R. Rodriguez Luis R. Rodriguez Luis R. Rodriguez Luiz Augusto von Dentz Luiz Capitulino Luka Perkov Lukas Czerner Lukasz Dorau Lukasz Kucharczyk Lukasz Majewski Lukasz Rymanowski Lv Zheng Lydia Wang M BenZoubeir M R Swami Reddy M'boumba Cedric Madianga M. Mohan Kumar Ma Ling Maarten Lankhorst Maarten ter Huurne Mac Lin Maciej Patelczyk Maciej Sosnowski Maciej Trela Maciej W. Rozycki Maciej Żenczykowski Maciek Borzecki Macpaul Lin Macpaul Lin Madhan Jaganathan Madhusudan Bhat Madhvapathi Sriram Magnus Cederlöf Magnus Damm Magnus Damm Magnus Templing Mahendra Singh Meena Mahesh Bandewar Mahesh J. Salgaonkar Mahesh Palivela Mahesh Rajashekhara Mahesh Rajashekhara Mahesh Rajashekhara Mahesh Salgaonkar Mahesh Vardhamanaiah Mai La Maia Kozheva majianpeng Malahal Naineni Malcolm Priestley Malcolm Priestley Mammatha Edhala Mandeep Singh Baines Manfred Spraul Manish Chopra Manish Dusane Manish Rangankar Manjunath Goudar Manjunath Hadli Manjunatha Halli Manjunathappa Manjunathappa, Prakash Manoel Pinheiro Manohar Vanga Manoj Iyer Mans Rullgard Mans Rullgard Mantas Mikulėnas Mantesh Sarashetti Manu Abraham Manuel Lauss Manuel Lauss Manuel Lauss [for the db1xxx_ss.c part] Manuel Stahl Manuel Traut Marc C Marc Dietrich Marc Dietrich # v2 Marc Dionne Marc Dionne Marc Gariepy Marc Gauthier Marc Kleine-Budde Marc Kleine-Budde Marc MERLIN Marc Reilly Marc Zyngier Marc Zyngier Marc Zyngier [for the viper part] Marcel Apfelbaum Marcel Holtmann Marcel Selhorst Marcelo Leitner Marcelo Ricardo Leitner Marcelo Tosatti Marcin Jurkowski Marcin Juszkiewicz Marcin Kościelnicki Marcin Slusarz Marcin Tomczak Marco Aurelio da Costa Marco Biscaro Marco Cesarano Marco Chiappero Marco Munderloh Marco Porsch Marco Porsch Marco Porsch Marco Stornelli Marcos Chaparro Marcos Paulo de Souza Marcos Paulo de Souza Marcus Cooper Marcus Danielsson Marcus Dennis Marcus Folkesson Marcus Karlsson Marcus Meissner Marek Belisko Marek Belisko Marek Lindner Marek Marczykowski Marek Olšák Marek Puzyniak Marek Szyprowski Marek Vasut Marek Vasut Marina Makienko Mario Isidoro Mario Limonciello Mariusz Bialonczyk Mark A. Greer Mark Allyn Mark Asselstine Mark Brown Mark Brown Mark Brown Mark Brown Mark Brown Mark Brown Mark Brown Mark Charlebois Mark D. Rustad Mark Einon Mark F. Brown Mark Fasheh Mark Fasheh Mark Ferrell Mark Grosen Mark Gross Mark Gross Mark Hills Mark Hills Mark Jackson Mark Langsdorf Mark Langsdorf Mark Lord Mark Nelson Mark Rusk Mark Rustad Mark Rutland Mark Salter Mark Salyzyn Mark Tinguely Mark Wielaard Mark Zhang markgross Marko Friedemann Marko Katic Marko Katic Markos Chandras Markus Becker Markus Bollinger Markus F.X.J. Oberhumer Markus Franke Markus Grabner Markus Heinz Markus Kanet Markus Pargmann Markus Schauler Markus Trippelsdorf Martijn de Gouw Martin Bachem Martin Bergstrom Martin Beyss Martin Blumenstingl Martin Bugge Martin Bundgaard Martin Fuzzey Martin George Martin Hostettler Martin Hundebøll Martin Jansa Martin K. Petersen Martin Krause Martin Michlmayr Martin Nyhus Martin Pelikan Martin Peres Martin Peschke Martin Pitt Martin Pärtel Martin Schwenke Martin Schwidefsky [s390 bits] Martin Schwidefsky Martin Sjoblom Martin Storsjö Martin Sustrik Martin Svec Martin Teichmann Martin Wilck Martin Zhang Martin.Wilck@ts.fujitsu.com Martyn Welch Maruthi Thotad Masahiro Nakai Masami Hiramatsu Masami Ichikawa Masanari Iida Masanari Iida Masatake YAMATO Massimo Morana Mat Martineau Matan Barak Mateusz Guzik Mathias Froehlich Mathias Jeppsson Mathias Krause Mathias Kretschmer Mathias Leblanc Mathias Nyman Mathieu Chouquet-Stringer Mathieu Desnoyers Mathieu Larouche Mathieu Poirier Matias Garcia Mats Fagerstrom Mats Petersson Mats Randgaard Mats Randgaard Matt Bondurant Matt Carlson Matt Evans Matt Fleming Matt Fleming [added commit history] Matt Fleming Matt Gates Matt Gomboc Matt Gruskin Matt Helsley Matt Johnson Matt Klein Matt Phillips Matt Porter Matt Renzelmann Matt Schulte Matt Sealey Matt Turner Matt Wilson Matteo Facchinetti Matteo Frigo Matthew Daley Matthew Dharm Matthew Garrett Matthew Garrett Matthew Garrett Matthew Hall Matthew Leach Matthew Leach Matthew McClintock Matthew Mowdy Matthew Robbetts Matthew Thode Matthew Treinish Matthew Vick Matthew Whitehead Matthew Whitehead Matthew Wilcox Matthias Matthias Brugger Matthias Brugger Matthias Fend Matthias Fuchs Matthias Fuchs Matthias Kaehlcke Matthias Locher Matthias Locher Matthias Schiffer Matthias Urlichs Matthieu Castet Matthieu Castet Matthieu Castet Matthijs Kooijman Mattia Dongili Mattias Nilsson Mattias Wallin Matus Ujhelyi Matus Ujhelyi Matvejchikov Ilya Matwey V. Kornilov Mauro Carvalho Chehab Mauro Carvalho Chehab Maurus Cuelenaere max Max Filippov Max Nekludov Max Tottenham Maxim A. Nikulin Maxim Kachur Maxim Levitsky Maxim Mikityanskiy Maxim Osipov Maxim Patlasov Maxim Uvarov Maxime Bizon Maxime Coquelin Maxime Coquelin Maxime Ripard Maxime Ripard maximilian attems Maximilian Engelhardt Maximilian Schwerin Maxin B. John Maxin B. John Maya Erez mayuzheng Meador Inge Meelis Roos Meenakshi Venkataraman Mehak Mahajan Mehdi MAACHE Mel Gorman Mel Gorman Meng Zhang Mengdong Lin Merav Sicron Merlin Schumacher Mian Yousaf Kaukab Miao Xie Michael "brot" Groh Michael Arndt Michael Beer Michael Bohan Michael Braun Michael BRIGHT Michael Brunner Michael Buesch Michael Büsch Michael Chan Michael Chan Michael Cree Michael D Labriola Michael Dalton Michael Davidson Michael Demeter Michael Ellerman Michael Gehring Michael Gruetzner Michael Grzeschik Michael Grzeschik Michael Heijenga Michael Hench Michael Hennerich Michael Hennerich Michael Holzheu Michael Hunold Michael J Wang Michael Jones Michael Karcher Michael Kerrisk Michael Kerrisk Michael Krufky Michael Krufky Michael Langer Michael Lawnick Michael Leun Michael Liang Michael Neuling Michael Neuling Michael Olbrich Michael Opdenacker Michael Riesch Michael S. Tsirkin Michael S. Tsirkin Michael Schmitz Michael Schmitz (on Falcon/CT60) Michael Schutte Michael Shigorin Michael Spang Michael Stapelberg Michael Thalmeier Michael Tokarev Michael Trimarchi Michael Walle Michael Walle Michael Wang Michael Witten Michael Wolf Michal Bachraty Michal Belczyk Michal Hajduk Michal Hocko [for !s390 parts] Michal Hocko Michal Kazior Michal Kubecek Michal Labedzki Michal Malý Michal Malý Michal Marek Michal Nazarewicz Michal Nazarewicz Michal Nazarewicz Michal Pecio Michal Pecio Michal Schmidt Michal Simek Michal Simek Michal Simek [Microblaze] Michał Mirosław Michał Wróbel Michel Dänzer Michel Dänzer Michel Jaouen Michel Lespinasse Michel Machado Michel Sanches Michel Stempin Miguel Gómez Miguel Vadillo Mihai Caraman Mihai Moldovan Mihail Zenkov Mihnea Dobrescu-Balaur Mika Kuoppala Mika Westerberg Mika Westerberg Mikael Pettersson Mike A. Chan Mike Christie Mike Dunn Mike Frysinger Mike Frysinger [Blackfin] Mike Galbraith Mike Galbraith Mike Galbraith Mike Habeck Mike Isely Mike Kazantsev Mike Krinkin Mike Lockwood Mike Lockwood Mike Lothian Mike Marciniszyn Mike Marciniszyn Mike Maslenkin Mike Miller Mike Miller Mike Qiu Mike Rapoport Mike Sartain Mike Sinkovsky Mike Snitzer Mike Thompson Mike Travis Mike Turquette Mike Turquette Mike Waychison Mike Yoknis Mikel Astiz Mikel Astiz Mikhail Gruzdev Mikhail Kshevetskiy Mikko Tuumanen Mikko Vinni Miklos Szeredi Mikulas Patocka Mikulas Patocka Milan Broz Milo Kim Milo(Woogyom) Kim Milos Vyletel Mimi Zohar Mimi Zohar Minchan Kim Minchan Kim Ming Jiang Ming Lei Ming Lei Minghuan Lian Mingkai Hu Minh Tran Minho Ban Minkyu Kang Mircea Gherzan Miriam Shitrit Mirko Lindner Miroslav Lichvar Miroslav Sabljic Mirsal Ennaime Misael Lopez Cruz Mischa Jonker Mischa Jonker Mitch Harder Mitch Williams Mitko Haralanov Mitsuhiro Tanino MITSUNARI Shigeo Mitsuo Hayasaka mlsemon35@gmail.com Mohammed Shafi Shajakhan Mohan V Mohd. Faris Moiz Sonasath Moiz Sonasath Mojiong Qiu Moni Shoua Moshe Lazer Mr Dash Four MR Swami Reddy mr.kobzar Mrugesh Katepallewar Mugunthan V N Muhammad Ghias Mukesh Rathor Mukund Jampala Mukund Navada Muli Ben-Yehuda MUNEDA Takahiro Murali Karicheri Murali Nalajala Mustapha Ben Zoubeir Muthukumar R Muthukumar Ratty Mykola Oleksiienko Mykyta Iziumtsev Mylene Josserand Myoungje Kim Myron Stowe Mythri P K Myugnjoo Ham MyungJoo Ham Márton Németh Nadav Amit Nadav Haklai Nadav Har'El Nadia Yvette Chambers Nadim Zubidat Nagalakshmi Nandigama Nakajima, Jun Namarta Kohli Namhyung Kim Namhyung Kim Namhyung Kim Namjae Jeon Namjae Jeon Nancy Chen Nandita Dukkipati Naohiro Aota Naour Romain Naoya Horiguchi Narayanan G Narendra K Naresh Kumar Inna Narsimhulu Musini Natanael Copa Nate Case Nathan Fontenot Nathan Hintz Nathan Lynch Nathan Myers Nathan Straz Nathan Walp Nathan Williams Nathan Zimmer Nathanael Noblet Nathaniel Yazdani Naveen Burmi Naveen Gangadharan Naveen Krishna Chatradhi Naveen Kumar Gaddipati Naveen N. Rao Naveen Singh Navin P navin patidar Neal Cardwell Neel Patel Neerav Parikh Neil Brown Neil Greatorex Neil Horman Neil Zhang NeilBrown Nellutla, Aditya Neptune Ning Nestor Lopez Casado Nestor Ovroy Nguyen Hong Ky Nhan H Mai Nicholas A. Bellinger Nicholas A. Bellinger Nicholas Bellinger Nicholas Bellinger Nicholas Santos Nick Bowler Nick Cheng Nick Dyer Nick Kossifidis Nick Kralevich Nick Piggin Nick Wang Nick Østergaard Nickolai Zeldovich Nico Macrionitis Nicolae Mogoreanu Nicolas Boullis Nicolas Cavallari Nicolas de Pesloüan Nicolas Dichtel Nicolas Ferre Nicolas Ferre (AT91) Nicolas Ferre # atmel_lcdfb.c Nicolas Kaiser Nicolas Kalkhof nkalkhof()at()web.de Nicolas Palix Nicolas Pitre Nicolas Pitre Nicolas Pitre Nicolas Pitre Nicolas Royer Nicolas Schichan Nicolas Thery Niels de Vos Niels Ole Salscheider Nigel Cunningham Nigel Kirkland Nigel Roberts Nikhil P Rao Nikitas Angelinas Niklas Hernaeus Niklas Söderlund Niklas Söderlund Nikola Pajkovsky Nikola Pajkovsky Nikolai Kondrashov Nikolai Spasov Nikolaus Schulz Nikolaus Voss Nikolay Aleksandrov Nikolay Balandin Nikos Mavrogiannopoulos Nikunj A. Dadhania Nilesh Javali Nils Kanning Ning Jiang Ning Jiang nirinA raseliarison Nishank Trivedi Nishant Sarmukadam Nishanth Aravamudan Nishanth Aravamudan Nishanth Menon Nithin Nayak Sujir Nitin A. Kamble Nitin Gupta Niu Yawei Nivedita Singhvi Noam Camus Nobuhiro Iwamatsu Nobuhiro Iwamatsu Noguchi Kazutosi Norbert Preining Octavian Moraru Octavian Purdila OGAWA Hirofumi Ohad Ben-Cohen okir@suse.de Ola Lilja Olaf Hering Oleg Matcovschi Oleg Nesterov Oleh Kravchenko Oleksandr Chumachenko Oleksandr Dmytryshyn Oleksij Rempel (fishor) Oleksij Rempel Oliver Chick Oliver Hartkopp Oliver Neukum Oliver Neukum Oliver Neukum Oliver Schinagl Oliver Smith Oliver Winker Olivia Yin Olivier CLERGEAUD Olivier Goffart Olivier Grenie Olivier Guiter Olivier Sobrie Olof Johansson Olof Johansson Omair M. Abdullah Omair Mohammed Abdullah Omar Ramirez Omar Ramirez Luna Omar Ramirez Luna Omar Ramirez Luna Ondrej Zary Or Gerlitz Oren Duer Orion Poplawski Orit Brayer Orit Wasserman Orjan Friberg Ortwin Glück Oskar Andero Oskar Schirmer Oskari Saarenmaa Otavio Salvador Oto Petrik Otto Estuardo Solares Cabrera Otto Meta Ouyang Maochun Ozan Çağlayan Ozan Çağlayan P J P Pablo Neira Ayuso Pablo Neira Ayuso Padmanabh Ratnakar Padmavathi Venna Paer-Olof Haakansson Pali Rohar Pali Rohár Palmer Cox Pan Jiafei Panayiotis Karabassis Pandiyarajan Pitchaimuthu Pankaj Jangra Pankaj Kumar Pantelis Antoniou Paolo Bonzini Paolo Pantò Paolo Pisati Paolo Pisati Paolo Valente Par-Olof HAKANSSON Parag Warudkar Parav Pandit Partha Basak Pascal Bouchareine Pascal Chapperon Pasi Savanainen Pasi Savanainen Patil, Rachna Paton J. Lewis Patrice Chotard Patrice Chotard Patrice Chotard nn Patrice Chotard Patrice Vilchez Patrick Boettcher Patrick Boettcher Patrick Lai Patrick McHardy Patrick Trantham Patrick Vasseur Patrik Jakobsson Patrik Kluba Patrik Kårlin Patrizio Bassi Pau Koning Paul Bolle Paul Cercueil Paul Chavent Paul Clements Paul Clothier Paul E. McKenney Paul E. McKenney Paul Fertser Paul Fox Paul Fulghum Paul Gortmaker Paul Handrigan Paul Mackerras Paul Marks Paul Menzel Paul Moore Paul Moore Paul Mundt Paul Neumann Paul Parsons Paul Parsons (pxa270) Paul Pluzhnikov Paul Sbarra Paul Sokolovsky Paul Stewart Paul Szabo Paul Taysom Paul Thomas Paul Turner Paul Vlase Paul Walmsley Paul Walmsley # OMAP3730, OMAP4430 Paul Wouters Paul Zimmerman Paul Zimmerman Paul.Clements@steeleye.com Paulo Sérgio Paulo Zanoni Paulo Zanoni (v1) Paulo Zanoni Pavan Kunapuli Pavan Savoy Pavankumar Kondeti Pavel Emelyanov Pavel Emelyanov Pavel Hofman Pavel Machek Pavel Machek Pavel Ondračka (i945g) Pavel Pisa Pavel Roskin Pavel Shilovsky Pavel Shilovsky Pavel Shilovsky Pavel Shilovsky Pavel Tikhomirov Pavel Zubarev Pawel Baldysiak Pawel Moll Pawel Moll Pawel Moll (v2m changes) Pawel Osciak Pawel Wieczorkiewicz Paweł Sikora Pekka Enberg Pekka Enberg Pekka Riikonen Pekon Gupta pender01 Peng Chen Peng Tao Per Ellefsen Per Forlin Per Jessen Pete Delaney Pete Eberlein Pete Leigh Pete Zaitcev Peter A. G. Crosthwaite Peter Anvin Peter Boonstoppel Peter Chen Peter Clifton Peter Crosthwaite Peter De Schrijver Peter Feuerer Peter Foley Peter Huang Peter Huewe Peter Huewe Peter Hurley Peter Hutterer Peter Hüwe Peter Jones Peter Korsgaard Peter Korsgaard Peter Korsgaard Peter Korsgaard (for ocores and mux-gpio) Peter Lekensteyn Peter M. Petrakis Peter Maydell Peter Meerwald Peter Meerwald Peter Meiser Peter Moody Peter Oberparleiter Peter Osterlund Peter P Waskiewicz Jr Peter Popovec Peter Ross Peter Ross (G35 SDVO-HDMI) Peter Senna Tschudin Peter Stuge Peter Tyser Peter Ujfalusi Peter Ujfalusi Peter Vasil Peter Verthez Peter Watkins Peter Wiese Peter Wu Peter Zijlstra Peter Zijlstra Peter Ziljstra peter@colberg.org Petko Manolov Petr Holasek Petr Kubánek Petr Malat Petr Matousek Petr Tesarik Petr Uzel Petr Vandrovec Petr Vandrovec Petri Gynther Phil Blundell Phil Dibowitz Phil Edworthy Phil Oester Phil Schmitt Phil Sutter Phileas Fogg Philip A. Prindeville Philip Avinash Philip J Kelleher Philip Prindeville Philip Rakity Philip Rakity Philip Rakity Philip, Avinash Philip, Avinash # TI's AM33xx platforms Philipp A. Mohrenweiser Philipp Dreimann Philipp Grete Philipp Hahn Philipp Reisner Philipp Zabel Philipp Zabel Philippe Begnic Philippe De Muyter Philippe De Swert Philippe De Swert Philippe Langlais Philippe LANGLAIS Philippe Reynes Philippe ROUBACH Philippe Rétornaz Phillip Lougher Phillip Susi Pierangelo Terzulli Piergiorgio Beruto Piergiorgio Sartor Pierre Carrier Pierre Sauter Pierre Tardy Pierre-Eric Pelloux-Prayer Pierre-Louis Bossart Pierre-Loup A. Griffais Pierrick Hascoet Ping Cheng Ping Cheng PingYang Zhang Piotr Haber Pontus Fuchs Poonam Aggrwal Poornima Vonti Prabhakar Kushwaha Prabhakar Lad Prabhakar Lad Pradeep A Dalvi Pranav Ravichandran Praneeth Bajjuri Prarit Bhargava Prasad Joshi Prasanna Kumar Prasanna Kumar Prasanna S Panchamukhi Prasanna S. Panchamukhi Prashant Gaikwad Prashanth Nageshappa Prathyush K Pratik Pujar Pratyush Anand Pratyush Anand Praveen Murali Praveen Paneri Praveena Nadahally Pravin B Shelar Preetham Chandru R Preeti Murthy Preeti U Murthy Preston Fick Priit Laes Pritesh Raithatha Priyanka Jain Przemo Firszt Puneet Kumar Qasim Javed Qiang Liu Qiao Zhou Qin Rui Qing Xu Qu Wenruo Quentin.Li Quinlan Pfiffer Quoc-Son Anh Quoc-Viet Nguyen R Sricharan R. Chandrasekar Rabin Vincent Rabin Vincent Radek Pilar Radhesh Fadnis Rado Vrbovsky Radomir Vrbovsky Rafael Aquini Rafael J. Wysocki Rafael J. Wysocki Rafael J. Wysocki Rafal Bilski Rafal Kapela Rafal Krypa Rafal Milecki Rafal Prylowski Rafał Bilski Rafał Miłecki Raffaele Recalcati Rafi Rubin Raghavendra Raghavendra D Prabhu Raghavendra K T Raghu Gandham Rahul Sharma Rainer Koenig Raja Mani Rajagopal Venkat Rajan Srivastava Rajanikanth H.V Rajanikanth HV Rajashekhara, Sudhakar Rajeev Kumar Rajendra Nayak Rajesh Bhagat Rajesh Borundia Rajiv Andrade Rajkumar Kasirajan Rajkumar Manoharan Rajman Mekaco Raju Subramanian Rakesh Iyer Rakib Mullick Ralf Baechle Ralf Jung Ralph Droms Ram Malovany Ram Pai Ramachandra Gajula Ramakrishna Pallala Ramesh Babu K V Ramesh Chandrasekaran Ramesh Nagappa Rami Rosen Rami Rosen Ramneek Mehresh Randy Dunlap Randy Dunlap Raphael Assenat Raphael S. Carvalho Raphael S.Carvalho Rasesh Mody Rasmus Villemoes Ratan Nalumasu Raul Porcel Raul Xiong Ravi Babu Ravi Kumar V Ravi Murty Ravikiran Thirumalai Ravishankar Karkala Mallikarjunayya Ravishankar N Ravishankar N Ray Chen Ray Chen Ray Morris Ray Strode Rayagond Kokatanur Raymond Yau Raymund Will Razvan Ghitulete Raúl Porcel Rebecca Schultz Zavin Reese Moore Reilly Grant Reinhard Nißl Reinhard Tartler Remi Schwartz Remy Blank Ren Mingxin Ren, Yongjie Renata Sayakhova René Bolldorf René Bürgel Reuben Dowle Rhyland Klein Rhys Ricardo Martins Ricardo Neri Ricardo Neri Ricardo Salveti de Araujo Rich Lane Richard A. Griffiths Richard A. Smith Richard Alpe Richard Boyd Richard Braun Richard Cochran Richard Crossley Richard Fitzgerald Richard Genoud Richard Guy Briggs Richard Guy Briggs Richard Hartmann Richard Henderson Richard Kennedy Richard Kuo [hexagon bits] Richard Kuo Richard Purdie Richard Rojfors Richard W.M. Jones Richard Weinberger Richard Zhao Richard Zhao Richard Zhao Rick Jones Rickard Andersson Rik van Riel Rikard Olsson Rishi Panjwani Rob Clark Rob Clark Rob Clark Rob Clark Rob Evers Rob Herring Rob Herring Rob Landley Rob van der Heij Robert Berger Robert Butora Robert de Vries Robert E Garrett Robert Evans Robert Garrett Robert Garrett Robert Gerlach Robert Jarzmik Robert Jennings Robert Knight Robert Lee Robert Lemaire Robert Love Robert Marklund Robert Moore Robert Morell Robert Nelson Robert Obermeier Robert P. J. Day Robert Richter Robert Richter Robert Richter Robert Schwebel Robert Shade Robert Tivy Roberto Agostino Vitillo Roberto Romer Robin Dong Robin Getz Robin Holt Rodolfo Giometti Rodrigo Vivi Roel Kluin Roel van Meer Roger Blofeld Roger Lucas Roger Pau Monne Roger Pau Monné Roger Quadros Roger Tseng Rohit Vaswani Roi Dayan Rojhalat Ibrahim Roland Dreier Roland Eggner Roland McGrath Roland Scheidegger Roland Stigge Rolf Eike Beer Rolf Manderscheid Romain Francoise Romain Kuntz Roman Gushchin Roman Schneider Ronald Ronald Wahl RongQing.Li Ronny Hegewald Ronny Standtke Rony Efraim Roopa Prabhu Roopa Prabhu Ross Brattain Ross Lagerwall Rostislav Lisovy Roy Spliet Roy Zang Ruan Zhijie Ruchika Kharwar Rui li Rui Zhang Runzhen Wang Rupesh Gujare Rupesh Gujare Rupesh Kumar Ruslan Bilovol Ruslan Ruslichenko Russ Anderson Russ Dill Russ Dill Russ Gorby Russ.Dill@ti.com Russell King Russell King Russell Webb Rusty Russell Rusty Russell (constified vringh_config) Rusty Russell (fixed accidental deletion) Rusty Russell (made all out-of-line) Rusty Russell (merge fixes) Rusty Russell (minor fixes) Rusty Russell (minor Kconfig fix) Rusty Russell (minor simplification) Rusty Russell (minor typo fix) Rusty Russell (rebased & cut down) Rusty Russell (removed unused var) Rusty Russell (use VMLINUX_SYMBOL_STR) Rusty Russell (virtio_ids.h) Ryan Bourgeois Ryan Mallon Ryan Press Ryley Angus Ryo Munakata Ryo Tsutsui Ryosuke Saito Ryota Ozaki Ryusuke Konishi Rémi Cardona Rémi Denis-Courmont Rémi Denis-Courmont Sachin Bhamare Sachin Kamat Sachin Kamat Sachin Prabhu Sagar Bijwe Sage Ahn Sage Weil Sage Weil Sagi Grimberg Sagi Grimberg Sahara Sakari Ailus Sakari Ailus Sakari Ailus Sakethram Bommisetti Sakthivel K Sakthivel K Salman Qazi Sam Bradshaw < sbradshaw@micron.com> Sam Bradshaw Sam Creasey Sam Hansen Sam Lang Sam Leffler Sam Ravnborg Sameer Nanda Sami Liedes samix.lebsir Samu Kallio Samuel Iglesias Gonsalvez Samuel Iglesias Gonsálvez Samuel Jero Samuel Li Samuel Liao Samuel Oritz Samuel Ortiz Samuel Ortiz [for the MFD part] Samuel Ortiz Samuel Tardieu Samuel Thibault Samuel Thibault Sandeep Malik Sander Eikelenboom Sandy Wu Sangbeom Kim Sangho Yi Sangsu Park SangWook Ju Sangwook Lee Sanjay Lal Sankara S Muthukrishnan Sanket Shah Sanket Shah Santhapuri, Damodar Santiago Garcia Mantinan Santiago Leon Santosh Nayak Santosh Rastapur Santosh Sajjan Santosh Shilimkar Santosh Shilimkar Santosh Vernekar Santosh Y Santosh Yaraganavi Sarah Sharp Saranya Gopal Saravana Saravana Kannan Sarveshwar Bandi Sascha Hauer Sascha Hauer Sascha Herrmann Sasha Levin Sasha Levin Sasikantha babu Sathisha Nanjappa Sathya Perla Sathya Perla Satoru Moriya Satoru Takeuchi Satoru Takeuchi Saugata Das Saul St. John Saurabh Mohan Saurabh Mohan Saurav Kashyap scameron@beardog.cce.hp.com Scott Ashcroft Scott Dial Scott Jiang Scott Ling Scott Ling Scott Liu Scott Murray Scott Teel Scott Teel Scott Wood Sean Connor Sean Cross Sean Finney Sean Hefty Sean M. Pappalardo - D.J. Pegasus Sean MacLennan Sean Patrick Santos Sean Paul Sean Santos Sean Stewart Sean Young Sebastiaan de Haan Sebastian Andrzej Siewior Sebastian Andrzej Siewior Sebastian Ehrenfels Sebastian Haas Sebastian Hahn Sebastian Hesselbarth Sebastian Hesselbarth Sebastian Heß Sebastian Krahmer Sebastian Macke Sebastian Ott Sebastian Rasmussen Sebastian Reichel Sebastian Riemer Sebastian Wankerl Sebastien Guiriec Sebastien Jan Sebastien Pasdeloup Sebastien Royen Sedat Dilek Seiji Aguchi Sekhar Nori Selvan Mani Selvan Mani Sen Wang SeongJae Park Serban Constantinescu Serge E. Hallyn Serge E. Hallyn Serge E. Hallyn Serge E. Hallyn Serge Hallyn Serge Hallyn Sergei Poselenov Sergei Shtylyov Sergei Shtylyov Sergei Shtylyov Sergei Shtylyov Sergei Trofimovich Sergei Trofimovich Sergey Dyasly Sergey Popovich Sergey Senozhatsky Sergey Vlasov Sergey Yanovich Sergio Aguirre Sergio Aguirre Sergio Cambra Sergio Correia Sergiu Giurgiu Sesidhar Baddela Seth Forshee Seth Heasley Seth Jennings Seung-Woo Kim Seungwon Jeon Sha Zhengju Shachar Shemesh Shahed Shaikh Shai Fultheim Shaik Ameer Basha Shan Hai Shan Wei Shane Huang Shane McDonald Shani Michaeli Shankar Brahadeeswaran Shaohua Li Shaohua Li Shaohui Xie Shashidhar Hiremath Shaun Ruffell Shaveta Leekha Shawn Bohrer Shawn Bohrer Shawn Guo Shawn Landden Shawn Lu Shawn Nematbakhsh Shawn Wang Shea Levy Sheng Yang Shengzhou Liu Sherwin Soltani Shimmer Huang Shinichi Hotori Shinya Kuribayashi Shiraz Hashim Shirish Pargaonkar Shirish S Shlomo Pongratz Shmulik Ladkani Shmulik Ravid Shobhit Kumar Shreshtha Kumar Sahu Shreyas Bhatewara Shreyas N Bhatewara Shridhar Rasal Shriram Rajagopalan Shuah Khan Shuah Khan Shuah Khan Shubhrajyoti Shubhrajyoti D Shubhrajyoti Datta Shuduo Sang Shun Fu ShuoX Liu Shweta Gulati Shyam Sundar shyju pv Shérab Sibai Li Siddhesh Poyarekar Sidney Amani Silas Boyd-Wickizer Silviu-Mihai Popescu Simo Sorce Simon Simon Arlott Simon Baatz Simon Budig Simon Derr Simon Farnsworth Simon Glass Simon Graham Simon Graham Simon Guinot Simon Guinot Simon Haggett Simon Horman Simon Horman Simon Kirby Simon Kitching Simon Marchi Simon Que Simon Raffeiner Simon Wilson Simon Wood Simon Wunderlich Simon Wunderlich simon@mungewell.org Sivaram Nair Sjoerd Simons Sjur Brendeland Sjur Brændeland Sjur Brændeland Slava Pestov snijsure@grid-net.com Soeren Moch Somnath Kotur Sonic Zhang Sonny Rao Sony Chacko Soren Brinkmann Soren Hansen Sorin Dumitru Soumik Das Sourav Poddar Sourav Poddar (v2) Spencer Krum Sreekanth Reddy Sricharan R Sridhar Samudrala Sridhar Samudrala Srikar Dronamraju Srikar Dronamraju srinidhi kasagar Srinivas Bakki Srinivas Eeda Srinivas Kandagatla srinivas pandruvada Srinivas Pandruvada Srinivas_Gowda Sriramakrishnan A G Sritej Velaga Srivatsa S. Bhat Srivatsa Vaddagiri Stanislav Kinsbursky Stanislav Kozina Stanislav Meduna Stanislav Yakovlev Stanislav Yakovlev [ipw2x00] Stanislaw Gruszka Stanislaw Gruszka Stanislaw Ledwon Stany MARCEL Stas Sergeev stathis Steev Klimaszewski Steev Klimazewski Stef van Os Stefan Achatz Stefan Assmann Stefan Assmann Stefan Bader Stefan Behrens Stefan Berger Stefan de Konink Stefan Fritsch Stefan Haberland Stefan Hajnoczi Stefan Hajnoczi Stefan Hajnoczi Stefan Hasko Stefan Hengelein Stefan Hubner Stefan Kristiansson Stefan Lippers-Hollmann Stefan Metzmacher Stefan Muenzel Stefan Nagy Stefan Nilsson XK Stefan Peter Stefan Peter Stefan Raspl Stefan Reif Stefan Richter Stefan Richter (changed the comment) Stefan Richter (fixed sound/firewire/cmp.c) Stefan Roese Stefan Schmidt Stefan Schmidt Stefan Seyfried Stefan Staedtler Stefan Weinhuber Stefani Seibold Stefano Babic Stefano Panella Stefano Stabellini Steffen Klassert Steffen Maier Steffen Müller Steffen Persvold Steffen Rumler Steffen Trumtrar Stelian Nirlu Stepan Moskovchenko Stephan Frank Stephan Gatzka Stephan Gatzka Stephan Hilb Stephan Linz Stephan Raue Stephan Schreiber Stephane Eranian Stephane Eranian Stephane Fillod Stephane Grosjean Stephane Marchesin Stephen Boyd Stephen Chivers Stephen George Stephen Hemminger Stephen Hemminger Stephen Hemminger Stephen Hemminger Stephen Hurd Stephen Ko Stephen Ko Stephen Lewis Stephen M. Cameron Stephen M. Cameron Stephen Rothwell Stephen Rothwell Stephen Röttger Stephen Smalley Stephen Thirlwall Stephen Warren Stephen Warren [Tegra] Stephen Warren Stephen Warren: Steve Bennett Steve Capper Steve Capper Steve Conklin Steve Cornelius Steve Dickson Steve French Steve French Steve French Steve Glendinning Steve Grubb Steve Hodgson Steve Sakoman Steve Wise steve zhan Steven "Mr. Procrastinator" Rostedt Steven "The King of Nasty Macros!" Rostedt Steven Clark Steven French Steven Fuerst Steven Harms Steven Hsieh Steven J. Hill Steven J. Hill Steven J. Hill Steven J. Magnani Steven King Steven Miao Steven Newbury Steven Noonan Steven Noonan Steven P. Nickel Steven Rostedt Steven Rostedt (previous version subtly different) Steven Rostedt Steven T Hampson Steven Truelove Steven Walter Steven Whitehouse Stone Piao Stoney Wang Stratos Karafotis Stuart Foster Stuart Hayes Stuart Hodgson Stuart Menefy Stuart Swales Stuart Yoder Stéphane Marchesin Subash Patel Subash Patel Subhash Jadavani Subhasish Ghosh Subodh Nijsure Subramania Sharma Subramaniam Chanderashekarapuram Subrata Modak Sucheta Chakraborty Sudarsana Reddy Kalluru Sudeep Dutt Sudeep KarkadaNagesha Sudhakar Mamillapalli Sujit Reddy Thumma Sujith Manoharan Sujith Manoharan Sujith Manoharan sujith sankar Sukadev Bhattiprolu Sukanto Ghosh Suleiman Souhlal Suman Anna Sumit Semwal Sumit Semwal Sune Mølgaard Sungchun Kang Sunguk Lee Sunhee Hwang Sunhee Hwang Sunil Mazhavanchery Sunil Mushran Sunyoung Kang Supriya Karanth Suravee Suthikulanit Suravee Suthikulpanit Suresh Chandrasekaran Suresh Jayaraman Suresh Jayaraman Suresh Reddy Suresh Siddha Suzuki K Poulose Suzuki K. Poulose Suzuki Poulose Sven Eckelmann Sven Eckelmann Sven Geggus Sven Killig Sven Schmitt Sven Schnelle Sven Schuchmann Sven Vermeulen Sven Wegener svenjoac@gmx.de Svetoslav Neykov Swapna Thete Syam Sidhardhan Syed Rafiuddin Sylvain Munaut Sylvain Munaut Sylvain Roger Rieunier Sylwester Nawrocki Sylwester Nawrocki Szymon Janc Szymon Janc Sören Brinkmann Søren Holm T Krishna Chaitanya T Krushna Chaitanya T Makphaibulchoke Tai-hwa Liang Takahiro Shimizu Takahisa Tanaka Takamori Yamaguchi Takao Indoh Takashi Iwai Takashi Yoshii Taku Izumi Taku Izumi Takuya Yoshikawa Takuya Yoshikawa Tamas K Lengyel Tammy Yang Tamon Shiose Tang Chen Tang Liang Tang Yuantian Tang Yuantian Tanguy Bouzeloc Tao Guo Tao Guo Tao Hou Tao Ma Tarun Kanti DebBarma Tasslehoff Kjappfot Tatsunosuke Tobita Tatyana Nikolova Taylor Ralph Tedd Ho-Jeong An Tej Parkash Tejun Heo Tejun Heo nnn Tejun Heo Teppei Kamijou Teppo Kotilainen Terje Bergstrom Tero Kristo Tero Kristo Tero Roponen Terry Barnaby Tested-by: Simon Horman Tetsuo Handa [tomoyo] Tetsuo Handa Tetsuo Handa wrote: Tetsuyuki Kobayashi Thadeu Lima de Souza Cascardo Thadeu Lima de Souza Cascardo Thang Q. Nguyen Theodore Kilgore Theodore Ts'o Thiago Farina Thiago Rafael Becker Thierry Escande Thierry Reding Thierry Reding Thirumalai Pachamuthu Thirupathi Thomas Abraham Thomas Abraham Thomas Betker Thomas Betker Thomas Bogendoerfer Thomas Chou Thomas Faber Thomas Gleixner Thomas Graf Thomas Graf Thomas Hadig Thomas Hellstrom Thomas Huehn Thomas Jackson Thomas Jarosch Thomas Kavanagh Thomas Langer Thomas Mair Thomas Meyer Thomas Mingarelli Thomas Pedersen Thomas Pedersen Thomas Pedersen Thomas Petazzoni Thomas Reitmayr Thomas Renninger Thomas Richter Thomas Sailer Thomas Schlichter Thomas Schwinge Thomas Schäfer Thomas Wagner Thomas Waldecker Thomas Weber Thomas Weber Thomas Weber Thommy Jakobsson Thorsten Glaser Thorsten Kranzkowski Tiana Rakotovao Andriamahefa Tiejun Chen Tigran Mkrtchyan Tilman Schmidt Tim Bentley Tim Bird Tim Blechmann Tim Chen Tim Gardner Tim Mcgrath Tim Sally Tim Schendekehl Tim Wang Timo Aaltonen Timo Kokkonen Timo Teräs Timo Teräs Timur Tabi Timur Tabi Tina.Yang Tino Reichardt Tino Reichardt Tirupathi Reddy Tkhai Kirill Toan Pham Tobias Geiger Tobias Klauser Tobias Klauser Tobias Lorenz Tobita Tatsunosuke Todd Poynor Todor Colov Tom Goff Tom Gundersen Tom Harwood Tom Herbert Tom Hughes Tom Jackson Tom Keel Tom Parkin Tom Rini Tom Stellard Tom Tucker Tom Tucker Tom Zanussi Tom Zanussi Tomas Cassidy Tomas Cech Tomas Henzl Tomas Hlavacek Tomas Hozza Tomas Janousek Tomas Melin Tomas Novotny Tomas Papan Tomas Racek Tomas Winkler Tomasz Bursztyka Tomasz Figa Tomasz Figa Tomasz Guszkowski Tomasz Mloduchowski Tomasz Moń Tomasz Nowicki Tomasz Stanislawski Tomi Valkeinen Tommi Rantala Tomoki Sekiyama Tomoki Sekiyama Tomoya MORINAGA Tong Liu Tony Breeds Tony Camuso Tony Camuso Tony Cheneau Tony Lindgren Tony Lindgren (OMAP1) Tony Lindgren : Tony Luck Tony Luck Tony Luck Tony Prisk Tony Wu Tony Zelenoff Toralf Förster Torben Hohn Tore Anderson Tormod Volden Torstein Hegge Torsten Duwe Torsten Kaiser Torsten Luettgert Torsten Schenk Toshi Kani Toshiaki Yamane Tracey Dent Tregaron Bayly Trey Ramsay Tristan Pourcelot Trond Myklebust Trulan Martin Truls Bengtsson Tsutomu Itoh Tushar Behera Tushar Dave Tvrtko Ursulin Tyler Hicks Ugis Ulf Hansson Ulf Hansson Ulisses Furquim Ulrich Drepper Ulrich Hecht Ulrich Obergfell Ulrich Weber Uri Habusha Uri Yosef Uros Bizjak Ursula Braun Ursula Braun Ursula Braun Uwe Kleine-Koenig Uwe Kleine-König Uwe Kleine-König Vaclav Mocek Vadim Frolov Vahram Martirosyan Vahram Martirosyan Vaibhav Bedia Vaibhav Hiremath Vaibhav Hiremath # AM335x Vaibhav Nagarnaik Vaidyanathan Srinivasan Vakul Garg Valdis Kletnieks Valentin Ilie Valentin Longchamp Valentina Manea Valerie Aurora Valerie Aurora (Original author) Vandana Salve Varun Sethi Varun Wadekar Vasant Hegde Vasanth Ananthan Vasanthakumar Thiagarajan Vasiliy Kulikov Vasily Averin Vasily Khoruzhick Vasily Kulikov Vasu Dev Vasundhara Volam Veaceslav Falico Veli-Pekka Peltola Venkat Subbiah Venkat Venkatsubra Venkatesh Pallipadi Venkatesh Srinivas Venkatraman S Venkatraman S Venu Byravarasu Victor Goldenshtein Victor Prupis Vijay Badawadagi Vijay Chauhan Vijay Kumar Mishra Vijay Mohan Pandarathil Vijay Purushothaman Vijay Subramanian Vijaya Mohan Guvva Vikas C Sajjan Vikas Chaudhary Vikas Manocha Vikas Sajjan Vikram Mulukutla Vikram Narayanan Vikram Pandita Viktor Novotný Viliam Trepák Ville Nuorvala Ville Ranki Ville Syrjälä Ville Syrjälä Vimalkumar Vinayak Holikatti Vinayak Menon Vince Weaver Vince Weaver Vincent Bernat Vincent Deffontaines Vincent Frentzel Vincent Guittot Vincent Palatin Vincent Pelletier Vincent Penquerc'h Vincent Sanders Vincent Stehlé Vincent Stehlé Vincent Wen Vincenzo Frascino Vineet Gupta Vinh Nguyen Huu Tuong Vinicius Costa Gomes Vinit Agnihotri Vinit Kamalaksha Shenoy Vinit Shenoy Vinod Koul Vinod Koul Vinson Lee Vinícius Angiolucci Vipin Kumar Vipul Kumar Samar Vipul Pandya Viresh Kumar Viresh Kumar Viresh Kumar Viresh Kumar Viresh Kumar Viresh Kumar Viresh Kumar Virupax Sadashivpetimath Vishal Agarwal Vishal Verma Vishal Verma Vishwanath BS Vishwanathrao Badarkhe, Manish Vishwas A Deshpande Vitalii Demianets Vitaliy Gusev Vitaliy Kulikov Vitaly Andrianov Vitaly Chernooky Vitaly E. Lavrov Vitaly Kuznetsov Vitaly V. Bursov Vitaly Wool Vivek Gautam Vivek Goyal Vivek Kashyap Vivek Natarajan Vivek Trivedi Vivek Trivedi Vivi Li Vivien Didelot VL Vlad Yaseivch Vlad Yasevich Vlad Yasevich Vlad Yasevich Vlad Yasevich Vlad Yasevich Vlad Yasevich Vlad Zolotarov Vladimir Barinov Vladimir Davydov Vladimir Ermakov Vladimir Kondratiev Vladimir Murzin Vladimir Serbinenko Vladimir Zapolskiy Vladimir Zapolskiy Vladimir Zapolskiy Vlastimil Kosar Volodymyr Mieshkov Volokh Konstantin Voncken C Acksys Vu Pham Vyacheslav Dubeyko Víctor Manuel Jáquez Leal W. Trevor King W. Trevor King Wade Cline Wade Farnsworth Waiman Long Waldemar Rymarkiewicz Wan ZongShun WANG Chao WANG Cong WANG Cong Wang Dongsheng Wang Sen Wang Sheng-Hui Wang Shilong Wang Tianhong Wang Xingchao Wang Xingchao Wang YanQing wang, biao Wanlong Gao Wanlong Gao Wanpeng Li Wanpeng Li Wanpeng Li Warren Turkal Wayne Boyer Wei Liu Wei Ni Wei Shuai Wei Wang Wei WANG Wei Yang Wei Yang Wei Yang Wei Yongjun Weiping Pan Weiping Pan weixing Wen Congyang Wen Xiong Wen-chien Jesse Sung Wenbing Wang Weng Meiling Wenqi Ma Wenyou Yang Werner Almesberger Wesley W. Terpstra Weston Andros Adamson Wey-Yi Guy Wey-Yi W Guy Will Auld Will Deacon Will Drewry Will Hawkins Will Newton Will Newton Will Schmidt Willem de Bruijn William Blair William Dauchy William Douglas William Reich William Steidtmann Willy Tarreau Wilson Callan Wim Van Sebroeck Winkler, Tomas Witold Baryluk Witold Szczeponik Wojciech Dubowik Wojciech M Zabolotny Wolfgang Denk Wolfgang Frisch Wolfgang Grandegger Wolfgang Mauerer Wolfram Sang Wolfram Sang Wolfram Sang Woody Hung Woody Suwalski Wouter de Geus Wouter Verhelst Wu Fengguang Wu Guoxing wwang Xi Wang Xiangliang Yu Xiangzhen Ye Xianhan Yu Xiantao Zhang Xiao Guangrong Xiao Jiang Xiao Mei ZHANG Xiaobing Tu Xiaodong Xu Xiaofan Tian Xiaoguang Chen Xiaohui Xin xiaojin Xiaotian Feng Xiaotian Feng Xiaowei.Hu Xiaoyan Zhang Xie Xiaobo Xie XiuQi Xingchao Wang Xinyu Chen xiong Xiong Zhang Xiong Zhou Xishi Qiu Xose Vazquez Perez Xu Jiucheng Xu Jiucheng Xudong Hao Xue Ying Xuelin Shi xueminsu Xufeng Zhang Yaakov Selkowitz Yacine Belkadi Yadi Brar Yadwinder Singh Brar Yair Shapira Yakui Zhao YAMANE Toshiaki yan Yan Burman Yan Hong Yan, Zheng Yan-Pai Chen Yanchuan Nian Yang Bai Yang Guang Yang QU Yang Zhang yangyongqiang YanHong Yaniv Rosner Yaniv Rosner Yanko Kaneti Yanmin Zhang Yanmin Zhang Yann E. MORIN Yannick Fertre Yashpal Dutta Yasuaki Ishimatsu Yegor Yefremov Yehuda Yitschak Yen Lin Yevgeniy Melnichuk Yevgeny Petrilin Yevgeny Petrilin Yi Zhang Yi Zou Yijing Wang Yilu Mao Yin, Fengwei Ying Han Ying Han Ying Luo Ying Xue Ying Xue Ying-Chun Liu (PaulLiu) Ying-Chun Liu (PaulLiu) Ying-Chun Liu Yinghai Lu Yinghai Lu Yishai Hadas Yoann JUET Yogesh Ashok Powar Yogesh Powar Yoichi Shinoda Yoichi Yuasa Yong Ding Yong Wang Yong Zhang Yongjie Ren Yongjie Ren Yongqiang Yang Yongsul Oh Yoni Divinsky York Sun YOSHIFUJI Hideaki YOSHIFUJI Hideaki dave Yoshihiro Shimoda Yoshihiro YUNOMAE Yoshinori Sato Younghwan Joo YoungJun Cho Youquan Song Yu Niiro Yu Xu Yuan Jiangli Yuan Kang Yuan-Hsin Chen Yuang Guang Yuanhan Liu Yuanhan Liu Yuanquan Chen Yuchung Cheng Yufeng Shen Yuly Novikov Yunchuan Wen Yunfan Zhang Yunhong Jiang Yuping Luo Yuri Khan Yuri Matylitski Yuriy Kozlov Yusuke Goda Yuta Ando Yuval Mintz Yuvaraj CD Yvan FILLION Zach Brown Zach Brown Zach Sadecki Zachary Amsden Zang MingJie Zdenek Kabelac Zefir Kurtisi Zeng Zhaoming Zero.Lin Zhang Hang Zhang Rui Zhang Xiantao Zhang Xianwei zhang xiaomei Zhang Yanfei Zhangfei Gao Zhangfei Gao zhangwei(Jovi) ZhangYi Zhao Chenhui Zhao Hongjiang Zhao Jin Zhao Lei Zhao Yakui zhao zhang Zheng Li Zheng Liu Zheng Yan Zhengguang Guo Zhengwang Ruan Zhenhua HUANG Zhenyu Wang Zhenzhong Duan Zhenzhong.Duan Zhi Yong Wu Zhicheng Fan Zhigang Lu Zhihui Zhang Zhiwu Song Zhou Zhu Zhouping Liu Zhouping Liu Zhouyi Zhou Zhu Yanhai zhuwenfeng@kedacom.com Zi Shen Lim Zijie Pan Ziv Riesel Zlatko Calusic Zoltan Kiss Zoltan Puskas Zoltán Böszörményi Zoran Markovic Zumeng Chen Éric Piel ------------------------------------------------------------ jobs: build-amd64 pass build-armhf pass build-i386 pass build-amd64-pvops pass build-i386-pvops pass test-amd64-amd64-xl pass test-amd64-i386-xl pass test-amd64-i386-rhel6hvm-amd fail test-amd64-i386-qemut-rhel6hvm-amd fail test-amd64-i386-qemuu-rhel6hvm-amd fail test-amd64-amd64-xl-qemut-win7-amd64 fail test-amd64-i386-xl-qemut-win7-amd64 fail test-amd64-amd64-xl-qemuu-win7-amd64 fail test-amd64-amd64-xl-win7-amd64 fail test-amd64-i386-xl-win7-amd64 fail test-amd64-i386-xl-credit2 pass test-amd64-amd64-xl-pcipt-intel fail test-amd64-i386-rhel6hvm-intel pass test-amd64-i386-qemut-rhel6hvm-intel pass test-amd64-i386-qemuu-rhel6hvm-intel pass test-amd64-i386-xl-multivcpu pass test-amd64-amd64-pair pass test-amd64-i386-pair fail test-amd64-amd64-xl-sedf-pin pass test-amd64-amd64-pv pass test-amd64-i386-pv fail test-amd64-amd64-xl-sedf pass test-amd64-i386-xl-qemut-winxpsp3-vcpus1 fail test-amd64-i386-xl-winxpsp3-vcpus1 fail test-amd64-i386-xend-qemut-winxpsp3 fail test-amd64-amd64-xl-qemut-winxpsp3 fail test-amd64-amd64-xl-qemuu-winxpsp3 fail test-amd64-i386-xend-winxpsp3 fail test-amd64-amd64-xl-winxpsp3 fail ------------------------------------------------------------ sg-report-flight on woking.cam.xci-test.com logs: /home/xc_osstest/logs images: /home/xc_osstest/images Logs, config files, etc. are available at http://www.chiark.greenend.org.uk/~xensrcts/logs Test harness code can be found at http://xenbits.xensource.com/gitweb?p=osstest.git;a=summary Not pushing. (No revision log; it would be 1507710 lines long.) --===============8379110162093422597== Content-Type: text/plain; charset="us-ascii" MIME-Version: 1.0 Content-Transfer-Encoding: 7bit Content-Disposition: inline _______________________________________________ Xen-devel mailing list Xen-devel@lists.xen.org http://lists.xen.org/xen-devel --===============8379110162093422597==--