xen-devel.lists.xenproject.org archive mirror
 help / color / mirror / Atom feed
* [qemu-upstream-unstable test] 18200: tolerable FAIL - PUSHED
@ 2013-06-25 19:02 xen.org
  0 siblings, 0 replies; only message in thread
From: xen.org @ 2013-06-25 19:02 UTC (permalink / raw)
  To: xen-devel; +Cc: ian.jackson

[-- Attachment #1: Type: text/plain, Size: 7332 bytes --]

flight 18200 qemu-upstream-unstable real [real]
http://www.chiark.greenend.org.uk/~xensrcts/logs/18200/

Failures :-/ but no regressions.

Tests which did not succeed, but are not blocking:
 test-amd64-amd64-xl-qemuu-win7-amd64 13 guest-stop             fail never pass
 test-amd64-i386-xend-qemuu-winxpsp3 16 leak-check/check        fail never pass
 test-amd64-i386-xl-qemuu-winxpsp3-vcpus1 13 guest-stop         fail never pass
 test-amd64-i386-xl-qemuu-win7-amd64 13 guest-stop              fail never pass
 test-amd64-amd64-xl-qemuu-winxpsp3 13 guest-stop               fail never pass

version targeted for testing:
 qemuu                1c514a7734b7f98625a0d18d5e8ee7581f26e50c
baseline version:
 qemuu                79c097d5fe7cb0b4788ed509240cde7e210650bf

------------------------------------------------------------
People who touched revisions under test:
  Andreas Färber <afaerber@suse.de>
  Anthony PERARD <anthony.perard@citrix.com>
  Igor Mammedov <imammedo@redhat.com>
  Luiz Capitulino <lcapitulino@redhat.com>
  Michael S. Tsirkin <mst@redhat.com>
------------------------------------------------------------

jobs:
 build-amd64                                                  pass    
 build-armhf                                                  pass    
 build-i386                                                   pass    
 build-amd64-oldkern                                          pass    
 build-i386-oldkern                                           pass    
 build-amd64-pvops                                            pass    
 build-i386-pvops                                             pass    
 test-amd64-i386-qemuu-rhel6hvm-amd                           pass    
 test-amd64-amd64-xl-qemuu-win7-amd64                         fail    
 test-amd64-i386-xl-qemuu-win7-amd64                          fail    
 test-amd64-i386-qemuu-rhel6hvm-intel                         pass    
 test-amd64-i386-xl-qemuu-winxpsp3-vcpus1                     fail    
 test-amd64-i386-xend-qemuu-winxpsp3                          fail    
 test-amd64-amd64-xl-qemuu-winxpsp3                           fail    


------------------------------------------------------------
sg-report-flight on woking.cam.xci-test.com
logs: /home/xc_osstest/logs
images: /home/xc_osstest/images

Logs, config files, etc. are available at
    http://www.chiark.greenend.org.uk/~xensrcts/logs

Test harness code can be found at
    http://xenbits.xensource.com/gitweb?p=osstest.git;a=summary


Pushing revision :

+ branch=qemu-upstream-unstable
+ revision=1c514a7734b7f98625a0d18d5e8ee7581f26e50c
+ . cri-lock-repos
++ . cri-common
+++ . cri-getconfig
+++ umask 002
+++ getconfig Repos
+++ perl -e '
                use Osstest;
                readglobalconfig();
                print $c{"Repos"} or die $!;
        '
++ repos=/export/home/osstest/repos
++ repos_lock=/export/home/osstest/repos/lock
++ '[' x '!=' x/export/home/osstest/repos/lock ']'
++ OSSTEST_REPOS_LOCK_LOCKED=/export/home/osstest/repos/lock
++ exec with-lock-ex -w /export/home/osstest/repos/lock ./ap-push qemu-upstream-unstable 1c514a7734b7f98625a0d18d5e8ee7581f26e50c
+ branch=qemu-upstream-unstable
+ revision=1c514a7734b7f98625a0d18d5e8ee7581f26e50c
+ . cri-lock-repos
++ . cri-common
+++ . cri-getconfig
+++ umask 002
+++ getconfig Repos
+++ perl -e '
                use Osstest;
                readglobalconfig();
                print $c{"Repos"} or die $!;
        '
++ repos=/export/home/osstest/repos
++ repos_lock=/export/home/osstest/repos/lock
++ '[' x/export/home/osstest/repos/lock '!=' x/export/home/osstest/repos/lock ']'
+ . cri-common
++ . cri-getconfig
++ umask 002
+ select_xenbranch
+ case "$branch" in
+ tree=qemuu
+ xenbranch=xen-unstable
+ '[' xqemuu = xlinux ']'
+ linuxbranch=linux
+ : master
+ : tested/2.6.39.x
+ . ap-common
++ : osstest@xenbits.xensource.com
++ : git://xenbits.xen.org/xen.git
++ : osstest@xenbits.xensource.com:/home/xen/git/xen.git
++ : git://xenbits.xen.org/staging/qemu-xen-unstable.git
++ : git://git.kernel.org
++ : git://git.kernel.org/pub/scm/linux/kernel/git
++ : git
++ : git://xenbits.xen.org/linux-pvops.git
++ : master
++ : git://xenbits.xen.org/osstest/linux-firmware.git
++ : osstest@xenbits.xensource.com:/home/osstest/ext/linux-firmware.git
++ : git://git.kernel.org/pub/scm/linux/kernel/git/firmware/linux-firmware.git
++ : osstest@xenbits.xensource.com:/home/xen/git/linux-pvops.git
++ : git://xenbits.xen.org/linux-pvops.git
++ : master
++ : git://git.kernel.org/pub/scm/linux/kernel/git/konrad/xen.git
++ : tested/2.6.39.x
++ : daily-cron.qemu-upstream-unstable
++ : daily-cron.qemu-upstream-unstable
++ : http://hg.uk.xensource.com/carbon/trunk/linux-2.6.27
++ : git://xenbits.xen.org/staging/qemu-upstream-unstable.git
++ : daily-cron.qemu-upstream-unstable
+ TREE_LINUX=osstest@xenbits.xensource.com:/home/xen/git/linux-pvops.git
+ TREE_QEMU_UPSTREAM=osstest@xenbits.xensource.com:/home/xen/git/qemu-upstream-unstable.git
+ TREE_XEN=osstest@xenbits.xensource.com:/home/xen/git/xen.git
+ info_linux_tree qemu-upstream-unstable
+ case $1 in
+ return 1
+ case "$branch" in
+ cd /export/home/osstest/repos/qemu-upstream-unstable
+ git push osstest@xenbits.xensource.com:/home/xen/git/qemu-upstream-unstable.git 1c514a7734b7f98625a0d18d5e8ee7581f26e50c:master
Counting objects: 65, done.
Compressing objects:  11% (1/9)   
Compressing objects:  22% (2/9)   
Compressing objects:  33% (3/9)   
Compressing objects:  44% (4/9)   
Compressing objects:  55% (5/9)   
Compressing objects:  66% (6/9)   
Compressing objects:  77% (7/9)   
Compressing objects:  88% (8/9)   
Compressing objects: 100% (9/9)   
Compressing objects: 100% (9/9), done.
Writing objects:   2% (1/43)   
Writing objects:   4% (2/43)   
Writing objects:   6% (3/43)   
Writing objects:   9% (4/43)   
Writing objects:  11% (5/43)   
Writing objects:  13% (6/43)   
Writing objects:  16% (7/43)   
Writing objects:  18% (8/43)   
Writing objects:  20% (9/43)   
Writing objects:  23% (10/43)   
Writing objects:  25% (11/43)   
Writing objects:  27% (12/43)   
Writing objects:  30% (13/43)   
Writing objects:  32% (14/43)   
Writing objects:  34% (15/43)   
Writing objects:  37% (16/43)   
Writing objects:  39% (17/43)   
Writing objects:  41% (18/43)   
Writing objects:  44% (19/43)   
Writing objects:  46% (20/43)   
Writing objects:  48% (21/43)   
Writing objects:  51% (22/43)   
Writing objects:  53% (23/43)   
Writing objects:  55% (24/43)   
Writing objects:  58% (25/43)   
Writing objects:  60% (26/43)   
Writing objects:  62% (27/43)   
Writing objects:  65% (28/43)   
Writing objects:  67% (29/43)   
Writing objects:  69% (30/43)   
Writing objects:  72% (31/43)   
Writing objects:  74% (32/43)   
Writing objects:  76% (33/43)   
Writing objects:  79% (34/43)   
Writing objects:  81% (35/43)   
Writing objects:  83% (36/43)   
Writing objects:  86% (37/43)   
Writing objects:  88% (38/43)   
Writing objects:  90% (39/43)   
Writing objects:  93% (40/43)   
Writing objects:  95% (41/43)   
Writing objects:  97% (42/43)   
Writing objects: 100% (43/43)   
Writing objects: 100% (43/43), 8.06 KiB, done.
Total 43 (delta 32), reused 43 (delta 32)
To osstest@xenbits.xensource.com:/home/xen/git/qemu-upstream-unstable.git
   79c097d..1c514a7  1c514a7734b7f98625a0d18d5e8ee7581f26e50c -> master


[-- Attachment #2: Type: text/plain, Size: 126 bytes --]

_______________________________________________
Xen-devel mailing list
Xen-devel@lists.xen.org
http://lists.xen.org/xen-devel

^ permalink raw reply	[flat|nested] only message in thread

only message in thread, other threads:[~2013-06-25 19:02 UTC | newest]

Thread overview: (only message) (download: mbox.gz follow: Atom feed
-- links below jump to the message on this page --
2013-06-25 19:02 [qemu-upstream-unstable test] 18200: tolerable FAIL - PUSHED xen.org

This is a public inbox, see mirroring instructions
for how to clone and mirror all data and code used for this inbox;
as well as URLs for NNTP newsgroup(s).