From mboxrd@z Thu Jan 1 00:00:00 1970 From: xen.org Subject: [xen-unstable test] 18421: regressions - FAIL Date: Sun, 14 Jul 2013 21:38:32 +0100 Message-ID: Mime-Version: 1.0 Content-Type: text/plain; charset="us-ascii" Content-Transfer-Encoding: 7bit Return-path: List-Unsubscribe: , List-Post: List-Help: List-Subscribe: , Sender: xen-devel-bounces@lists.xen.org Errors-To: xen-devel-bounces@lists.xen.org To: xen-devel@lists.xensource.com Cc: ian.jackson@eu.citrix.com List-Id: xen-devel@lists.xenproject.org flight 18421 xen-unstable real [real] http://www.chiark.greenend.org.uk/~xensrcts/logs/18421/ Regressions :-( Tests which did not succeed and are blocking, including tests which could not be run: test-amd64-i386-qemuu-rhel6hvm-intel 7 redhat-install fail REGR. vs. 18260 Tests which are failing intermittently (not blocking): test-amd64-i386-rhel6hvm-intel 9 guest-start.2 fail pass in 18419 test-amd64-amd64-xl-sedf-pin 14 guest-localmigrate/x10 fail pass in 18418 test-amd64-amd64-xl-qemuu-win7-amd64 10 guest-saverestore.2 fail in 18419 pass in 18421 test-amd64-amd64-xl-qemuu-winxpsp3 10 guest-saverestore.2 fail in 18418 pass in 18421 Tests which did not succeed, but are not blocking: test-amd64-amd64-xl-pcipt-intel 9 guest-start fail never pass test-amd64-i386-xend-winxpsp3 16 leak-check/check fail never pass test-amd64-amd64-xl-qemut-win7-amd64 13 guest-stop fail never pass test-amd64-amd64-xl-qemuu-winxpsp3 13 guest-stop fail never pass test-amd64-amd64-xl-qemuu-win7-amd64 13 guest-stop fail never pass test-amd64-amd64-xl-win7-amd64 13 guest-stop fail never pass test-amd64-i386-xl-win7-amd64 13 guest-stop fail never pass test-amd64-i386-xl-qemut-win7-amd64 13 guest-stop fail never pass test-amd64-amd64-xl-winxpsp3 13 guest-stop fail never pass test-amd64-amd64-xl-qemut-winxpsp3 13 guest-stop fail never pass test-amd64-i386-xl-winxpsp3-vcpus1 13 guest-stop fail never pass test-amd64-i386-xend-qemut-winxpsp3 16 leak-check/check fail never pass test-amd64-i386-xl-qemut-winxpsp3-vcpus1 13 guest-stop fail never pass version targeted for testing: xen 395f777ae0eed67b03596fe38d6d90f307ddd036 baseline version: xen 9eabb0735400e2b6059dfa3f0b47a426f61f570a ------------------------------------------------------------ People who touched revisions under test: Andrew Cooper Ben Guthro Chen Baozi David Vrabel Ian Campbell Ian Jackson James Bulpin Jan Beulich Julien Grall Keir Fraser Keir Fraser Marek Marczykowski Matt Wilson Samuel Thibault Wei Liu Will.Deacon@arm.com ------------------------------------------------------------ jobs: build-amd64 pass build-armhf pass build-i386 pass build-amd64-oldkern pass build-i386-oldkern pass build-amd64-pvops pass build-i386-pvops pass test-amd64-amd64-xl pass test-amd64-i386-xl pass test-amd64-i386-rhel6hvm-amd pass test-amd64-i386-qemut-rhel6hvm-amd pass test-amd64-i386-qemuu-rhel6hvm-amd pass test-amd64-amd64-xl-qemut-win7-amd64 fail test-amd64-i386-xl-qemut-win7-amd64 fail test-amd64-amd64-xl-qemuu-win7-amd64 fail test-amd64-amd64-xl-win7-amd64 fail test-amd64-i386-xl-win7-amd64 fail test-amd64-i386-xl-credit2 pass test-amd64-amd64-xl-pcipt-intel fail test-amd64-i386-rhel6hvm-intel fail test-amd64-i386-qemut-rhel6hvm-intel pass test-amd64-i386-qemuu-rhel6hvm-intel fail test-amd64-i386-xl-multivcpu pass test-amd64-amd64-pair pass test-amd64-i386-pair pass test-amd64-amd64-xl-sedf-pin fail test-amd64-amd64-pv pass test-amd64-i386-pv pass test-amd64-amd64-xl-sedf pass test-amd64-i386-xl-qemut-winxpsp3-vcpus1 fail test-amd64-i386-xl-winxpsp3-vcpus1 fail test-amd64-i386-xend-qemut-winxpsp3 fail test-amd64-amd64-xl-qemut-winxpsp3 fail test-amd64-amd64-xl-qemuu-winxpsp3 fail test-amd64-i386-xend-winxpsp3 fail test-amd64-amd64-xl-winxpsp3 fail ------------------------------------------------------------ sg-report-flight on woking.cam.xci-test.com logs: /home/xc_osstest/logs images: /home/xc_osstest/images Logs, config files, etc. are available at http://www.chiark.greenend.org.uk/~xensrcts/logs Test harness code can be found at http://xenbits.xensource.com/gitweb?p=osstest.git;a=summary Not pushing. (No revision log; it would be 367 lines long.)