From mboxrd@z Thu Jan 1 00:00:00 1970 From: xen.org Subject: [xen-unstable test] 18424: tolerable trouble: broken/fail/pass - PUSHED Date: Mon, 15 Jul 2013 14:42:02 +0100 Message-ID: Mime-Version: 1.0 Content-Type: text/plain; charset="us-ascii" Content-Transfer-Encoding: 7bit Return-path: List-Unsubscribe: , List-Post: List-Help: List-Subscribe: , Sender: xen-devel-bounces@lists.xen.org Errors-To: xen-devel-bounces@lists.xen.org To: xen-devel@lists.xensource.com Cc: ian.jackson@eu.citrix.com List-Id: xen-devel@lists.xenproject.org flight 18424 xen-unstable real [real] http://www.chiark.greenend.org.uk/~xensrcts/logs/18424/ Failures :-/ but no regressions. Tests which are failing intermittently (not blocking): test-amd64-i386-rhel6hvm-intel 7 redhat-install fail pass in 18423 test-amd64-i386-qemut-rhel6hvm-intel 7 redhat-install fail pass in 18421 test-amd64-i386-xl 3 host-install(3) broken pass in 18423 test-amd64-i386-qemuu-rhel6hvm-intel 7 redhat-install fail in 18423 pass in 18424 test-amd64-i386-rhel6hvm-intel 9 guest-start.2 fail in 18423 pass in 18419 test-amd64-amd64-xl-sedf-pin 14 guest-localmigrate/x10 fail in 18419 pass in 18424 test-amd64-amd64-xl-qemuu-win7-amd64 10 guest-saverestore.2 fail in 18419 pass in 18424 Tests which did not succeed, but are not blocking: test-amd64-amd64-xl-pcipt-intel 9 guest-start fail never pass test-amd64-i386-xend-winxpsp3 16 leak-check/check fail never pass test-amd64-amd64-xl-qemut-win7-amd64 13 guest-stop fail never pass test-amd64-amd64-xl-qemuu-winxpsp3 13 guest-stop fail never pass test-amd64-amd64-xl-qemuu-win7-amd64 13 guest-stop fail never pass test-amd64-amd64-xl-win7-amd64 13 guest-stop fail never pass test-amd64-i386-xl-win7-amd64 13 guest-stop fail never pass test-amd64-i386-xl-qemut-win7-amd64 13 guest-stop fail never pass test-amd64-amd64-xl-winxpsp3 13 guest-stop fail never pass test-amd64-amd64-xl-qemut-winxpsp3 13 guest-stop fail never pass test-amd64-i386-xl-winxpsp3-vcpus1 13 guest-stop fail never pass test-amd64-i386-xend-qemut-winxpsp3 16 leak-check/check fail never pass test-amd64-i386-xl-qemut-winxpsp3-vcpus1 13 guest-stop fail never pass version targeted for testing: xen 395f777ae0eed67b03596fe38d6d90f307ddd036 baseline version: xen 9eabb0735400e2b6059dfa3f0b47a426f61f570a ------------------------------------------------------------ People who touched revisions under test: Andrew Cooper Ben Guthro Chen Baozi David Vrabel Ian Campbell Ian Jackson James Bulpin Jan Beulich Julien Grall Keir Fraser Keir Fraser Marek Marczykowski Matt Wilson Samuel Thibault Wei Liu Will.Deacon@arm.com ------------------------------------------------------------ jobs: build-amd64 pass build-armhf pass build-i386 pass build-amd64-oldkern pass build-i386-oldkern pass build-amd64-pvops pass build-i386-pvops pass test-amd64-amd64-xl pass test-amd64-i386-xl broken test-amd64-i386-rhel6hvm-amd pass test-amd64-i386-qemut-rhel6hvm-amd pass test-amd64-i386-qemuu-rhel6hvm-amd pass test-amd64-amd64-xl-qemut-win7-amd64 fail test-amd64-i386-xl-qemut-win7-amd64 fail test-amd64-amd64-xl-qemuu-win7-amd64 fail test-amd64-amd64-xl-win7-amd64 fail test-amd64-i386-xl-win7-amd64 fail test-amd64-i386-xl-credit2 pass test-amd64-amd64-xl-pcipt-intel fail test-amd64-i386-rhel6hvm-intel fail test-amd64-i386-qemut-rhel6hvm-intel fail test-amd64-i386-qemuu-rhel6hvm-intel pass test-amd64-i386-xl-multivcpu pass test-amd64-amd64-pair pass test-amd64-i386-pair pass test-amd64-amd64-xl-sedf-pin pass test-amd64-amd64-pv pass test-amd64-i386-pv pass test-amd64-amd64-xl-sedf pass test-amd64-i386-xl-qemut-winxpsp3-vcpus1 fail test-amd64-i386-xl-winxpsp3-vcpus1 fail test-amd64-i386-xend-qemut-winxpsp3 fail test-amd64-amd64-xl-qemut-winxpsp3 fail test-amd64-amd64-xl-qemuu-winxpsp3 fail test-amd64-i386-xend-winxpsp3 fail test-amd64-amd64-xl-winxpsp3 fail ------------------------------------------------------------ sg-report-flight on woking.cam.xci-test.com logs: /home/xc_osstest/logs images: /home/xc_osstest/images Logs, config files, etc. are available at http://www.chiark.greenend.org.uk/~xensrcts/logs Test harness code can be found at http://xenbits.xensource.com/gitweb?p=osstest.git;a=summary Pushing revision : + branch=xen-unstable + revision=395f777ae0eed67b03596fe38d6d90f307ddd036 + . cri-lock-repos ++ . cri-common +++ . cri-getconfig +++ umask 002 +++ getconfig Repos +++ perl -e ' use Osstest; readglobalconfig(); print $c{"Repos"} or die $!; ' ++ repos=/export/home/osstest/repos ++ repos_lock=/export/home/osstest/repos/lock ++ '[' x '!=' x/export/home/osstest/repos/lock ']' ++ OSSTEST_REPOS_LOCK_LOCKED=/export/home/osstest/repos/lock ++ exec with-lock-ex -w /export/home/osstest/repos/lock ./ap-push xen-unstable 395f777ae0eed67b03596fe38d6d90f307ddd036 + branch=xen-unstable + revision=395f777ae0eed67b03596fe38d6d90f307ddd036 + . cri-lock-repos ++ . cri-common +++ . cri-getconfig +++ umask 002 +++ getconfig Repos +++ perl -e ' use Osstest; readglobalconfig(); print $c{"Repos"} or die $!; ' ++ repos=/export/home/osstest/repos ++ repos_lock=/export/home/osstest/repos/lock ++ '[' x/export/home/osstest/repos/lock '!=' x/export/home/osstest/repos/lock ']' + . cri-common ++ . cri-getconfig ++ umask 002 + select_xenbranch + case "$branch" in + tree=xen + xenbranch=xen-unstable + '[' xxen = xlinux ']' + linuxbranch=linux + : master + : tested/2.6.39.x + . ap-common ++ : osstest@xenbits.xensource.com ++ : git://xenbits.xen.org/xen.git ++ : osstest@xenbits.xensource.com:/home/xen/git/xen.git ++ : git://xenbits.xen.org/staging/qemu-xen-unstable.git ++ : git://git.kernel.org ++ : git://git.kernel.org/pub/scm/linux/kernel/git ++ : git ++ : git://xenbits.xen.org/linux-pvops.git ++ : master ++ : git://xenbits.xen.org/osstest/linux-firmware.git ++ : osstest@xenbits.xensource.com:/home/osstest/ext/linux-firmware.git ++ : git://git.kernel.org/pub/scm/linux/kernel/git/firmware/linux-firmware.git ++ : osstest@xenbits.xensource.com:/home/xen/git/linux-pvops.git ++ : git://xenbits.xen.org/linux-pvops.git ++ : master ++ : git://git.kernel.org/pub/scm/linux/kernel/git/konrad/xen.git ++ : tested/2.6.39.x ++ : daily-cron.xen-unstable ++ : daily-cron.xen-unstable ++ : http://hg.uk.xensource.com/carbon/trunk/linux-2.6.27 ++ : git://xenbits.xen.org/staging/qemu-upstream-unstable.git ++ : daily-cron.xen-unstable + TREE_LINUX=osstest@xenbits.xensource.com:/home/xen/git/linux-pvops.git + TREE_QEMU_UPSTREAM=osstest@xenbits.xensource.com:/home/xen/git/qemu-upstream-unstable.git + TREE_XEN=osstest@xenbits.xensource.com:/home/xen/git/xen.git + info_linux_tree xen-unstable + case $1 in + return 1 + case "$branch" in + cd /export/home/osstest/repos/xen + git push osstest@xenbits.xensource.com:/home/xen/git/xen.git 395f777ae0eed67b03596fe38d6d90f307ddd036:master Counting objects: 1 Counting objects: 4 Counting objects: 7 Counting objects: 15 Counting objects: 40 Counting objects: 94 Counting objects: 147 Counting objects: 214 Counting objects: 255, done. Compressing objects: 1% (1/60) Compressing objects: 3% (2/60) Compressing objects: 5% (3/60) Compressing objects: 6% (4/60) Compressing objects: 8% (5/60) Compressing objects: 10% (6/60) Compressing objects: 11% (7/60) Compressing objects: 13% (8/60) Compressing objects: 15% (9/60) Compressing objects: 16% (10/60) Compressing objects: 18% (11/60) Compressing objects: 20% (12/60) Compressing objects: 21% (13/60) Compressing objects: 23% (14/60) Compressing objects: 25% (15/60) Compressing objects: 26% (16/60) Compressing objects: 28% (17/60) Compressing objects: 30% (18/60) Compressing objects: 31% (19/60) Compressing objects: 33% (20/60) Compressing objects: 35% (21/60) Compressing objects: 36% (22/60) Compressing objects: 38% (23/60) Compressing objects: 40% (24/60) Compressing objects: 41% (25/60) Compressing objects: 43% (26/60) Compressing objects: 45% (27/60) Compressing objects: 46% (28/60) Compressing objects: 48% (29/60) Compressing objects: 50% (30/60) Compressing objects: 51% (31/60) Compressing objects: 53% (32/60) Compressing objects: 55% (33/60) Compressing objects: 56% (34/60) Compressing objects: 58% (35/60) Compressing objects: 60% (36/60) Compressing objects: 61% (37/60) Compressing objects: 63% (38/60) Compressing objects: 65% (39/60) Compressing objects: 66% (40/60) Compressing objects: 68% (41/60) Compressing objects: 70% (42/60) Compressing objects: 71% (43/60) Compressing objects: 73% (44/60) Compressing objects: 75% (45/60) Compressing objects: 76% (46/60) Compressing objects: 78% (47/60) Compressing objects: 80% (48/60) Compressing objects: 81% (49/60) Compressing objects: 83% (50/60) Compressing objects: 85% (51/60) Compressing objects: 86% (52/60) Compressing objects: 88% (53/60) Compressing objects: 90% (54/60) Compressing objects: 91% (55/60) Compressing objects: 93% (56/60) Compressing objects: 95% (57/60) Compressing objects: 96% (58/60) Compressing objects: 98% (59/60) Compressing objects: 100% (60/60) Compressing objects: 100% (60/60), done. Writing objects: 0% (1/179) Writing objects: 1% (3/179) Writing objects: 2% (4/179) Writing objects: 3% (6/179) Writing objects: 4% (8/179) Writing objects: 5% (9/179) Writing objects: 6% (11/179) Writing objects: 7% (13/179) Writing objects: 8% (15/179) Writing objects: 9% (17/179) Writing objects: 10% (18/179) Writing objects: 11% (20/179) Writing objects: 12% (22/179) Writing objects: 13% (24/179) Writing objects: 14% (26/179) Writing objects: 15% (28/179) Writing objects: 16% (29/179) Writing objects: 17% (32/179) Writing objects: 18% (33/179) Writing objects: 19% (35/179) Writing objects: 20% (36/179) Writing objects: 21% (38/179) Writing objects: 22% (40/179) Writing objects: 24% (43/179) Writing objects: 25% (45/179) Writing objects: 26% (47/179) Writing objects: 27% (49/179) Writing objects: 28% (51/179) Writing objects: 29% (53/179) Writing objects: 30% (54/179) Writing objects: 31% (56/179) Writing objects: 32% (58/179) Writing objects: 34% (61/179) Writing objects: 35% (64/179) Writing objects: 36% (65/179) Writing objects: 37% (67/179) Writing objects: 38% (69/179) Writing objects: 39% (70/179) Writing objects: 40% (72/179) Writing objects: 41% (75/179) Writing objects: 42% (76/179) Writing objects: 43% (77/179) Writing objects: 44% (79/179) Writing objects: 45% (81/179) Writing objects: 46% (83/179) Writing objects: 47% (85/179) Writing objects: 48% (86/179) Writing objects: 49% (88/179) Writing objects: 50% (90/179) Writing objects: 51% (92/179) Writing objects: 52% (94/179) Writing objects: 53% (96/179) Writing objects: 54% (97/179) Writing objects: 55% (99/179) Writing objects: 56% (101/179) Writing objects: 57% (103/179) Writing objects: 58% (104/179) Writing objects: 59% (106/179) Writing objects: 60% (108/179) Writing objects: 61% (110/179) Writing objects: 62% (111/179) Writing objects: 63% (113/179) Writing objects: 64% (115/179) Writing objects: 65% (117/179) Writing objects: 66% (119/179) Writing objects: 67% (121/179) Writing objects: 68% (122/179) Writing objects: 69% (124/179) Writing objects: 70% (126/179) Writing objects: 71% (128/179) Writing objects: 72% (129/179) Writing objects: 73% (131/179) Writing objects: 74% (133/179) Writing objects: 75% (135/179) Writing objects: 77% (138/179) Writing objects: 78% (140/179) Writing objects: 79% (142/179) Writing objects: 81% (145/179) Writing objects: 82% (147/179) Writing objects: 83% (149/179) Writing objects: 84% (151/179) Writing objects: 85% (153/179) Writing objects: 86% (154/179) Writing objects: 87% (156/179) Writing objects: 88% (158/179) Writing objects: 89% (160/179) Writing objects: 90% (162/179) Writing objects: 91% (163/179) Writing objects: 92% (165/179) Writing objects: 93% (167/179) Writing objects: 94% (169/179) Writing objects: 95% (171/179) Writing objects: 96% (172/179) Writing objects: 97% (174/179) Writing objects: 98% (176/179) Writing objects: 99% (178/179) Writing objects: 100% (179/179) Writing objects: 100% (179/179), 26.82 KiB, done. Total 179 (delta 138), reused 158 (delta 118) To osstest@xenbits.xensource.com:/home/xen/git/xen.git 9eabb07..395f777 395f777ae0eed67b03596fe38d6d90f307ddd036 -> master