* [xen-4.2-testing test] 18451: regressions - FAIL
@ 2013-07-18 3:39 xen.org
0 siblings, 0 replies; only message in thread
From: xen.org @ 2013-07-18 3:39 UTC (permalink / raw)
To: xen-devel; +Cc: ian.jackson
flight 18451 xen-4.2-testing real [real]
http://www.chiark.greenend.org.uk/~xensrcts/logs/18451/
Regressions :-(
Tests which did not succeed and are blocking,
including tests which could not be run:
test-amd64-i386-xl-win7-amd64 12 guest-localmigrate/x10 fail REGR. vs. 18409
Tests which did not succeed, but are not blocking:
test-amd64-amd64-xl-pcipt-intel 9 guest-start fail never pass
build-armhf 4 xen-build fail never pass
test-amd64-i386-xl-qemut-winxpsp3-vcpus1 13 guest-stop fail never pass
test-amd64-amd64-xl-winxpsp3 13 guest-stop fail never pass
test-amd64-amd64-xl-win7-amd64 13 guest-stop fail never pass
test-amd64-amd64-xl-qemut-win7-amd64 13 guest-stop fail never pass
test-amd64-amd64-xl-qemuu-win7-amd64 13 guest-stop fail never pass
test-i386-i386-xl-winxpsp3 13 guest-stop fail never pass
test-amd64-amd64-xl-qemut-winxpsp3 13 guest-stop fail never pass
test-amd64-i386-xl-qemut-win7-amd64 13 guest-stop fail never pass
test-amd64-i386-xl-winxpsp3-vcpus1 13 guest-stop fail never pass
test-amd64-i386-xend-qemut-winxpsp3 16 leak-check/check fail never pass
test-amd64-i386-xend-winxpsp3 16 leak-check/check fail never pass
test-i386-i386-xl-qemut-winxpsp3 13 guest-stop fail never pass
test-amd64-amd64-xl-qemuu-winxpsp3 13 guest-stop fail never pass
test-i386-i386-xl-qemuu-winxpsp3 13 guest-stop fail never pass
version targeted for testing:
xen aaffe67d16a90f3efdb21d6cd27a31bdfe49c12d
baseline version:
xen 23830f68e1878ef92606d0e0b0511762fbb3d9a8
------------------------------------------------------------
People who touched revisions under test:
Daniel Kiper <daniel.kiper@oracle.com>
Ian Campbell <ian.campbell@citix.com>
Ian Campbell <ian.campbell@citrix.com>
Ian Jackson <ian.jackson@eu.citrix.com>
Konrad Rzeszutek Wilk <konrad.wilk@oracle.com>
Marcel Mol <marcel@mesa.nl>
Samuel Thibault <samuel.thibault@ens-lyon.org>
------------------------------------------------------------
jobs:
build-amd64 pass
build-armhf fail
build-i386 pass
build-amd64-oldkern pass
build-i386-oldkern pass
build-amd64-pvops pass
build-i386-pvops pass
test-amd64-amd64-xl pass
test-amd64-i386-xl pass
test-i386-i386-xl pass
test-amd64-i386-rhel6hvm-amd pass
test-amd64-i386-qemut-rhel6hvm-amd pass
test-amd64-i386-qemuu-rhel6hvm-amd pass
test-amd64-amd64-xl-qemut-win7-amd64 fail
test-amd64-i386-xl-qemut-win7-amd64 fail
test-amd64-amd64-xl-qemuu-win7-amd64 fail
test-amd64-amd64-xl-win7-amd64 fail
test-amd64-i386-xl-win7-amd64 fail
test-amd64-i386-xl-credit2 pass
test-amd64-amd64-xl-pcipt-intel fail
test-amd64-i386-rhel6hvm-intel pass
test-amd64-i386-qemut-rhel6hvm-intel pass
test-amd64-i386-qemuu-rhel6hvm-intel pass
test-amd64-i386-xl-multivcpu pass
test-amd64-amd64-pair pass
test-amd64-i386-pair pass
test-i386-i386-pair pass
test-amd64-amd64-xl-sedf-pin pass
test-amd64-amd64-pv pass
test-amd64-i386-pv pass
test-i386-i386-pv pass
test-amd64-amd64-xl-sedf pass
test-amd64-i386-xl-qemut-winxpsp3-vcpus1 fail
test-amd64-i386-xl-winxpsp3-vcpus1 fail
test-amd64-i386-xend-qemut-winxpsp3 fail
test-amd64-amd64-xl-qemut-winxpsp3 fail
test-i386-i386-xl-qemut-winxpsp3 fail
test-amd64-amd64-xl-qemuu-winxpsp3 fail
test-i386-i386-xl-qemuu-winxpsp3 fail
test-amd64-i386-xend-winxpsp3 fail
test-amd64-amd64-xl-winxpsp3 fail
test-i386-i386-xl-winxpsp3 fail
------------------------------------------------------------
sg-report-flight on woking.cam.xci-test.com
logs: /home/xc_osstest/logs
images: /home/xc_osstest/images
Logs, config files, etc. are available at
http://www.chiark.greenend.org.uk/~xensrcts/logs
Test harness code can be found at
http://xenbits.xensource.com/gitweb?p=osstest.git;a=summary
Not pushing.
------------------------------------------------------------
commit aaffe67d16a90f3efdb21d6cd27a31bdfe49c12d
Author: Daniel Kiper <daniel.kiper@oracle.com>
Date: Tue May 7 13:51:38 2013 +0200
tools/debugger/kdd: Remove dependencies files during make clean
Remove dependencies files during make clean.
Signed-off-by: Daniel Kiper <daniel.kiper@oracle.com>
Acked-by: Ian Jackson <ian.jackson@eu.citrix.com>
(cherry picked from commit 38bdfb9197b93262248ff489eed336d80db52b54)
commit 7ef78d5886a00696ce9bc168545032c961fd01ae
Author: Daniel Kiper <daniel.kiper@oracle.com>
Date: Tue May 7 13:51:39 2013 +0200
tools/xenmon: Fix typo in Makefile
Signed-off-by: Daniel Kiper <daniel.kiper@oracle.com>
Acked-by: Ian Jackson <ian.jackson@eu.citrix.com>
(cherry picked from commit ea5e515ba19c423e15ca33023cd3c9d2c9aa807f)
commit 50724931ffc65013a95cfcd3f15aa56c98004555
Author: Daniel Kiper <daniel.kiper@oracle.com>
Date: Tue May 7 13:51:40 2013 +0200
tools/xenstat/libxenstat: Remove src/libxenstat.a file during make clean
Signed-off-by: Daniel Kiper <daniel.kiper@oracle.com>
Acked-by: Ian Jackson <ian.jackson@eu.citrix.com>
(cherry picked from commit 03b90b005939416463c79a45d91729e8a00742fa)
commit 098c6b7bd66b5beebdc81eb81009ef548e9b46a1
Author: Daniel Kiper <daniel.kiper@oracle.com>
Date: Tue May 7 13:51:43 2013 +0200
stubdom: Do not create dangling links
There is not architecture dependent files in libxc
hence do not create dangling links.
Signed-off-by: Daniel Kiper <daniel.kiper@oracle.com>
Acked-by: Samuel Thibault <samuel.thibault@ens-lyon.org>
(cherry picked from commit c2eea87c43d1617b2c15c57fce9a64a436679fca)
commit c4755a90180205eb3d9ee82d4033c821c561645d
Author: Daniel Kiper <daniel.kiper@oracle.com>
Date: Tue May 7 13:51:45 2013 +0200
docs: Remove tmp files during make clean
Signed-off-by: Daniel Kiper <daniel.kiper@oracle.com>
Acked-by: Ian Jackson <ian.jackson@eu.citrix.com>
(cherry picked from commit e17295d050110bdbbe0ef19c6e977c8fef7557db)
commit bc8627d425d7b302bba59913d2f29879dabca677
Author: Daniel Kiper <daniel.kiper@oracle.com>
Date: Fri May 10 17:33:54 2013 +0200
tools/libfsimage: Fix clean and distclean make targets
If there is a single colon for a given target and the target
is redefined in another place (e.g. in included file) then
make executes only new target and displays following warning:
Makefile:35: warning: overriding commands for target `clean'
tools/libfsimage/common/../../../tools/libfsimage/Rules.mk:25:
warning: ignoring old commands for target `clean'
To cope with that issue define all required targets as double-colon
rules. Additionally, remove some redundant stuff.
Signed-off-by: Daniel Kiper <daniel.kiper@oracle.com>
Acked-by: Ian Campbell <ian.campbell@citrix.com>
(cherry picked from commit 667d8a84b244d02e9c6a2d02d6a02fc90c2efb4e)
commit 8f36d832b83da85cfa3e493f1a154dba9a780c52
Author: Ian Jackson <ian.jackson@eu.citrix.com>
Date: Wed Jul 17 12:02:10 2013 +0100
QEMU_TAG update
commit b39ea9914cb9c4cc5ecc6fe10cc05a4d08855a2e
Author: Marcel J.E. Mol <marcel@mesa.nl>
Date: Mon Jun 24 18:21:32 2013 +0200
pygrub/GrubConf: fix boot problem for fedora 19 grub.cfg (2nd attempt)
Booting a fedora 19 domU failed because a it could not properly
parse the grub.cfg file. This was cased by
set default="${next_entry}"
This statement actually is within an 'if' statement, so maybe it would
be better to skip code within if/fi blocks...
But this patch seems to work fine.
Signed-off-by: Marcel Mol <marcel@mesa.nl>
Acked-by: Ian Campbell <ian.campbell@citix.com>
Tested-by: Konrad Rzeszutek Wilk <konrad.wilk@oracle.com>
(cherry picked from commit d513814db6af2b298b8776d7ffc5fb1261e176f4)
(qemu changes not included)
^ permalink raw reply [flat|nested] only message in thread
only message in thread, other threads:[~2013-07-18 3:39 UTC | newest]
Thread overview: (only message) (download: mbox.gz follow: Atom feed
-- links below jump to the message on this page --
2013-07-18 3:39 [xen-4.2-testing test] 18451: regressions - FAIL xen.org
This is a public inbox, see mirroring instructions
for how to clone and mirror all data and code used for this inbox;
as well as URLs for NNTP newsgroup(s).