xen-devel.lists.xenproject.org archive mirror
 help / color / mirror / Atom feed
* [xen-unstable test] 18594: trouble: blocked/broken/fail/pass
@ 2013-07-25  3:27 xen.org
  0 siblings, 0 replies; only message in thread
From: xen.org @ 2013-07-25  3:27 UTC (permalink / raw)
  To: xen-devel; +Cc: ian.jackson

flight 18594 xen-unstable real [real]
http://www.chiark.greenend.org.uk/~xensrcts/logs/18594/

Failures and problems with tests :-(

Tests which did not succeed and are blocking,
including tests which could not be run:
 build-i386                    2 host-install(2)         broken REGR. vs. 18592

Tests which are failing intermittently (not blocking):
 test-amd64-amd64-xl-pcipt-intel  5 xen-boot                 fail pass in 18592
 test-amd64-amd64-xl-winxpsp3  3 host-install(3)           broken pass in 18592
 test-amd64-amd64-xl-qemut-winxpsp3  5 xen-boot              fail pass in 18592
 test-amd64-i386-qemut-rhel6hvm-intel 7 redhat-install fail in 18592 pass in 18589
 test-amd64-i386-qemuu-rhel6hvm-intel 7 redhat-install fail in 18589 pass in 18592
 test-amd64-i386-rhel6hvm-intel  7 redhat-install   fail in 18589 pass in 18592

Tests which did not succeed, but are not blocking:
 test-amd64-i386-qemuu-rhel6hvm-intel  1 xen-build-check(1)         blocked n/a
 test-amd64-i386-rhel6hvm-intel  1 xen-build-check(1)           blocked  n/a
 test-amd64-i386-qemut-rhel6hvm-amd  1 xen-build-check(1)           blocked n/a
 test-amd64-i386-rhel6hvm-amd  1 xen-build-check(1)           blocked  n/a
 test-amd64-i386-qemuu-rhel6hvm-amd  1 xen-build-check(1)           blocked n/a
 test-amd64-i386-xl-credit2    1 xen-build-check(1)           blocked  n/a
 test-amd64-amd64-xl-qemut-win7-amd64 13 guest-stop             fail never pass
 test-amd64-amd64-xl-qemuu-win7-amd64 13 guest-stop             fail never pass
 test-amd64-i386-xend-winxpsp3  1 xen-build-check(1)           blocked  n/a
 test-amd64-amd64-xl-qemuu-winxpsp3 13 guest-stop               fail never pass
 test-amd64-amd64-xl-win7-amd64 13 guest-stop                   fail never pass
 test-amd64-i386-xl-win7-amd64  1 xen-build-check(1)           blocked  n/a
 test-amd64-i386-xl-qemut-win7-amd64  1 xen-build-check(1)          blocked n/a
 test-amd64-i386-xl-winxpsp3-vcpus1  1 xen-build-check(1)           blocked n/a
 test-amd64-i386-xend-qemut-winxpsp3  1 xen-build-check(1)          blocked n/a
 test-amd64-i386-xl-multivcpu  1 xen-build-check(1)           blocked  n/a
 test-amd64-i386-xl            1 xen-build-check(1)           blocked  n/a
 test-amd64-i386-qemut-rhel6hvm-intel  1 xen-build-check(1)         blocked n/a
 test-amd64-i386-pv            1 xen-build-check(1)           blocked  n/a
 test-amd64-i386-pair          1 xen-build-check(1)           blocked  n/a
 test-amd64-i386-xl-qemut-winxpsp3-vcpus1  1 xen-build-check(1)     blocked n/a
 test-amd64-amd64-xl-pcipt-intel  9 guest-start        fail in 18592 never pass
 test-amd64-i386-xend-winxpsp3 16 leak-check/check     fail in 18592 never pass
 test-amd64-i386-xl-win7-amd64 13 guest-stop           fail in 18592 never pass
 test-amd64-i386-xl-qemut-win7-amd64 13 guest-stop     fail in 18592 never pass
 test-amd64-amd64-xl-winxpsp3 13 guest-stop            fail in 18592 never pass
 test-amd64-amd64-xl-qemut-winxpsp3 13 guest-stop      fail in 18592 never pass
 test-amd64-i386-xl-winxpsp3-vcpus1 13 guest-stop      fail in 18592 never pass
 test-amd64-i386-xend-qemut-winxpsp3 16 leak-check/check fail in 18592 never pass
 test-amd64-i386-xl-qemut-winxpsp3-vcpus1 13 guest-stop fail in 18592 never pass

version targeted for testing:
 xen                  704302ce9404c73cfb687d31adcf67094ab5bb53
baseline version:
 xen                  704302ce9404c73cfb687d31adcf67094ab5bb53

jobs:
 build-amd64                                                  pass    
 build-armhf                                                  pass    
 build-i386                                                   broken  
 build-amd64-oldkern                                          pass    
 build-i386-oldkern                                           pass    
 build-amd64-pvops                                            pass    
 build-i386-pvops                                             pass    
 test-amd64-amd64-xl                                          pass    
 test-amd64-i386-xl                                           blocked 
 test-amd64-i386-rhel6hvm-amd                                 blocked 
 test-amd64-i386-qemut-rhel6hvm-amd                           blocked 
 test-amd64-i386-qemuu-rhel6hvm-amd                           blocked 
 test-amd64-amd64-xl-qemut-win7-amd64                         fail    
 test-amd64-i386-xl-qemut-win7-amd64                          blocked 
 test-amd64-amd64-xl-qemuu-win7-amd64                         fail    
 test-amd64-amd64-xl-win7-amd64                               fail    
 test-amd64-i386-xl-win7-amd64                                blocked 
 test-amd64-i386-xl-credit2                                   blocked 
 test-amd64-amd64-xl-pcipt-intel                              fail    
 test-amd64-i386-rhel6hvm-intel                               blocked 
 test-amd64-i386-qemut-rhel6hvm-intel                         blocked 
 test-amd64-i386-qemuu-rhel6hvm-intel                         blocked 
 test-amd64-i386-xl-multivcpu                                 blocked 
 test-amd64-amd64-pair                                        pass    
 test-amd64-i386-pair                                         blocked 
 test-amd64-amd64-xl-sedf-pin                                 pass    
 test-amd64-amd64-pv                                          pass    
 test-amd64-i386-pv                                           blocked 
 test-amd64-amd64-xl-sedf                                     pass    
 test-amd64-i386-xl-qemut-winxpsp3-vcpus1                     blocked 
 test-amd64-i386-xl-winxpsp3-vcpus1                           blocked 
 test-amd64-i386-xend-qemut-winxpsp3                          blocked 
 test-amd64-amd64-xl-qemut-winxpsp3                           fail    
 test-amd64-amd64-xl-qemuu-winxpsp3                           fail    
 test-amd64-i386-xend-winxpsp3                                blocked 
 test-amd64-amd64-xl-winxpsp3                                 broken  


------------------------------------------------------------
sg-report-flight on woking.cam.xci-test.com
logs: /home/xc_osstest/logs
images: /home/xc_osstest/images

Logs, config files, etc. are available at
    http://www.chiark.greenend.org.uk/~xensrcts/logs

Test harness code can be found at
    http://xenbits.xensource.com/gitweb?p=osstest.git;a=summary


Published tested tree is already up to date.

^ permalink raw reply	[flat|nested] only message in thread

only message in thread, other threads:[~2013-07-25  3:27 UTC | newest]

Thread overview: (only message) (download: mbox.gz follow: Atom feed
-- links below jump to the message on this page --
2013-07-25  3:27 [xen-unstable test] 18594: trouble: blocked/broken/fail/pass xen.org

This is a public inbox, see mirroring instructions
for how to clone and mirror all data and code used for this inbox;
as well as URLs for NNTP newsgroup(s).