From: xen.org <ian.jackson@eu.citrix.com>
To: xen-devel@lists.xensource.com
Cc: ian.jackson@eu.citrix.com
Subject: [xen-4.1-testing test] 18644: regressions - trouble: blocked/broken/fail/pass
Date: Thu, 8 Aug 2013 18:40:49 +0100 [thread overview]
Message-ID: <osstest-18644-mainreport@xen.org> (raw)
flight 18644 xen-4.1-testing real [real]
http://www.chiark.greenend.org.uk/~xensrcts/logs/18644/
Regressions :-(
Tests which did not succeed and are blocking,
including tests which could not be run:
build-amd64-pvops 4 kernel-build fail REGR. vs. 18521
test-amd64-i386-qemuu-rhel6hvm-intel 3 host-install(3) broken REGR. vs. 18521
test-amd64-i386-xl-multivcpu 3 host-install(3) broken REGR. vs. 18521
Tests which did not succeed, but are not blocking:
test-amd64-amd64-pv 1 xen-build-check(1) blocked n/a
test-amd64-amd64-pair 1 xen-build-check(1) blocked n/a
test-amd64-amd64-xl-pcipt-intel 1 xen-build-check(1) blocked n/a
test-amd64-amd64-xl-qemuu-winxpsp3 1 xen-build-check(1) blocked n/a
test-amd64-amd64-xl 1 xen-build-check(1) blocked n/a
test-amd64-amd64-xl-qemuu-win7-amd64 1 xen-build-check(1) blocked n/a
test-amd64-amd64-xl-qemut-winxpsp3 1 xen-build-check(1) blocked n/a
test-amd64-amd64-xl-win7-amd64 1 xen-build-check(1) blocked n/a
test-amd64-amd64-xl-sedf-pin 1 xen-build-check(1) blocked n/a
test-amd64-amd64-xl-qemut-win7-amd64 1 xen-build-check(1) blocked n/a
test-amd64-amd64-xl-winxpsp3 1 xen-build-check(1) blocked n/a
test-amd64-amd64-xl-sedf 1 xen-build-check(1) blocked n/a
build-armhf 4 xen-build fail never pass
test-i386-i386-xl-winxpsp3 13 guest-stop fail never pass
test-amd64-i386-xend-winxpsp3 16 leak-check/check fail never pass
test-amd64-i386-xl-win7-amd64 13 guest-stop fail never pass
test-amd64-i386-xl-qemut-win7-amd64 13 guest-stop fail never pass
test-amd64-i386-xl-winxpsp3-vcpus1 13 guest-stop fail never pass
test-i386-i386-xl-qemut-winxpsp3 13 guest-stop fail never pass
test-amd64-i386-xl-qemut-winxpsp3-vcpus1 13 guest-stop fail never pass
test-amd64-i386-xend-qemut-winxpsp3 16 leak-check/check fail never pass
test-i386-i386-xl-qemuu-winxpsp3 13 guest-stop fail never pass
version targeted for testing:
xen c60e85a6a61af79ef49094be28588760993183d1
baseline version:
xen cbc312bc35ec45433fc26a5a627df0b476fc3c4a
------------------------------------------------------------
People who touched revisions under test:
Andrew Cooper <andrew.cooper3@citrix.com>
Keir Fraser <keir@xen.org>
------------------------------------------------------------
jobs:
build-amd64 pass
build-armhf fail
build-i386 pass
build-amd64-oldkern pass
build-i386-oldkern pass
build-amd64-pvops fail
build-i386-pvops pass
test-amd64-amd64-xl blocked
test-amd64-i386-xl pass
test-i386-i386-xl pass
test-amd64-i386-rhel6hvm-amd pass
test-amd64-i386-qemut-rhel6hvm-amd pass
test-amd64-i386-qemuu-rhel6hvm-amd pass
test-amd64-amd64-xl-qemut-win7-amd64 blocked
test-amd64-i386-xl-qemut-win7-amd64 fail
test-amd64-amd64-xl-qemuu-win7-amd64 blocked
test-amd64-amd64-xl-win7-amd64 blocked
test-amd64-i386-xl-win7-amd64 fail
test-amd64-i386-xl-credit2 pass
test-amd64-amd64-xl-pcipt-intel blocked
test-amd64-i386-rhel6hvm-intel pass
test-amd64-i386-qemut-rhel6hvm-intel pass
test-amd64-i386-qemuu-rhel6hvm-intel broken
test-amd64-i386-xl-multivcpu broken
test-amd64-amd64-pair blocked
test-amd64-i386-pair pass
test-i386-i386-pair pass
test-amd64-amd64-xl-sedf-pin blocked
test-amd64-amd64-pv blocked
test-amd64-i386-pv pass
test-i386-i386-pv pass
test-amd64-amd64-xl-sedf blocked
test-amd64-i386-xl-qemut-winxpsp3-vcpus1 fail
test-amd64-i386-xl-winxpsp3-vcpus1 fail
test-amd64-i386-xend-qemut-winxpsp3 fail
test-amd64-amd64-xl-qemut-winxpsp3 blocked
test-i386-i386-xl-qemut-winxpsp3 fail
test-amd64-amd64-xl-qemuu-winxpsp3 blocked
test-i386-i386-xl-qemuu-winxpsp3 fail
test-amd64-i386-xend-winxpsp3 fail
test-amd64-amd64-xl-winxpsp3 blocked
test-i386-i386-xl-winxpsp3 fail
------------------------------------------------------------
sg-report-flight on woking.cam.xci-test.com
logs: /home/xc_osstest/logs
images: /home/xc_osstest/images
Logs, config files, etc. are available at
http://www.chiark.greenend.org.uk/~xensrcts/logs
Test harness code can be found at
http://xenbits.xensource.com/gitweb?p=osstest.git;a=summary
Not pushing.
------------------------------------------------------------
commit c60e85a6a61af79ef49094be28588760993183d1
Author: Andrew Cooper <andrew.cooper3@citrix.com>
Date: Thu Aug 8 10:41:20 2013 +0200
x86/time: Update wallclock in shared info when altering domain time offset
domain_set_time_offset() udpates d->time_offset_seconds, but does not correct
the wallclock in the shared info, meaning that it is incorrect until the next
XENPF_settime hypercall from dom0 which resynchronises the wallclock for all
domains.
Signed-off-by: Andrew Cooper <andrew.cooper3@citrix.com>
Acked-by: Keir Fraser <keir@xen.org>
master commit: 915a59f25c5eddd86bc2cae6389d0ed2ab87e69e
master date: 2013-07-18 09:16:15 +0200
commit fbc214d71094967cd8641c145dcdb4494fd8ea2d
Author: Andrew Cooper <andrew.cooper3@citrix.com>
Date: Thu Aug 8 10:40:41 2013 +0200
x86/cpuidle: Change logging for unknown APIC IDs
Dom0 uses this hypercall to pass ACPI information to Xen. It is not very
uncommon for more cpus to be listed in the ACPI tables than are present on the
system, particularly on systems with a common BIOS for a 2 and 4 socket server
varients.
As Dom0 does not control the number of entries in the ACPI tables, and is
required to pass everything it finds to Xen, change the logging.
There is now an single unconditional warning for the first unknown ID, and
further warnings if "cpuinfo" is requested by the user on the command line.
Signed-off-by: Andrew Cooper <andrew.cooper3@citrix.com>
master commit: 85047d9e4f4afeb73bca1e98f705a2f4f1d51c03
master date: 2013-07-17 08:45:20 +0200
commit 4abf174eeb03d521c7b03b4a670a55af657e6528
Author: Andrew Cooper <andrew.cooper3@citrix.com>
Date: Thu Aug 8 10:39:40 2013 +0200
x86/mm: Ensure useful progress in alloc_l2_table()
While debugging the issue which turned out to be XSA-58, a printk in this loop
showed that it was quite easy to never make useful progress, because of
consistently failing the preemption check.
One single l2 entry is a reasonable amount of work to do, even if an action is
pending, and also assures forwards progress across repeat continuations.
Tweak the continuation criteria to fail on the first iteration of the loop.
Signed-off-by: Andrew Cooper <andrew.cooper3@citrix.com>
Acked-by: Keir Fraser <keir@xen.org>
master commit: d3a55d7d9bb518efe08143d050deff9f4ee80ec1
master date: 2013-07-04 10:33:18 +0200
(qemu changes not included)
reply other threads:[~2013-08-08 17:40 UTC|newest]
Thread overview: [no followups] expand[flat|nested] mbox.gz Atom feed
Reply instructions:
You may reply publicly to this message via plain-text email
using any one of the following methods:
* Save the following mbox file, import it into your mail client,
and reply-to-all from there: mbox
Avoid top-posting and favor interleaved quoting:
https://en.wikipedia.org/wiki/Posting_style#Interleaved_style
* Reply using the --to, --cc, and --in-reply-to
switches of git-send-email(1):
git send-email \
--in-reply-to=osstest-18644-mainreport@xen.org \
--to=ian.jackson@eu.citrix.com \
--cc=xen-devel@lists.xensource.com \
/path/to/YOUR_REPLY
https://kernel.org/pub/software/scm/git/docs/git-send-email.html
* If your mail client supports setting the In-Reply-To header
via mailto: links, try the mailto: link
Be sure your reply has a Subject: header at the top and a blank line
before the message body.
This is a public inbox, see mirroring instructions
for how to clone and mirror all data and code used for this inbox;
as well as URLs for NNTP newsgroup(s).