* [xen-4.2-testing test] 18699: trouble: blocked/broken/fail/pass
@ 2013-08-19 12:26 xen.org
0 siblings, 0 replies; only message in thread
From: xen.org @ 2013-08-19 12:26 UTC (permalink / raw)
To: xen-devel; +Cc: ian.jackson
flight 18699 xen-4.2-testing real [real]
http://www.chiark.greenend.org.uk/~xensrcts/logs/18699/
Failures and problems with tests :-(
Tests which did not succeed and are blocking,
including tests which could not be run:
test-i386-i386-pair 4 host-install/dst_host(4) broken REGR. vs. 18668
test-i386-i386-pair 3 host-install/src_host(3) broken REGR. vs. 18668
build-amd64 2 host-install(2) broken REGR. vs. 18668
test-i386-i386-xl-qemut-winxpsp3 3 host-install(3) broken REGR. vs. 18668
test-i386-i386-xl-qemuu-winxpsp3 3 host-install(3) broken REGR. vs. 18668
build-amd64-oldkern 2 host-install(2) broken REGR. vs. 18668
build-amd64-pvops 2 host-install(2) broken REGR. vs. 18668
test-i386-i386-xl-winxpsp3 3 host-install(3) broken REGR. vs. 18668
Tests which did not succeed, but are not blocking:
build-armhf 4 xen-build fail never pass
test-amd64-i386-pv 1 xen-build-check(1) blocked n/a
test-amd64-amd64-xl-pcipt-intel 1 xen-build-check(1) blocked n/a
test-amd64-i386-xl 1 xen-build-check(1) blocked n/a
test-amd64-amd64-xl-sedf 1 xen-build-check(1) blocked n/a
test-amd64-amd64-xl-sedf-pin 1 xen-build-check(1) blocked n/a
test-amd64-i386-xl-multivcpu 1 xen-build-check(1) blocked n/a
test-amd64-i386-rhel6hvm-amd 1 xen-build-check(1) blocked n/a
test-amd64-i386-qemuu-rhel6hvm-amd 1 xen-build-check(1) blocked n/a
test-amd64-amd64-pv 1 xen-build-check(1) blocked n/a
test-amd64-i386-rhel6hvm-intel 1 xen-build-check(1) blocked n/a
test-amd64-i386-qemuu-rhel6hvm-intel 1 xen-build-check(1) blocked n/a
test-amd64-amd64-xl 1 xen-build-check(1) blocked n/a
test-amd64-i386-xl-credit2 1 xen-build-check(1) blocked n/a
test-amd64-i386-qemut-rhel6hvm-intel 1 xen-build-check(1) blocked n/a
test-amd64-i386-qemut-rhel6hvm-amd 1 xen-build-check(1) blocked n/a
test-amd64-amd64-pair 1 xen-build-check(1) blocked n/a
test-amd64-i386-pair 1 xen-build-check(1) blocked n/a
test-amd64-i386-xl-winxpsp3-vcpus1 1 xen-build-check(1) blocked n/a
test-amd64-amd64-xl-win7-amd64 1 xen-build-check(1) blocked n/a
test-amd64-amd64-xl-qemut-win7-amd64 1 xen-build-check(1) blocked n/a
test-amd64-i386-xend-winxpsp3 1 xen-build-check(1) blocked n/a
test-amd64-amd64-xl-qemuu-win7-amd64 1 xen-build-check(1) blocked n/a
test-amd64-amd64-xl-qemut-winxpsp3 1 xen-build-check(1) blocked n/a
test-amd64-i386-xl-qemut-winxpsp3-vcpus1 1 xen-build-check(1) blocked n/a
test-amd64-i386-xl-win7-amd64 1 xen-build-check(1) blocked n/a
test-amd64-i386-xend-qemut-winxpsp3 1 xen-build-check(1) blocked n/a
test-amd64-amd64-xl-qemuu-winxpsp3 1 xen-build-check(1) blocked n/a
test-amd64-i386-xl-qemut-win7-amd64 1 xen-build-check(1) blocked n/a
test-amd64-amd64-xl-winxpsp3 1 xen-build-check(1) blocked n/a
version targeted for testing:
xen 9990231d0d5abf48574f8ec3d2464e2e3da98891
baseline version:
xen 28f9c24f07eb2077210c80fbb36952df1b25966b
------------------------------------------------------------
People who touched revisions under test:
Jan Beulich <jbeulich@suse.com>
Keir Fraser <keir@xen.org>
Xiantao Zhang <xiantao.zhang@Intel.com>
Yang Zhang <yang.z.zhang@Intel.com>
------------------------------------------------------------
jobs:
build-amd64 broken
build-armhf fail
build-i386 pass
build-amd64-oldkern broken
build-i386-oldkern pass
build-amd64-pvops broken
build-i386-pvops pass
test-amd64-amd64-xl blocked
test-amd64-i386-xl blocked
test-i386-i386-xl pass
test-amd64-i386-rhel6hvm-amd blocked
test-amd64-i386-qemut-rhel6hvm-amd blocked
test-amd64-i386-qemuu-rhel6hvm-amd blocked
test-amd64-amd64-xl-qemut-win7-amd64 blocked
test-amd64-i386-xl-qemut-win7-amd64 blocked
test-amd64-amd64-xl-qemuu-win7-amd64 blocked
test-amd64-amd64-xl-win7-amd64 blocked
test-amd64-i386-xl-win7-amd64 blocked
test-amd64-i386-xl-credit2 blocked
test-amd64-amd64-xl-pcipt-intel blocked
test-amd64-i386-rhel6hvm-intel blocked
test-amd64-i386-qemut-rhel6hvm-intel blocked
test-amd64-i386-qemuu-rhel6hvm-intel blocked
test-amd64-i386-xl-multivcpu blocked
test-amd64-amd64-pair blocked
test-amd64-i386-pair blocked
test-i386-i386-pair broken
test-amd64-amd64-xl-sedf-pin blocked
test-amd64-amd64-pv blocked
test-amd64-i386-pv blocked
test-i386-i386-pv pass
test-amd64-amd64-xl-sedf blocked
test-amd64-i386-xl-qemut-winxpsp3-vcpus1 blocked
test-amd64-i386-xl-winxpsp3-vcpus1 blocked
test-amd64-i386-xend-qemut-winxpsp3 blocked
test-amd64-amd64-xl-qemut-winxpsp3 blocked
test-i386-i386-xl-qemut-winxpsp3 broken
test-amd64-amd64-xl-qemuu-winxpsp3 blocked
test-i386-i386-xl-qemuu-winxpsp3 broken
test-amd64-i386-xend-winxpsp3 blocked
test-amd64-amd64-xl-winxpsp3 blocked
test-i386-i386-xl-winxpsp3 broken
------------------------------------------------------------
sg-report-flight on woking.cam.xci-test.com
logs: /home/xc_osstest/logs
images: /home/xc_osstest/images
Logs, config files, etc. are available at
http://www.chiark.greenend.org.uk/~xensrcts/logs
Test harness code can be found at
http://xenbits.xensource.com/gitweb?p=osstest.git;a=summary
Not pushing.
------------------------------------------------------------
commit 9990231d0d5abf48574f8ec3d2464e2e3da98891
Author: Yang Zhang <yang.z.zhang@Intel.com>
Date: Thu Aug 15 09:14:11 2013 +0200
VTD: Remove the check for reserved device scope type
Though we only have four valid types now, the new type may be added in future.
It's better to remove the check and only deal with the type that we can
recognize.
Signed-off-by: Yang Zhang <yang.z.zhang@Intel.com>
Signed-off-by: Xiantao Zhang <xiantao.zhang@Intel.com>
Acked-by: Keir Fraser <keir@xen.org>
Add log message for this case.
Signed-off-by: Jan Beulich <jbeulich@suse.com>
master commit: 749bc93f7a1ad47640cc7876d27641e98a08bf61
master date: 2013-04-16 10:36:05 +0200
(qemu changes not included)
^ permalink raw reply [flat|nested] only message in thread
only message in thread, other threads:[~2013-08-19 12:26 UTC | newest]
Thread overview: (only message) (download: mbox.gz follow: Atom feed
-- links below jump to the message on this page --
2013-08-19 12:26 [xen-4.2-testing test] 18699: trouble: blocked/broken/fail/pass xen.org
This is a public inbox, see mirroring instructions
for how to clone and mirror all data and code used for this inbox;
as well as URLs for NNTP newsgroup(s).