From mboxrd@z Thu Jan 1 00:00:00 1970 From: xen.org Subject: [xen-4.1-testing test] 18715: trouble: blocked/broken/fail Date: Mon, 19 Aug 2013 02:00:53 +0100 Message-ID: Mime-Version: 1.0 Content-Type: text/plain; charset="us-ascii" Content-Transfer-Encoding: 7bit Return-path: List-Unsubscribe: , List-Post: List-Help: List-Subscribe: , Sender: xen-devel-bounces@lists.xen.org Errors-To: xen-devel-bounces@lists.xen.org To: xen-devel@lists.xensource.com Cc: ian.jackson@eu.citrix.com List-Id: xen-devel@lists.xenproject.org flight 18715 xen-4.1-testing real [real] http://www.chiark.greenend.org.uk/~xensrcts/logs/18715/ Failures and problems with tests :-( Tests which did not succeed and are blocking, including tests which could not be run: build-amd64 2 host-install(2) broken REGR. vs. 18651 build-i386 2 host-install(2) broken REGR. vs. 18651 build-i386-oldkern 2 host-install(2) broken REGR. vs. 18651 build-amd64-pvops 2 host-install(2) broken REGR. vs. 18651 build-amd64-oldkern 2 host-install(2) broken REGR. vs. 18651 build-i386-pvops 2 host-install(2) broken REGR. vs. 18651 Tests which did not succeed, but are not blocking: build-armhf 4 xen-build fail never pass test-amd64-amd64-xl-pcipt-intel 1 xen-build-check(1) blocked n/a test-amd64-amd64-xl-sedf 1 xen-build-check(1) blocked n/a test-i386-i386-xl 1 xen-build-check(1) blocked n/a test-amd64-i386-xl 1 xen-build-check(1) blocked n/a test-amd64-amd64-xl-sedf-pin 1 xen-build-check(1) blocked n/a test-amd64-amd64-pv 1 xen-build-check(1) blocked n/a test-amd64-amd64-xl 1 xen-build-check(1) blocked n/a test-i386-i386-pv 1 xen-build-check(1) blocked n/a test-amd64-i386-qemuu-rhel6hvm-amd 1 xen-build-check(1) blocked n/a test-amd64-i386-qemut-rhel6hvm-amd 1 xen-build-check(1) blocked n/a test-amd64-i386-pv 1 xen-build-check(1) blocked n/a test-amd64-i386-rhel6hvm-intel 1 xen-build-check(1) blocked n/a test-amd64-amd64-pair 1 xen-build-check(1) blocked n/a test-amd64-i386-qemut-rhel6hvm-intel 1 xen-build-check(1) blocked n/a test-i386-i386-pair 1 xen-build-check(1) blocked n/a test-amd64-i386-xl-credit2 1 xen-build-check(1) blocked n/a test-amd64-i386-rhel6hvm-amd 1 xen-build-check(1) blocked n/a test-amd64-i386-pair 1 xen-build-check(1) blocked n/a test-amd64-amd64-xl-qemut-winxpsp3 1 xen-build-check(1) blocked n/a test-amd64-amd64-xl-qemuu-win7-amd64 1 xen-build-check(1) blocked n/a test-i386-i386-xl-winxpsp3 1 xen-build-check(1) blocked n/a test-amd64-amd64-xl-win7-amd64 1 xen-build-check(1) blocked n/a test-amd64-i386-xend-winxpsp3 1 xen-build-check(1) blocked n/a test-amd64-i386-xl-win7-amd64 1 xen-build-check(1) blocked n/a test-amd64-amd64-xl-winxpsp3 1 xen-build-check(1) blocked n/a test-amd64-i386-xl-qemut-win7-amd64 1 xen-build-check(1) blocked n/a test-amd64-i386-xl-winxpsp3-vcpus1 1 xen-build-check(1) blocked n/a test-i386-i386-xl-qemut-winxpsp3 1 xen-build-check(1) blocked n/a test-amd64-i386-xl-qemut-winxpsp3-vcpus1 1 xen-build-check(1) blocked n/a test-amd64-i386-xend-qemut-winxpsp3 1 xen-build-check(1) blocked n/a test-amd64-i386-qemuu-rhel6hvm-intel 1 xen-build-check(1) blocked n/a test-amd64-i386-xl-multivcpu 1 xen-build-check(1) blocked n/a test-amd64-amd64-xl-qemuu-winxpsp3 1 xen-build-check(1) blocked n/a test-i386-i386-xl-qemuu-winxpsp3 1 xen-build-check(1) blocked n/a test-amd64-amd64-xl-qemut-win7-amd64 1 xen-build-check(1) blocked n/a version targeted for testing: xen e737f237a373c673537062a7a3324f345120a113 baseline version: xen c60e85a6a61af79ef49094be28588760993183d1 ------------------------------------------------------------ People who touched revisions under test: Jan Beulich Tim Deegan ------------------------------------------------------------ jobs: build-amd64 broken build-armhf fail build-i386 broken build-amd64-oldkern broken build-i386-oldkern broken build-amd64-pvops broken build-i386-pvops broken test-amd64-amd64-xl blocked test-amd64-i386-xl blocked test-i386-i386-xl blocked test-amd64-i386-rhel6hvm-amd blocked test-amd64-i386-qemut-rhel6hvm-amd blocked test-amd64-i386-qemuu-rhel6hvm-amd blocked test-amd64-amd64-xl-qemut-win7-amd64 blocked test-amd64-i386-xl-qemut-win7-amd64 blocked test-amd64-amd64-xl-qemuu-win7-amd64 blocked test-amd64-amd64-xl-win7-amd64 blocked test-amd64-i386-xl-win7-amd64 blocked test-amd64-i386-xl-credit2 blocked test-amd64-amd64-xl-pcipt-intel blocked test-amd64-i386-rhel6hvm-intel blocked test-amd64-i386-qemut-rhel6hvm-intel blocked test-amd64-i386-qemuu-rhel6hvm-intel blocked test-amd64-i386-xl-multivcpu blocked test-amd64-amd64-pair blocked test-amd64-i386-pair blocked test-i386-i386-pair blocked test-amd64-amd64-xl-sedf-pin blocked test-amd64-amd64-pv blocked test-amd64-i386-pv blocked test-i386-i386-pv blocked test-amd64-amd64-xl-sedf blocked test-amd64-i386-xl-qemut-winxpsp3-vcpus1 blocked test-amd64-i386-xl-winxpsp3-vcpus1 blocked test-amd64-i386-xend-qemut-winxpsp3 blocked test-amd64-amd64-xl-qemut-winxpsp3 blocked test-i386-i386-xl-qemut-winxpsp3 blocked test-amd64-amd64-xl-qemuu-winxpsp3 blocked test-i386-i386-xl-qemuu-winxpsp3 blocked test-amd64-i386-xend-winxpsp3 blocked test-amd64-amd64-xl-winxpsp3 blocked test-i386-i386-xl-winxpsp3 blocked ------------------------------------------------------------ sg-report-flight on woking.cam.xci-test.com logs: /home/xc_osstest/logs images: /home/xc_osstest/images Logs, config files, etc. are available at http://www.chiark.greenend.org.uk/~xensrcts/logs Test harness code can be found at http://xenbits.xensource.com/gitweb?p=osstest.git;a=summary Not pushing. ------------------------------------------------------------ commit e737f237a373c673537062a7a3324f345120a113 Author: Tim Deegan Date: Fri Aug 16 12:11:21 2013 +0200 x86: explicit suffix in inline assembler (for clang). This fixes the clang build, and has no effect on gcc's output. Signed-off-by: Tim Deegan Committed-by: Jan Beulich master commit: 59a28b5f045331641cbf0c1fc8d5d67afe328939 master date: 2013-02-14 14:20:06 +0100 Note that this isn't just a build fix - if the "delta" input ends up in memory, gas would default to 32-bit operand size (and should really warn about the ambiguity). (qemu changes not included)