* [xen-4.2-testing test] 18719: trouble: broken/fail/pass
@ 2013-08-19 16:56 xen.org
0 siblings, 0 replies; only message in thread
From: xen.org @ 2013-08-19 16:56 UTC (permalink / raw)
To: xen-devel; +Cc: ian.jackson
flight 18719 xen-4.2-testing real [real]
http://www.chiark.greenend.org.uk/~xensrcts/logs/18719/
Failures and problems with tests :-(
Tests which did not succeed and are blocking,
including tests which could not be run:
test-amd64-i386-pv 3 host-install(3) broken REGR. vs. 18668
test-i386-i386-pv 3 host-install(3) broken REGR. vs. 18668
test-amd64-i386-xl 3 host-install(3) broken REGR. vs. 18668
test-amd64-i386-xl-multivcpu 3 host-install(3) broken REGR. vs. 18668
test-amd64-i386-rhel6hvm-amd 3 host-install(3) broken REGR. vs. 18668
test-amd64-i386-qemuu-rhel6hvm-amd 3 host-install(3) broken REGR. vs. 18668
test-amd64-amd64-pv 3 host-install(3) broken REGR. vs. 18668
test-amd64-i386-rhel6hvm-intel 3 host-install(3) broken REGR. vs. 18668
test-amd64-i386-qemuu-rhel6hvm-intel 3 host-install(3) broken REGR. vs. 18668
test-amd64-amd64-xl 3 host-install(3) broken REGR. vs. 18668
test-amd64-i386-xl-credit2 3 host-install(3) broken REGR. vs. 18668
test-amd64-i386-qemut-rhel6hvm-intel 3 host-install(3) broken REGR. vs. 18668
test-i386-i386-xl 3 host-install(3) broken REGR. vs. 18668
test-amd64-i386-qemut-rhel6hvm-amd 3 host-install(3) broken REGR. vs. 18668
test-amd64-amd64-pair 3 host-install/src_host(3) broken REGR. vs. 18668
test-amd64-amd64-pair 4 host-install/dst_host(4) broken REGR. vs. 18668
test-amd64-i386-pair 4 host-install/dst_host(4) broken REGR. vs. 18668
test-amd64-i386-pair 3 host-install/src_host(3) broken REGR. vs. 18668
test-i386-i386-pair 4 host-install/dst_host(4) broken REGR. vs. 18668
test-i386-i386-pair 3 host-install/src_host(3) broken REGR. vs. 18668
test-amd64-amd64-xl-qemut-win7-amd64 3 host-install(3) broken REGR. vs. 18668
test-amd64-i386-xend-winxpsp3 3 host-install(3) broken REGR. vs. 18668
test-amd64-amd64-xl-qemut-winxpsp3 3 host-install(3) broken REGR. vs. 18668
test-i386-i386-xl-qemut-winxpsp3 3 host-install(3) broken REGR. vs. 18668
test-i386-i386-xl-qemuu-winxpsp3 3 host-install(3) broken REGR. vs. 18668
test-amd64-i386-xl-qemut-winxpsp3-vcpus1 3 host-install(3) broken REGR. vs. 18668
test-i386-i386-xl-winxpsp3 3 host-install(3) broken REGR. vs. 18668
test-amd64-i386-xend-qemut-winxpsp3 3 host-install(3) broken REGR. vs. 18668
test-amd64-amd64-xl-winxpsp3 3 host-install(3) broken REGR. vs. 18668
Regressions which are regarded as allowable (not blocking):
test-amd64-amd64-xl-pcipt-intel 3 host-install(3) broken REGR. vs. 18668
test-amd64-amd64-xl-sedf 3 host-install(3) broken REGR. vs. 18668
Tests which did not succeed, but are not blocking:
build-armhf 4 xen-build fail never pass
test-amd64-i386-xl-winxpsp3-vcpus1 13 guest-stop fail never pass
test-amd64-amd64-xl-win7-amd64 13 guest-stop fail never pass
test-amd64-amd64-xl-qemuu-win7-amd64 13 guest-stop fail never pass
test-amd64-i386-xl-win7-amd64 13 guest-stop fail never pass
test-amd64-i386-xl-qemut-win7-amd64 13 guest-stop fail never pass
test-amd64-amd64-xl-qemuu-winxpsp3 13 guest-stop fail never pass
version targeted for testing:
xen fb7d38de1f6744092011ae169b12f5e31ba6a745
baseline version:
xen 28f9c24f07eb2077210c80fbb36952df1b25966b
------------------------------------------------------------
People who touched revisions under test:
Jan Beulich <jbeulich@suse.com>
Keir Fraser <keir@xen.org>
Tim Deegan <tim@xen.org>
Xiantao Zhang <xiantao.zhang@Intel.com>
Yang Zhang <yang.z.zhang@Intel.com>
------------------------------------------------------------
jobs:
build-amd64 pass
build-armhf fail
build-i386 pass
build-amd64-oldkern pass
build-i386-oldkern pass
build-amd64-pvops pass
build-i386-pvops pass
test-amd64-amd64-xl broken
test-amd64-i386-xl broken
test-i386-i386-xl broken
test-amd64-i386-rhel6hvm-amd broken
test-amd64-i386-qemut-rhel6hvm-amd broken
test-amd64-i386-qemuu-rhel6hvm-amd broken
test-amd64-amd64-xl-qemut-win7-amd64 broken
test-amd64-i386-xl-qemut-win7-amd64 fail
test-amd64-amd64-xl-qemuu-win7-amd64 fail
test-amd64-amd64-xl-win7-amd64 fail
test-amd64-i386-xl-win7-amd64 fail
test-amd64-i386-xl-credit2 broken
test-amd64-amd64-xl-pcipt-intel broken
test-amd64-i386-rhel6hvm-intel broken
test-amd64-i386-qemut-rhel6hvm-intel broken
test-amd64-i386-qemuu-rhel6hvm-intel broken
test-amd64-i386-xl-multivcpu broken
test-amd64-amd64-pair broken
test-amd64-i386-pair broken
test-i386-i386-pair broken
test-amd64-amd64-xl-sedf-pin pass
test-amd64-amd64-pv broken
test-amd64-i386-pv broken
test-i386-i386-pv broken
test-amd64-amd64-xl-sedf broken
test-amd64-i386-xl-qemut-winxpsp3-vcpus1 broken
test-amd64-i386-xl-winxpsp3-vcpus1 fail
test-amd64-i386-xend-qemut-winxpsp3 broken
test-amd64-amd64-xl-qemut-winxpsp3 broken
test-i386-i386-xl-qemut-winxpsp3 broken
test-amd64-amd64-xl-qemuu-winxpsp3 fail
test-i386-i386-xl-qemuu-winxpsp3 broken
test-amd64-i386-xend-winxpsp3 broken
test-amd64-amd64-xl-winxpsp3 broken
test-i386-i386-xl-winxpsp3 broken
------------------------------------------------------------
sg-report-flight on woking.cam.xci-test.com
logs: /home/xc_osstest/logs
images: /home/xc_osstest/images
Logs, config files, etc. are available at
http://www.chiark.greenend.org.uk/~xensrcts/logs
Test harness code can be found at
http://xenbits.xensource.com/gitweb?p=osstest.git;a=summary
Not pushing.
------------------------------------------------------------
commit fb7d38de1f6744092011ae169b12f5e31ba6a745
Author: Tim Deegan <tim@xen.org>
Date: Fri Aug 16 12:07:40 2013 +0200
x86: explicit suffix in inline assembler (for clang).
This fixes the clang build, and has no effect on gcc's output.
Signed-off-by: Tim Deegan <tim@xen.org>
Committed-by: Jan Beulich <jbeulich@suse.com>
master commit: 59a28b5f045331641cbf0c1fc8d5d67afe328939
master date: 2013-02-14 14:20:06 +0100
Note that this isn't just a build fix - if the "delta" input in the
64-bit variant ends up in memory, gas would default to 32-bit operand
size (and should really warn about the ambiguity).
32-bit portion contributed by NetBSD folks.
commit 9990231d0d5abf48574f8ec3d2464e2e3da98891
Author: Yang Zhang <yang.z.zhang@Intel.com>
Date: Thu Aug 15 09:14:11 2013 +0200
VTD: Remove the check for reserved device scope type
Though we only have four valid types now, the new type may be added in future.
It's better to remove the check and only deal with the type that we can
recognize.
Signed-off-by: Yang Zhang <yang.z.zhang@Intel.com>
Signed-off-by: Xiantao Zhang <xiantao.zhang@Intel.com>
Acked-by: Keir Fraser <keir@xen.org>
Add log message for this case.
Signed-off-by: Jan Beulich <jbeulich@suse.com>
master commit: 749bc93f7a1ad47640cc7876d27641e98a08bf61
master date: 2013-04-16 10:36:05 +0200
(qemu changes not included)
^ permalink raw reply [flat|nested] only message in thread
only message in thread, other threads:[~2013-08-19 16:56 UTC | newest]
Thread overview: (only message) (download: mbox.gz follow: Atom feed
-- links below jump to the message on this page --
2013-08-19 16:56 [xen-4.2-testing test] 18719: trouble: broken/fail/pass xen.org
This is a public inbox, see mirroring instructions
for how to clone and mirror all data and code used for this inbox;
as well as URLs for NNTP newsgroup(s).