* [xen-unstable test] 18741: regressions - trouble: blocked/broken/fail/pass
@ 2013-08-21 16:57 xen.org
0 siblings, 0 replies; only message in thread
From: xen.org @ 2013-08-21 16:57 UTC (permalink / raw)
To: xen-devel; +Cc: ian.jackson
flight 18741 xen-unstable real [real]
http://www.chiark.greenend.org.uk/~xensrcts/logs/18741/
Regressions :-(
Tests which did not succeed and are blocking,
including tests which could not be run:
build-i386 3 host-build-prep fail REGR. vs. 18739
Tests which did not succeed, but are not blocking:
test-amd64-amd64-xl-pcipt-intel 9 guest-start fail never pass
test-amd64-i386-rhel6hvm-intel 1 xen-build-check(1) blocked n/a
test-amd64-i386-xl-multivcpu 1 xen-build-check(1) blocked n/a
test-amd64-i386-xl-credit2 1 xen-build-check(1) blocked n/a
test-amd64-i386-xl 1 xen-build-check(1) blocked n/a
test-amd64-i386-rhel6hvm-amd 1 xen-build-check(1) blocked n/a
test-amd64-i386-qemuu-rhel6hvm-amd 1 xen-build-check(1) blocked n/a
test-amd64-i386-pv 1 xen-build-check(1) blocked n/a
test-amd64-i386-qemut-rhel6hvm-amd 1 xen-build-check(1) blocked n/a
test-amd64-i386-xend-winxpsp3 1 xen-build-check(1) blocked n/a
test-amd64-amd64-xl-qemut-win7-amd64 13 guest-stop fail never pass
test-amd64-amd64-xl-qemuu-win7-amd64 13 guest-stop fail never pass
test-amd64-amd64-xl-qemuu-winxpsp3 13 guest-stop fail never pass
test-amd64-amd64-xl-win7-amd64 13 guest-stop fail never pass
test-amd64-i386-xl-win7-amd64 1 xen-build-check(1) blocked n/a
test-amd64-i386-qemuu-rhel6hvm-intel 1 xen-build-check(1) blocked n/a
test-amd64-i386-qemut-rhel6hvm-intel 1 xen-build-check(1) blocked n/a
test-amd64-amd64-xl-qemut-winxpsp3 13 guest-stop fail never pass
test-amd64-i386-xl-qemut-win7-amd64 1 xen-build-check(1) blocked n/a
test-amd64-i386-xl-winxpsp3-vcpus1 1 xen-build-check(1) blocked n/a
test-amd64-i386-xend-qemut-winxpsp3 1 xen-build-check(1) blocked n/a
test-amd64-i386-xl-qemut-winxpsp3-vcpus1 1 xen-build-check(1) blocked n/a
test-amd64-amd64-xl-winxpsp3 13 guest-stop fail never pass
test-amd64-i386-pair 1 xen-build-check(1) blocked n/a
version targeted for testing:
xen 71b9ff99e174e422270d5dadc30021009d4c8699
baseline version:
xen 54a46bce768033b1c36e25eace15f7abde972389
------------------------------------------------------------
People who touched revisions under test:
Andre Przywara <andre.przywara@linaro.org>
Ian Campbell <ian.campbell@citrix.com>
Ian Jackson <ian.jackson@eu.citrix.com>
Jan Beulich <jbeulich@suse.com>
------------------------------------------------------------
jobs:
build-amd64 pass
build-armhf pass
build-i386 broken
build-amd64-oldkern pass
build-i386-oldkern pass
build-amd64-pvops pass
build-i386-pvops pass
test-amd64-amd64-xl pass
test-amd64-i386-xl blocked
test-amd64-i386-rhel6hvm-amd blocked
test-amd64-i386-qemut-rhel6hvm-amd blocked
test-amd64-i386-qemuu-rhel6hvm-amd blocked
test-amd64-amd64-xl-qemut-win7-amd64 fail
test-amd64-i386-xl-qemut-win7-amd64 blocked
test-amd64-amd64-xl-qemuu-win7-amd64 fail
test-amd64-amd64-xl-win7-amd64 fail
test-amd64-i386-xl-win7-amd64 blocked
test-amd64-i386-xl-credit2 blocked
test-amd64-amd64-xl-pcipt-intel fail
test-amd64-i386-rhel6hvm-intel blocked
test-amd64-i386-qemut-rhel6hvm-intel blocked
test-amd64-i386-qemuu-rhel6hvm-intel blocked
test-amd64-i386-xl-multivcpu blocked
test-amd64-amd64-pair pass
test-amd64-i386-pair blocked
test-amd64-amd64-xl-sedf-pin pass
test-amd64-amd64-pv pass
test-amd64-i386-pv blocked
test-amd64-amd64-xl-sedf pass
test-amd64-i386-xl-qemut-winxpsp3-vcpus1 blocked
test-amd64-i386-xl-winxpsp3-vcpus1 blocked
test-amd64-i386-xend-qemut-winxpsp3 blocked
test-amd64-amd64-xl-qemut-winxpsp3 fail
test-amd64-amd64-xl-qemuu-winxpsp3 fail
test-amd64-i386-xend-winxpsp3 blocked
test-amd64-amd64-xl-winxpsp3 fail
------------------------------------------------------------
sg-report-flight on woking.cam.xci-test.com
logs: /home/xc_osstest/logs
images: /home/xc_osstest/images
Logs, config files, etc. are available at
http://www.chiark.greenend.org.uk/~xensrcts/logs
Test harness code can be found at
http://xenbits.xensource.com/gitweb?p=osstest.git;a=summary
Not pushing.
------------------------------------------------------------
commit 71b9ff99e174e422270d5dadc30021009d4c8699
Merge: d7f056a... c5ba8ed...
Author: Ian Campbell <ian.campbell@citrix.com>
Date: Wed Aug 21 11:03:18 2013 +0100
Merge branch 'staging' of ssh://xenbits.xen.org/home/xen/git/xen into staging
commit d7f056a32e0906c2ef43e23801c621ec897a238c
Author: Ian Campbell <ian.campbell@citrix.com>
Date: Tue Aug 6 11:32:34 2013 +0100
build: CONFIG_IOEMU is now obsolete
Signed-off-by: Ian Campbell <ian.campbell@citrix.com>
Acked-by: Ian Jackson <ian.jackson@eu.citrix.com>
commit 5c7cbadaccca8dbb47f2c42ab1b5a8afac9275e3
Author: Ian Campbell <ian.campbell@citrix.com>
Date: Wed May 15 14:47:32 2013 +0100
tools: allow user to specify a system qemu-xen binary
If this option is given don't bother building qemu-xen ourselves. Likely to be
handy for distros who have an existing qemu package which they want to reuse.
Signed-off-by: Ian Campbell <ian.campbell@citrix.com>
Acked-by: Ian Jackson <ian.jackson@eu.citrix.com>
commit b0f69ec5c71de1248d915c193b57c43e786857dd
Author: Ian Campbell <ian.campbell@citrix.com>
Date: Tue Aug 6 11:32:32 2013 +0100
tools: Make qemu-xen-traditional build optional.
Now that we have upstream qemu people may want to avoid building this extra
code.
There is a little bit of trickery in stubdom/configure.ac to ensure that the
ioemu stubdom is only built if qemu-traditional is enabled.
libxl will return an error if a caller tries to build a domain using
qemu-xen-traditional when this support was disabled at build time. Since
qemu-xen-traditional has been historically tightly bound to the Xen releases I
don't see any value in supporting "3rd party" provision of
qemu-xen-traditional.
We also do not want/need this on ARM therefore default is on for x86 and off
otherwise.
Signed-off-by: Ian Campbell <ian.campbell@citrix.com>
Acked-by: Ian Jackson <ian.jackson@eu.citrix.com>
[ ijc -- trivial conflicts in Tools.mk.in and tools/configure.ac.
Reran autogen.sh ]
commit 874f76a86adf1da70921884f5a868eec105cf8cd
Author: Andre Przywara <andre.przywara@linaro.org>
Date: Tue Aug 13 17:12:35 2013 +0200
PL011: fix reverse logic for interrupt mask register
The PL011 IMSC register description is somehow fuzzy in the
documentation; by comparing it with the Linux implementation one can
see that the logic is actually reversed to Xen's implementation:
A "0" in field means interrupt disabled, a "1" enables it.
Therefore we enabled all interrupts instead of disabling them in the
beginning and later on masked the wrong interrupts.
Unclear how this worked on the Versatile Express, but this fix is
needed to get Calxeda Midway running (and works on VExpress, too).
Signed-off-by: Andre Przywara <andre.przywara@linaro.org>
Acked-by: Ian Campbell <ian.campbell@citrix.com>
commit c5ba8ed4c6f005d332a49d93a3ef8ff2b690b256
Author: Jan Beulich <jbeulich@suse.com>
Date: Wed Aug 21 08:40:22 2013 +0200
ACPI: use ioremap() in acpi_os_map_memory()
This drops the post-boot use of __acpi_map_table() here again (together
with the somewhat awkward locking), in favor of using ioremap().
Signed-off-by: Jan Beulich <jbeulich@suse.com>
commit 2ee9cbf9d8eaeff6e21222905d22dbd58dc5fe29
Author: Jan Beulich <jbeulich@suse.com>
Date: Wed Aug 21 08:38:40 2013 +0200
ACPI: fix acpi_os_map_memory()
It using map_domain_page() was entirely wrong. Use __acpi_map_table()
instead for the time being, with locking added as the mappings it
produces get replaced with subsequent invocations. Using locking in
this way is acceptable here since the only two runtime callers are
acpi_os_{read,write}_memory(), which don't leave mappings pending upon
returning to their callers.
Also fix __acpi_map_table()'s first parameter's type - while benign for
unstable, backports to pre-4.3 trees will need this.
Signed-off-by: Jan Beulich <jbeulich@suse.com>
(qemu changes not included)
^ permalink raw reply [flat|nested] only message in thread
only message in thread, other threads:[~2013-08-21 16:57 UTC | newest]
Thread overview: (only message) (download: mbox.gz follow: Atom feed
-- links below jump to the message on this page --
2013-08-21 16:57 [xen-unstable test] 18741: regressions - trouble: blocked/broken/fail/pass xen.org
This is a public inbox, see mirroring instructions
for how to clone and mirror all data and code used for this inbox;
as well as URLs for NNTP newsgroup(s).