xen-devel.lists.xenproject.org archive mirror
 help / color / mirror / Atom feed
* [xen-unstable test] 19059: regressions - FAIL
@ 2013-09-05  3:33 xen.org
  2013-09-05  8:21 ` Jan Beulich
  0 siblings, 1 reply; 3+ messages in thread
From: xen.org @ 2013-09-05  3:33 UTC (permalink / raw)
  To: xen-devel; +Cc: ian.jackson

flight 19059 xen-unstable real [real]
http://www.chiark.greenend.org.uk/~xensrcts/logs/19059/

Regressions :-(

Tests which did not succeed and are blocking,
including tests which could not be run:
 test-amd64-i386-qemuu-rhel6hvm-amd  7 redhat-install      fail REGR. vs. 18778
 test-amd64-i386-rhel6hvm-amd  5 xen-boot                  fail REGR. vs. 18778
 test-amd64-i386-qemut-rhel6hvm-amd  7 redhat-install      fail REGR. vs. 18778
 test-amd64-i386-pv            7 debian-install            fail REGR. vs. 18778
 test-amd64-i386-xl-multivcpu  7 debian-install            fail REGR. vs. 18778
 test-amd64-i386-pair   17 guest-migrate/src_host/dst_host fail REGR. vs. 18778
 test-amd64-amd64-xl-qemut-winxpsp3  7 windows-install     fail REGR. vs. 18778
 test-amd64-amd64-xl-winxpsp3  7 windows-install           fail REGR. vs. 18778

Tests which did not succeed, but are not blocking:
 test-amd64-amd64-xl-pcipt-intel  9 guest-start                 fail never pass
 test-amd64-amd64-xl-qemuu-win7-amd64 13 guest-stop             fail never pass
 test-amd64-i386-xl-winxpsp3-vcpus1 13 guest-stop               fail never pass
 test-amd64-i386-xend-winxpsp3 16 leak-check/check             fail  never pass
 test-amd64-i386-xl-qemut-winxpsp3-vcpus1 13 guest-stop         fail never pass
 test-amd64-amd64-xl-qemuu-winxpsp3 13 guest-stop               fail never pass
 test-amd64-i386-xend-qemut-winxpsp3 16 leak-check/check        fail never pass
 test-amd64-amd64-xl-qemut-win7-amd64 13 guest-stop             fail never pass
 test-amd64-amd64-xl-win7-amd64 13 guest-stop                   fail never pass
 test-amd64-i386-xl-qemut-win7-amd64 13 guest-stop              fail never pass
 test-amd64-i386-xl-win7-amd64 13 guest-stop                   fail  never pass

version targeted for testing:
 xen                  3fc8cabb8ab704324b4739b6772fcaaa69bbc3b9
baseline version:
 xen                  8a7769b4453168e23e8935a85e9a875ef5117253

------------------------------------------------------------
People who touched revisions under test:
  Andre Przywara <andre.przywara@linaro.org>
  Andrei Lifchits <andrei.lifchits@citrix.com>
  Andrew Cooper <andrew.cooper3@citrix.com>
  Germano Percossi <germano.percossi@citrix.com>
  Ian Campbell <ian.campbell@citrix.com>
  Ian Campbell <ijc@hellion.org.uk>
  Ian Jackson <ian.jackson@eu.citrix.com>
  Jaeyong Yoo <jaeyong.yoo@samsung.com>
  Jan Beulich <jbeulich@suse.com>
  Julien Grall <julien.grall@linaro.org>
  Keir Fraser <keir@xen.org>
  Len Brown <len.brown@intel.com>
  Matt Wilson <msw@amazon.com>
  Sander Eikelenboom <linux@eikelenboom.it>
  Steven Noonan <snoonan@amazon.com>
  Suravee Suthikulpanit <suravee.suthikulapanit@amd.com>
  Suravee Suthikulpanit <suravee.suthikulpanit@amd.com>
  Tim Deegan <tim@xen.org>
  Tomasz Wroblewski <tomasz.wroblewski@citrix.com>
  Wei Liu <wei.liu2@citrix.com>
  Xi Xiong <xixiong@amazon.com>
------------------------------------------------------------

jobs:
 build-amd64                                                  pass    
 build-armhf                                                  pass    
 build-i386                                                   pass    
 build-amd64-oldkern                                          pass    
 build-i386-oldkern                                           pass    
 build-amd64-pvops                                            pass    
 build-i386-pvops                                             pass    
 test-amd64-amd64-xl                                          pass    
 test-amd64-i386-xl                                           pass    
 test-amd64-i386-rhel6hvm-amd                                 fail    
 test-amd64-i386-qemut-rhel6hvm-amd                           fail    
 test-amd64-i386-qemuu-rhel6hvm-amd                           fail    
 test-amd64-amd64-xl-qemut-win7-amd64                         fail    
 test-amd64-i386-xl-qemut-win7-amd64                          fail    
 test-amd64-amd64-xl-qemuu-win7-amd64                         fail    
 test-amd64-amd64-xl-win7-amd64                               fail    
 test-amd64-i386-xl-win7-amd64                                fail    
 test-amd64-i386-xl-credit2                                   pass    
 test-amd64-amd64-xl-pcipt-intel                              fail    
 test-amd64-i386-rhel6hvm-intel                               pass    
 test-amd64-i386-qemut-rhel6hvm-intel                         pass    
 test-amd64-i386-qemuu-rhel6hvm-intel                         pass    
 test-amd64-i386-xl-multivcpu                                 fail    
 test-amd64-amd64-pair                                        pass    
 test-amd64-i386-pair                                         fail    
 test-amd64-amd64-xl-sedf-pin                                 pass    
 test-amd64-amd64-pv                                          pass    
 test-amd64-i386-pv                                           fail    
 test-amd64-amd64-xl-sedf                                     pass    
 test-amd64-i386-xl-qemut-winxpsp3-vcpus1                     fail    
 test-amd64-i386-xl-winxpsp3-vcpus1                           fail    
 test-amd64-i386-xend-qemut-winxpsp3                          fail    
 test-amd64-amd64-xl-qemut-winxpsp3                           fail    
 test-amd64-amd64-xl-qemuu-winxpsp3                           fail    
 test-amd64-i386-xend-winxpsp3                                fail    
 test-amd64-amd64-xl-winxpsp3                                 fail    


------------------------------------------------------------
sg-report-flight on woking.cam.xci-test.com
logs: /home/xc_osstest/logs
images: /home/xc_osstest/images

Logs, config files, etc. are available at
    http://www.chiark.greenend.org.uk/~xensrcts/logs

Test harness code can be found at
    http://xenbits.xensource.com/gitweb?p=osstest.git;a=summary


Not pushing.

(No revision log; it would be 611 lines long.)

^ permalink raw reply	[flat|nested] 3+ messages in thread

* Re: [xen-unstable test] 19059: regressions - FAIL
  2013-09-05  3:33 [xen-unstable test] 19059: regressions - FAIL xen.org
@ 2013-09-05  8:21 ` Jan Beulich
  2013-09-05 11:12   ` Ian Jackson
  0 siblings, 1 reply; 3+ messages in thread
From: Jan Beulich @ 2013-09-05  8:21 UTC (permalink / raw)
  To: ian.jackson; +Cc: xen-devel

>>> On 05.09.13 at 05:33, xen.org <ian.jackson@eu.citrix.com> wrote:
> flight 19059 xen-unstable real [real]
> http://www.chiark.greenend.org.uk/~xensrcts/logs/19059/ 
> 
> Regressions :-(
> 
> Tests which did not succeed and are blocking,
> including tests which could not be run:
>  test-amd64-i386-qemuu-rhel6hvm-amd  7 redhat-install      fail REGR. vs. 18778
>  test-amd64-i386-rhel6hvm-amd  5 xen-boot                  fail REGR. vs. 18778
>  test-amd64-i386-qemut-rhel6hvm-amd  7 redhat-install      fail REGR. vs. 18778
>  test-amd64-i386-pv            7 debian-install            fail REGR. vs. 18778
>  test-amd64-i386-xl-multivcpu  7 debian-install            fail REGR. vs. 18778
>  test-amd64-i386-pair   17 guest-migrate/src_host/dst_host fail REGR. vs. 18778

So no improvement at all from the dom0_mem= change.

>  test-amd64-amd64-xl-qemut-winxpsp3  7 windows-install     fail REGR. vs. 18778
>  test-amd64-amd64-xl-winxpsp3  7 windows-install           fail REGR. vs. 18778

itch-mite seems to be having storage problems (unclear whether
associated with the use of the newer kernel).

Jan

^ permalink raw reply	[flat|nested] 3+ messages in thread

* Re: [xen-unstable test] 19059: regressions - FAIL
  2013-09-05  8:21 ` Jan Beulich
@ 2013-09-05 11:12   ` Ian Jackson
  0 siblings, 0 replies; 3+ messages in thread
From: Ian Jackson @ 2013-09-05 11:12 UTC (permalink / raw)
  To: Jan Beulich; +Cc: xen-devel

Jan Beulich writes ("Re: [Xen-devel] [xen-unstable test] 19059: regressions - FAIL"):
> On 05.09.13 at 05:33, xen.org <ian.jackson@eu.citrix.com> wrote:
> >  test-amd64-amd64-xl-qemut-winxpsp3  7 windows-install     fail REGR. vs. 18778
> >  test-amd64-amd64-xl-winxpsp3  7 windows-install           fail REGR. vs. 18778
> 
> itch-mite seems to be having storage problems (unclear whether
> associated with the use of the newer kernel).

Sep  4 23:13:10.284917 [ 7125.645727] Sense Key : Medium Error [current] 
Sep  4 23:13:10.284971 [ 7125.645743] Info fld=0x1ceab58
Sep  4 23:13:10.285016 [ 7125.645751] sd 4:0:0:0: [sda]  
Sep  4 23:13:10.296929 [ 7125.645760] Add. Sense: Unrecovered read error

So it does.  I doubt this is a software problem.  I will arrange to
give it a new hard disk.

Ian.

^ permalink raw reply	[flat|nested] 3+ messages in thread

end of thread, other threads:[~2013-09-05 11:13 UTC | newest]

Thread overview: 3+ messages (download: mbox.gz follow: Atom feed
-- links below jump to the message on this page --
2013-09-05  3:33 [xen-unstable test] 19059: regressions - FAIL xen.org
2013-09-05  8:21 ` Jan Beulich
2013-09-05 11:12   ` Ian Jackson

This is a public inbox, see mirroring instructions
for how to clone and mirror all data and code used for this inbox;
as well as URLs for NNTP newsgroup(s).