xen-devel.lists.xenproject.org archive mirror
 help / color / mirror / Atom feed
From: xen.org <ian.jackson@eu.citrix.com>
To: xen-devel@lists.xensource.com
Cc: ian.jackson@eu.citrix.com
Subject: [xen-4.3-testing test] 19095: regressions - FAIL
Date: Sat, 7 Sep 2013 02:58:23 +0100	[thread overview]
Message-ID: <osstest-19095-mainreport@xen.org> (raw)

flight 19095 xen-4.3-testing real [real]
http://www.chiark.greenend.org.uk/~xensrcts/logs/19095/

Regressions :-(

Tests which did not succeed and are blocking,
including tests which could not be run:
 test-amd64-i386-xl-multivcpu  7 debian-install            fail REGR. vs. 19061

Tests which did not succeed, but are not blocking:
 test-amd64-amd64-xl-pcipt-intel  9 guest-start                 fail never pass
 test-amd64-amd64-xl-qemut-win7-amd64 13 guest-stop             fail never pass
 test-amd64-i386-xend-winxpsp3 16 leak-check/check             fail  never pass
 test-amd64-i386-xl-win7-amd64 13 guest-stop                   fail  never pass
 test-amd64-amd64-xl-win7-amd64 13 guest-stop                   fail never pass
 test-amd64-i386-xl-qemut-win7-amd64 13 guest-stop              fail never pass
 test-amd64-i386-xl-winxpsp3-vcpus1 13 guest-stop               fail never pass
 test-amd64-i386-xl-qemut-winxpsp3-vcpus1 13 guest-stop         fail never pass
 test-amd64-i386-xend-qemut-winxpsp3 16 leak-check/check        fail never pass
 test-amd64-amd64-xl-qemut-winxpsp3 13 guest-stop               fail never pass
 test-amd64-amd64-xl-qemuu-win7-amd64 13 guest-stop             fail never pass
 test-amd64-amd64-xl-qemuu-winxpsp3 13 guest-stop               fail never pass
 test-amd64-amd64-xl-winxpsp3 13 guest-stop                   fail   never pass

version targeted for testing:
 xen                  25ec2ee4122167d85c847f51834c787767b96ba1
baseline version:
 xen                  30f53a4cc56d45a86ef025a0fd8e90e4c5cefe1c

------------------------------------------------------------
People who touched revisions under test:
  Jan Beulich <jbeulich@suse.com>
  Keir Fraser <keir@xen.org>
  Suravee Suthikulpanit <suravee.suthikulapanit@amd.com>
  Tomasz Wroblewski <tomasz.wroblewski@citrix.com>
------------------------------------------------------------

jobs:
 build-amd64                                                  pass    
 build-armhf                                                  pass    
 build-i386                                                   pass    
 build-amd64-oldkern                                          pass    
 build-i386-oldkern                                           pass    
 build-amd64-pvops                                            pass    
 build-i386-pvops                                             pass    
 test-amd64-amd64-xl                                          pass    
 test-amd64-i386-xl                                           pass    
 test-amd64-i386-rhel6hvm-amd                                 pass    
 test-amd64-i386-qemut-rhel6hvm-amd                           pass    
 test-amd64-i386-qemuu-rhel6hvm-amd                           pass    
 test-amd64-amd64-xl-qemut-win7-amd64                         fail    
 test-amd64-i386-xl-qemut-win7-amd64                          fail    
 test-amd64-amd64-xl-qemuu-win7-amd64                         fail    
 test-amd64-amd64-xl-win7-amd64                               fail    
 test-amd64-i386-xl-win7-amd64                                fail    
 test-amd64-i386-xl-credit2                                   pass    
 test-amd64-amd64-xl-pcipt-intel                              fail    
 test-amd64-i386-rhel6hvm-intel                               pass    
 test-amd64-i386-qemut-rhel6hvm-intel                         pass    
 test-amd64-i386-qemuu-rhel6hvm-intel                         pass    
 test-amd64-i386-xl-multivcpu                                 fail    
 test-amd64-amd64-pair                                        pass    
 test-amd64-i386-pair                                         pass    
 test-amd64-amd64-xl-sedf-pin                                 pass    
 test-amd64-amd64-pv                                          pass    
 test-amd64-i386-pv                                           pass    
 test-amd64-amd64-xl-sedf                                     pass    
 test-amd64-i386-xl-qemut-winxpsp3-vcpus1                     fail    
 test-amd64-i386-xl-winxpsp3-vcpus1                           fail    
 test-amd64-i386-xend-qemut-winxpsp3                          fail    
 test-amd64-amd64-xl-qemut-winxpsp3                           fail    
 test-amd64-amd64-xl-qemuu-winxpsp3                           fail    
 test-amd64-i386-xend-winxpsp3                                fail    
 test-amd64-amd64-xl-winxpsp3                                 fail    


------------------------------------------------------------
sg-report-flight on woking.cam.xci-test.com
logs: /home/xc_osstest/logs
images: /home/xc_osstest/images

Logs, config files, etc. are available at
    http://www.chiark.greenend.org.uk/~xensrcts/logs

Test harness code can be found at
    http://xenbits.xensource.com/gitweb?p=osstest.git;a=summary


Not pushing.

------------------------------------------------------------
commit 25ec2ee4122167d85c847f51834c787767b96ba1
Author: Jan Beulich <jbeulich@suse.com>
Date:   Fri Sep 6 14:07:54 2013 +0200

    AMD IOMMU: add missing check
    
    We shouldn't accept IVHD tables specifying IO-APIC IDs beyond the limit
    we support (MAX_IO_APICS, currently 128).
    
    Signed-off-by: Jan Beulich <jbeulich@suse.com>
    Reviewed-by: Andrew Cooper <andrew.cooper3@citrix.com>
    Acked-by: Suravee Suthikulpanit <suravee.suthikulapanit@amd.com>
    master commit: 3785d30efe8264b899499e0883b10cc434bd0959
    master date: 2013-08-29 09:31:37 +0200

commit ecee70df563cef959b8ec01c331f1081f7014550
Author: Tomasz Wroblewski <tomasz.wroblewski@citrix.com>
Date:   Fri Sep 6 14:03:40 2013 +0200

    Fix inactive timer list corruption on second S3 resume
    
    init_timer cannot be safely called multiple times on same timer since it does memset(0)
    on the structure, erasing the auxiliary member used by linked list code. This breaks
    inactive timer list in common/timer.c.
    
    Moved resume_timer initialisation to ns16550_init_postirq, so it's only done once.
    
    Signed-off-by: Tomasz Wroblewski <tomasz.wroblewski@citrix.com>
    Acked-by: Keir Fraser <keir@xen.org>
    master commit: 9e2c5938246546a5b3f698b7421640d85602b994
    master date: 2013-08-28 10:18:39 +0200

commit 3e84eb6381260bb50080fa2ad2d7770eb863aff1
Author: Jan Beulich <jbeulich@suse.com>
Date:   Fri Sep 6 14:02:09 2013 +0200

    x86/Intel: add support for Haswell CPU models
    
    ... according to their most recent public documentation.
    
    Signed-off-by: Jan Beulich <jbeulich@suse.com>
    Acked-by: Keir Fraser <keir@xen.org>
    master commit: 3e787021fb2420851c7bdc3911ea53c728ba5ac0
    master date: 2013-08-27 11:15:15 +0200
(qemu changes not included)

                 reply	other threads:[~2013-09-07  1:58 UTC|newest]

Thread overview: [no followups] expand[flat|nested]  mbox.gz  Atom feed

Reply instructions:

You may reply publicly to this message via plain-text email
using any one of the following methods:

* Save the following mbox file, import it into your mail client,
  and reply-to-all from there: mbox

  Avoid top-posting and favor interleaved quoting:
  https://en.wikipedia.org/wiki/Posting_style#Interleaved_style

* Reply using the --to, --cc, and --in-reply-to
  switches of git-send-email(1):

  git send-email \
    --in-reply-to=osstest-19095-mainreport@xen.org \
    --to=ian.jackson@eu.citrix.com \
    --cc=xen-devel@lists.xensource.com \
    /path/to/YOUR_REPLY

  https://kernel.org/pub/software/scm/git/docs/git-send-email.html

* If your mail client supports setting the In-Reply-To header
  via mailto: links, try the mailto: link
Be sure your reply has a Subject: header at the top and a blank line before the message body.
This is a public inbox, see mirroring instructions
for how to clone and mirror all data and code used for this inbox;
as well as URLs for NNTP newsgroup(s).