xen-devel.lists.xenproject.org archive mirror
 help / color / mirror / Atom feed
From: xen.org <ian.jackson@eu.citrix.com>
To: xen-devel@lists.xensource.com
Cc: ian.jackson@eu.citrix.com
Subject: [xen-4.2-testing test] 19211: regressions - FAIL
Date: Fri, 13 Sep 2013 19:02:23 +0100	[thread overview]
Message-ID: <osstest-19211-mainreport@xen.org> (raw)

flight 19211 xen-4.2-testing real [real]
http://www.chiark.greenend.org.uk/~xensrcts/logs/19211/

Regressions :-(

Tests which did not succeed and are blocking,
including tests which could not be run:
 build-amd64-oldkern           4 xen-build                 fail REGR. vs. 19202

Regressions which are regarded as allowable (not blocking):
 test-amd64-amd64-xl-sedf-pin 10 guest-saverestore         fail REGR. vs. 19202

Tests which did not succeed, but are not blocking:
 build-armhf                   4 xen-build                    fail   never pass
 test-amd64-amd64-xl-pcipt-intel  9 guest-start                 fail never pass
 build-armhf-pvops             4 kernel-build                 fail   never pass
 test-amd64-i386-xl-winxpsp3-vcpus1 13 guest-stop               fail never pass
 test-amd64-i386-xl-qemut-win7-amd64 13 guest-stop              fail never pass
 test-amd64-amd64-xl-win7-amd64 13 guest-stop                   fail never pass
 test-amd64-amd64-xl-qemut-win7-amd64 13 guest-stop             fail never pass
 test-amd64-i386-xend-winxpsp3 16 leak-check/check             fail  never pass
 test-amd64-amd64-xl-qemuu-win7-amd64 13 guest-stop             fail never pass
 test-amd64-amd64-xl-qemut-winxpsp3 13 guest-stop               fail never pass
 test-i386-i386-xl-qemut-winxpsp3 13 guest-stop                 fail never pass
 test-i386-i386-xl-qemuu-winxpsp3 13 guest-stop                 fail never pass
 test-amd64-i386-xl-qemut-winxpsp3-vcpus1 13 guest-stop         fail never pass
 test-amd64-i386-xl-win7-amd64 13 guest-stop                   fail  never pass
 test-i386-i386-xl-winxpsp3   13 guest-stop                   fail   never pass
 test-amd64-i386-xend-qemut-winxpsp3 16 leak-check/check        fail never pass
 test-amd64-amd64-xl-qemuu-winxpsp3 13 guest-stop               fail never pass
 test-amd64-amd64-xl-winxpsp3 13 guest-stop                   fail   never pass

version targeted for testing:
 xen                  7071c972b4dfaadbc2e6bae6d9876315be4d1d5d
baseline version:
 xen                  3d7f80b1afe38a05a5592c362f8a6413cdeb419b

------------------------------------------------------------
People who touched revisions under test:
  Keir Fraser <keir@xen.org>
  Olaf Hering <olaf@aepfle.de>
------------------------------------------------------------

jobs:
 build-amd64                                                  pass    
 build-armhf                                                  fail    
 build-i386                                                   pass    
 build-amd64-oldkern                                          fail    
 build-i386-oldkern                                           pass    
 build-amd64-pvops                                            pass    
 build-armhf-pvops                                            fail    
 build-i386-pvops                                             pass    
 test-amd64-amd64-xl                                          pass    
 test-amd64-i386-xl                                           pass    
 test-i386-i386-xl                                            pass    
 test-amd64-i386-rhel6hvm-amd                                 pass    
 test-amd64-i386-qemut-rhel6hvm-amd                           pass    
 test-amd64-i386-qemuu-rhel6hvm-amd                           pass    
 test-amd64-amd64-xl-qemut-win7-amd64                         fail    
 test-amd64-i386-xl-qemut-win7-amd64                          fail    
 test-amd64-amd64-xl-qemuu-win7-amd64                         fail    
 test-amd64-amd64-xl-win7-amd64                               fail    
 test-amd64-i386-xl-win7-amd64                                fail    
 test-amd64-i386-xl-credit2                                   pass    
 test-amd64-amd64-xl-pcipt-intel                              fail    
 test-amd64-i386-rhel6hvm-intel                               pass    
 test-amd64-i386-qemut-rhel6hvm-intel                         pass    
 test-amd64-i386-qemuu-rhel6hvm-intel                         pass    
 test-amd64-i386-xl-multivcpu                                 pass    
 test-amd64-amd64-pair                                        pass    
 test-amd64-i386-pair                                         pass    
 test-i386-i386-pair                                          pass    
 test-amd64-amd64-xl-sedf-pin                                 fail    
 test-amd64-amd64-pv                                          pass    
 test-amd64-i386-pv                                           pass    
 test-i386-i386-pv                                            pass    
 test-amd64-amd64-xl-sedf                                     pass    
 test-amd64-i386-xl-qemut-winxpsp3-vcpus1                     fail    
 test-amd64-i386-xl-winxpsp3-vcpus1                           fail    
 test-amd64-i386-xend-qemut-winxpsp3                          fail    
 test-amd64-amd64-xl-qemut-winxpsp3                           fail    
 test-i386-i386-xl-qemut-winxpsp3                             fail    
 test-amd64-amd64-xl-qemuu-winxpsp3                           fail    
 test-i386-i386-xl-qemuu-winxpsp3                             fail    
 test-amd64-i386-xend-winxpsp3                                fail    
 test-amd64-amd64-xl-winxpsp3                                 fail    
 test-i386-i386-xl-winxpsp3                                   fail    


------------------------------------------------------------
sg-report-flight on woking.cam.xci-test.com
logs: /home/xc_osstest/logs
images: /home/xc_osstest/images

Logs, config files, etc. are available at
    http://www.chiark.greenend.org.uk/~xensrcts/logs

Test harness code can be found at
    http://xenbits.xensource.com/gitweb?p=osstest.git;a=summary


Not pushing.

------------------------------------------------------------
commit 7071c972b4dfaadbc2e6bae6d9876315be4d1d5d
Author: Olaf Hering <olaf@aepfle.de>
Date:   Thu Dec 6 16:50:48 2012 +0000

    tools/gdbsx: fix build failure with glibc-2.17
    
    Signed-off-by: Olaf Hering <olaf@aepfle.de>
    Committed-by: Keir Fraser <keir@xen.org>
    (cherry picked from commit 5d98adc3e5e859ba23f62ca63450f6a60a9c5e2f)
(qemu changes not included)

                 reply	other threads:[~2013-09-13 18:02 UTC|newest]

Thread overview: [no followups] expand[flat|nested]  mbox.gz  Atom feed

Reply instructions:

You may reply publicly to this message via plain-text email
using any one of the following methods:

* Save the following mbox file, import it into your mail client,
  and reply-to-all from there: mbox

  Avoid top-posting and favor interleaved quoting:
  https://en.wikipedia.org/wiki/Posting_style#Interleaved_style

* Reply using the --to, --cc, and --in-reply-to
  switches of git-send-email(1):

  git send-email \
    --in-reply-to=osstest-19211-mainreport@xen.org \
    --to=ian.jackson@eu.citrix.com \
    --cc=xen-devel@lists.xensource.com \
    /path/to/YOUR_REPLY

  https://kernel.org/pub/software/scm/git/docs/git-send-email.html

* If your mail client supports setting the In-Reply-To header
  via mailto: links, try the mailto: link
Be sure your reply has a Subject: header at the top and a blank line before the message body.
This is a public inbox, see mirroring instructions
for how to clone and mirror all data and code used for this inbox;
as well as URLs for NNTP newsgroup(s).