xen-devel.lists.xenproject.org archive mirror
 help / color / mirror / Atom feed
From: xen.org <ian.jackson@eu.citrix.com>
To: xen-devel@lists.xensource.com
Cc: ian.jackson@eu.citrix.com
Subject: [xen-unstable test] 19213: regressions - FAIL
Date: Fri, 13 Sep 2013 14:56:18 +0100	[thread overview]
Message-ID: <osstest-19213-mainreport@xen.org> (raw)

[-- Attachment #1: Type: text/plain, Size: 7396 bytes --]

flight 19213 xen-unstable real [real]
http://www.chiark.greenend.org.uk/~xensrcts/logs/19213/

Regressions :-(

Tests which did not succeed and are blocking,
including tests which could not be run:
 build-amd64                   4 xen-build                 fail REGR. vs. 19208
 build-amd64-oldkern           4 xen-build                 fail REGR. vs. 19208
 build-amd64-pvops             4 kernel-build              fail REGR. vs. 19208

Tests which did not succeed, but are not blocking:
 test-armhf-armhf-xl           1 xen-build-check(1)           blocked  n/a
 test-amd64-amd64-xl-pcipt-intel  1 xen-build-check(1)           blocked  n/a
 test-amd64-amd64-pv           1 xen-build-check(1)           blocked  n/a
 test-amd64-i386-xl            1 xen-build-check(1)           blocked  n/a
 test-amd64-amd64-xl-sedf-pin  1 xen-build-check(1)           blocked  n/a
 test-amd64-i386-rhel6hvm-intel  1 xen-build-check(1)           blocked  n/a
 test-amd64-amd64-xl           1 xen-build-check(1)           blocked  n/a
 test-amd64-amd64-xl-sedf      1 xen-build-check(1)           blocked  n/a
 test-amd64-i386-qemuu-rhel6hvm-amd  1 xen-build-check(1)           blocked n/a
 test-amd64-amd64-pair         1 xen-build-check(1)           blocked  n/a
 build-armhf-pvops             4 kernel-build                 fail   never pass
 test-amd64-i386-qemut-rhel6hvm-amd  1 xen-build-check(1)           blocked n/a
 test-amd64-i386-rhel6hvm-amd  1 xen-build-check(1)           blocked  n/a
 test-amd64-i386-xend-winxpsp3  1 xen-build-check(1)           blocked  n/a
 test-amd64-amd64-xl-win7-amd64  1 xen-build-check(1)           blocked  n/a
 test-amd64-amd64-xl-qemuu-winxpsp3  1 xen-build-check(1)           blocked n/a
 test-amd64-amd64-xl-qemuu-win7-amd64  1 xen-build-check(1)         blocked n/a
 test-amd64-i386-xl-credit2    1 xen-build-check(1)           blocked  n/a
 test-amd64-i386-xl-qemut-win7-amd64  1 xen-build-check(1)          blocked n/a
 test-amd64-i386-xl-win7-amd64  1 xen-build-check(1)           blocked  n/a
 test-amd64-i386-qemuu-rhel6hvm-intel  1 xen-build-check(1)         blocked n/a
 test-amd64-i386-pv            1 xen-build-check(1)           blocked  n/a
 test-amd64-i386-xl-multivcpu  1 xen-build-check(1)           blocked  n/a
 test-amd64-i386-xl-winxpsp3-vcpus1  1 xen-build-check(1)           blocked n/a
 test-amd64-i386-xend-qemut-winxpsp3  1 xen-build-check(1)          blocked n/a
 test-amd64-i386-xl-qemut-winxpsp3-vcpus1  1 xen-build-check(1)     blocked n/a
 test-amd64-i386-qemut-rhel6hvm-intel  1 xen-build-check(1)         blocked n/a
 test-amd64-i386-pair          1 xen-build-check(1)           blocked  n/a
 test-amd64-amd64-xl-qemut-win7-amd64  1 xen-build-check(1)         blocked n/a
 test-amd64-amd64-xl-winxpsp3  1 xen-build-check(1)           blocked  n/a
 test-amd64-amd64-xl-qemut-winxpsp3  1 xen-build-check(1)           blocked n/a

version targeted for testing:
 xen                  11a63a1660453269ddd1893c15d0a98133b33ca7
baseline version:
 xen                  cadbe2f9e768585fad52156be2433d49ec9feaf1

------------------------------------------------------------
People who touched revisions under test:
  Ian Jackson <ian.jackson@eu.citrix.com>
  Roger Pau Monné <roger.pau@citrix.com>
  Wei Liu <wei.liu2@citrix.com>
------------------------------------------------------------

jobs:
 build-amd64                                                  fail    
 build-armhf                                                  pass    
 build-i386                                                   pass    
 build-amd64-oldkern                                          fail    
 build-i386-oldkern                                           pass    
 build-amd64-pvops                                            fail    
 build-armhf-pvops                                            fail    
 build-i386-pvops                                             pass    
 test-amd64-amd64-xl                                          blocked 
 test-armhf-armhf-xl                                          blocked 
 test-amd64-i386-xl                                           blocked 
 test-amd64-i386-rhel6hvm-amd                                 blocked 
 test-amd64-i386-qemut-rhel6hvm-amd                           blocked 
 test-amd64-i386-qemuu-rhel6hvm-amd                           blocked 
 test-amd64-amd64-xl-qemut-win7-amd64                         blocked 
 test-amd64-i386-xl-qemut-win7-amd64                          blocked 
 test-amd64-amd64-xl-qemuu-win7-amd64                         blocked 
 test-amd64-amd64-xl-win7-amd64                               blocked 
 test-amd64-i386-xl-win7-amd64                                blocked 
 test-amd64-i386-xl-credit2                                   blocked 
 test-amd64-amd64-xl-pcipt-intel                              blocked 
 test-amd64-i386-rhel6hvm-intel                               blocked 
 test-amd64-i386-qemut-rhel6hvm-intel                         blocked 
 test-amd64-i386-qemuu-rhel6hvm-intel                         blocked 
 test-amd64-i386-xl-multivcpu                                 blocked 
 test-amd64-amd64-pair                                        blocked 
 test-amd64-i386-pair                                         blocked 
 test-amd64-amd64-xl-sedf-pin                                 blocked 
 test-amd64-amd64-pv                                          blocked 
 test-amd64-i386-pv                                           blocked 
 test-amd64-amd64-xl-sedf                                     blocked 
 test-amd64-i386-xl-qemut-winxpsp3-vcpus1                     blocked 
 test-amd64-i386-xl-winxpsp3-vcpus1                           blocked 
 test-amd64-i386-xend-qemut-winxpsp3                          blocked 
 test-amd64-amd64-xl-qemut-winxpsp3                           blocked 
 test-amd64-amd64-xl-qemuu-winxpsp3                           blocked 
 test-amd64-i386-xend-winxpsp3                                blocked 
 test-amd64-amd64-xl-winxpsp3                                 blocked 


------------------------------------------------------------
sg-report-flight on woking.cam.xci-test.com
logs: /home/xc_osstest/logs
images: /home/xc_osstest/images

Logs, config files, etc. are available at
    http://www.chiark.greenend.org.uk/~xensrcts/logs

Test harness code can be found at
    http://xenbits.xensource.com/gitweb?p=osstest.git;a=summary


Not pushing.

------------------------------------------------------------
commit 11a63a1660453269ddd1893c15d0a98133b33ca7
Author: Wei Liu <wei.liu2@citrix.com>
Date:   Thu Sep 5 15:11:31 2013 +0100

    libxl, hotplug/Linux: default to phy backend for raw format file
    
    Modify libxl to allow raw format file to use phy backend.
    
    For the hotplug script part, learn from NetBSD's block hotplug script --
    test the path and determine the actual type of file (block device or
    regular file) then use the actual type to determine which branch to run.
    
    With these changes, plus the current ordering of backend preference
    (phy > qdisk > tap), we will use phy backend for raw format file by
    default.
    
    Signed-off-by: Wei Liu <wei.liu2@citrix.com>
    Cc: Stefano Stabellini <stefano.stabellini@eu.citrix.com>
    Acked-by: Roger Pau Monné <roger.pau@citrix.com>
    Acked-by: Ian Jackson <ian.jackson@eu.citrix.com>
(qemu changes not included)


[-- Attachment #2: Type: text/plain, Size: 126 bytes --]

_______________________________________________
Xen-devel mailing list
Xen-devel@lists.xen.org
http://lists.xen.org/xen-devel

                 reply	other threads:[~2013-09-13 13:56 UTC|newest]

Thread overview: [no followups] expand[flat|nested]  mbox.gz  Atom feed

Reply instructions:

You may reply publicly to this message via plain-text email
using any one of the following methods:

* Save the following mbox file, import it into your mail client,
  and reply-to-all from there: mbox

  Avoid top-posting and favor interleaved quoting:
  https://en.wikipedia.org/wiki/Posting_style#Interleaved_style

* Reply using the --to, --cc, and --in-reply-to
  switches of git-send-email(1):

  git send-email \
    --in-reply-to=osstest-19213-mainreport@xen.org \
    --to=ian.jackson@eu.citrix.com \
    --cc=xen-devel@lists.xensource.com \
    /path/to/YOUR_REPLY

  https://kernel.org/pub/software/scm/git/docs/git-send-email.html

* If your mail client supports setting the In-Reply-To header
  via mailto: links, try the mailto: link
Be sure your reply has a Subject: header at the top and a blank line before the message body.
This is a public inbox, see mirroring instructions
for how to clone and mirror all data and code used for this inbox;
as well as URLs for NNTP newsgroup(s).