From mboxrd@z Thu Jan 1 00:00:00 1970 From: xen.org Subject: [xen-unstable test] 19288: regressions - FAIL Date: Sat, 14 Sep 2013 22:09:51 +0100 Message-ID: Mime-Version: 1.0 Content-Type: multipart/mixed; boundary="===============4425014822755844978==" Return-path: List-Unsubscribe: , List-Post: List-Help: List-Subscribe: , Sender: xen-devel-bounces@lists.xen.org Errors-To: xen-devel-bounces@lists.xen.org To: xen-devel@lists.xensource.com Cc: ian.jackson@eu.citrix.com List-Id: xen-devel@lists.xenproject.org --===============4425014822755844978== Content-Type: text/plain flight 19288 xen-unstable real [real] http://www.chiark.greenend.org.uk/~xensrcts/logs/19288/ Regressions :-( Tests which did not succeed and are blocking, including tests which could not be run: test-amd64-i386-qemuu-rhel6hvm-intel 11 leak-check/check fail REGR. vs. 19208 test-amd64-i386-rhel6hvm-intel 7 redhat-install fail REGR. vs. 19208 test-amd64-i386-qemuu-rhel6hvm-amd 11 leak-check/check fail REGR. vs. 19208 test-amd64-i386-qemut-rhel6hvm-amd 7 redhat-install fail REGR. vs. 19208 test-amd64-i386-rhel6hvm-amd 11 leak-check/check fail REGR. vs. 19208 test-amd64-i386-xl-qemut-win7-amd64 12 guest-localmigrate/x10 fail REGR. vs. 19208 test-amd64-i386-xl-win7-amd64 11 guest-localmigrate.2 fail REGR. vs. 19208 test-amd64-i386-qemut-rhel6hvm-intel 11 leak-check/check fail REGR. vs. 19208 test-amd64-amd64-xl-win7-amd64 7 windows-install fail REGR. vs. 19208 test-amd64-amd64-xl-winxpsp3 8 guest-saverestore fail REGR. vs. 19208 test-amd64-amd64-xl-qemut-winxpsp3 7 windows-install fail REGR. vs. 19208 Regressions which are regarded as allowable (not blocking): test-amd64-amd64-xl-sedf 14 guest-localmigrate/x10 fail REGR. vs. 19208 Tests which did not succeed, but are not blocking: test-armhf-armhf-xl 1 xen-build-check(1) blocked n/a test-amd64-amd64-xl-pcipt-intel 9 guest-start fail never pass build-armhf-pvops 4 kernel-build fail never pass test-amd64-i386-xend-winxpsp3 16 leak-check/check fail never pass test-amd64-amd64-xl-qemuu-winxpsp3 13 guest-stop fail never pass test-amd64-amd64-xl-qemuu-win7-amd64 13 guest-stop fail never pass test-amd64-i386-xend-qemut-winxpsp3 16 leak-check/check fail never pass test-amd64-i386-xl-winxpsp3-vcpus1 13 guest-stop fail never pass test-amd64-i386-xl-qemut-winxpsp3-vcpus1 13 guest-stop fail never pass test-amd64-amd64-xl-qemut-win7-amd64 13 guest-stop fail never pass version targeted for testing: xen 593470233ff38385df9dcf5690cc58c7a4fb290d baseline version: xen cadbe2f9e768585fad52156be2433d49ec9feaf1 ------------------------------------------------------------ People who touched revisions under test: Andrew Cooper Dario Faggioli Fabio Fantoni George Dunlap Ian Campbell Ian Jackson Jan Beulich Juergen Gross Keir Fraser Konrad Rzeszutek Wilk Matthew Daley Roger Pau Monné Samuel Thibault Tim Deegan Wei Liu ------------------------------------------------------------ jobs: build-amd64 pass build-armhf pass build-i386 pass build-amd64-oldkern pass build-i386-oldkern pass build-amd64-pvops pass build-armhf-pvops fail build-i386-pvops pass test-amd64-amd64-xl pass test-armhf-armhf-xl blocked test-amd64-i386-xl pass test-amd64-i386-rhel6hvm-amd fail test-amd64-i386-qemut-rhel6hvm-amd fail test-amd64-i386-qemuu-rhel6hvm-amd fail test-amd64-amd64-xl-qemut-win7-amd64 fail test-amd64-i386-xl-qemut-win7-amd64 fail test-amd64-amd64-xl-qemuu-win7-amd64 fail test-amd64-amd64-xl-win7-amd64 fail test-amd64-i386-xl-win7-amd64 fail test-amd64-i386-xl-credit2 pass test-amd64-amd64-xl-pcipt-intel fail test-amd64-i386-rhel6hvm-intel fail test-amd64-i386-qemut-rhel6hvm-intel fail test-amd64-i386-qemuu-rhel6hvm-intel fail test-amd64-i386-xl-multivcpu pass test-amd64-amd64-pair pass test-amd64-i386-pair pass test-amd64-amd64-xl-sedf-pin pass test-amd64-amd64-pv pass test-amd64-i386-pv pass test-amd64-amd64-xl-sedf fail test-amd64-i386-xl-qemut-winxpsp3-vcpus1 fail test-amd64-i386-xl-winxpsp3-vcpus1 fail test-amd64-i386-xend-qemut-winxpsp3 fail test-amd64-amd64-xl-qemut-winxpsp3 fail test-amd64-amd64-xl-qemuu-winxpsp3 fail test-amd64-i386-xend-winxpsp3 fail test-amd64-amd64-xl-winxpsp3 fail ------------------------------------------------------------ sg-report-flight on woking.cam.xci-test.com logs: /home/xc_osstest/logs images: /home/xc_osstest/images Logs, config files, etc. are available at http://www.chiark.greenend.org.uk/~xensrcts/logs Test harness code can be found at http://xenbits.xensource.com/gitweb?p=osstest.git;a=summary Not pushing. (No revision log; it would be 368 lines long.) --===============4425014822755844978== Content-Type: text/plain; charset="us-ascii" MIME-Version: 1.0 Content-Transfer-Encoding: 7bit Content-Disposition: inline _______________________________________________ Xen-devel mailing list Xen-devel@lists.xen.org http://lists.xen.org/xen-devel --===============4425014822755844978==--