From mboxrd@z Thu Jan 1 00:00:00 1970 From: xen.org Subject: [linux-3.4 test] 19294: regressions - FAIL Date: Sat, 14 Sep 2013 21:40:30 +0100 Message-ID: Mime-Version: 1.0 Content-Type: text/plain; charset="us-ascii" Content-Transfer-Encoding: 7bit Return-path: List-Unsubscribe: , List-Post: List-Help: List-Subscribe: , Sender: xen-devel-bounces@lists.xen.org Errors-To: xen-devel-bounces@lists.xen.org To: xen-devel@lists.xensource.com Cc: ian.jackson@eu.citrix.com List-Id: xen-devel@lists.xenproject.org flight 19294 linux-3.4 real [real] http://www.chiark.greenend.org.uk/~xensrcts/logs/19294/ Regressions :-( Tests which did not succeed and are blocking, including tests which could not be run: test-amd64-amd64-xl-qemuu-winxpsp3 7 windows-install fail REGR. vs. 19160 Regressions which are regarded as allowable (not blocking): test-amd64-amd64-xl-sedf 12 guest-saverestore.2 fail REGR. vs. 19160 Tests which did not succeed, but are not blocking: test-armhf-armhf-xl 1 xen-build-check(1) blocked n/a test-amd64-amd64-xl-pcipt-intel 9 guest-start fail never pass build-armhf-pvops 4 kernel-build fail never pass test-amd64-i386-xl-win7-amd64 13 guest-stop fail never pass test-amd64-i386-xl-qemut-winxpsp3-vcpus1 13 guest-stop fail never pass test-amd64-amd64-xl-win7-amd64 13 guest-stop fail never pass test-amd64-amd64-xl-qemuu-win7-amd64 13 guest-stop fail never pass test-amd64-amd64-xl-qemut-win7-amd64 13 guest-stop fail never pass test-amd64-i386-xl-qemut-win7-amd64 13 guest-stop fail never pass test-amd64-i386-xl-winxpsp3-vcpus1 13 guest-stop fail never pass test-amd64-i386-xend-winxpsp3 16 leak-check/check fail never pass test-amd64-i386-xend-qemut-winxpsp3 16 leak-check/check fail never pass test-amd64-amd64-xl-qemut-winxpsp3 7 windows-install fail never pass test-amd64-amd64-xl-winxpsp3 13 guest-stop fail never pass version targeted for testing: linux d10b95b412369a7f1d437304db7d02d41fe33e22 baseline version: linux 58055a005855e4befb1d952aadba98acd78da354 ------------------------------------------------------------ People who touched revisions under test: Andrew Morton Dan Carpenter Daniel Borkmann Dave Jones David S. Miller Ding Tianhong Eric Dumazet Fabio Estevam Geert Uytterhoeven Greg Kroah-Hartman Hannes Frederic Sowa Jason Wang Jiri Benc Jiri Bohac Jon Maloy Linus Torvalds Michael S. Tsirkin Neal Cardwell Neil Horman Paolo Bonzini Paul Gortmaker Roman Gushchin Stephen Hemminger Stephen Warren Thomas Graf Veaceslav Falico Ying Xue ------------------------------------------------------------ jobs: build-amd64 pass build-armhf pass build-i386 pass build-amd64-pvops pass build-armhf-pvops fail build-i386-pvops pass test-amd64-amd64-xl pass test-armhf-armhf-xl blocked test-amd64-i386-xl pass test-amd64-i386-rhel6hvm-amd pass test-amd64-i386-qemut-rhel6hvm-amd pass test-amd64-i386-qemuu-rhel6hvm-amd pass test-amd64-amd64-xl-qemut-win7-amd64 fail test-amd64-i386-xl-qemut-win7-amd64 fail test-amd64-amd64-xl-qemuu-win7-amd64 fail test-amd64-amd64-xl-win7-amd64 fail test-amd64-i386-xl-win7-amd64 fail test-amd64-i386-xl-credit2 pass test-amd64-amd64-xl-pcipt-intel fail test-amd64-i386-rhel6hvm-intel pass test-amd64-i386-qemut-rhel6hvm-intel pass test-amd64-i386-qemuu-rhel6hvm-intel pass test-amd64-i386-xl-multivcpu pass test-amd64-amd64-pair pass test-amd64-i386-pair pass test-amd64-amd64-xl-sedf-pin pass test-amd64-amd64-pv pass test-amd64-i386-pv pass test-amd64-amd64-xl-sedf fail test-amd64-i386-xl-qemut-winxpsp3-vcpus1 fail test-amd64-i386-xl-winxpsp3-vcpus1 fail test-amd64-i386-xend-qemut-winxpsp3 fail test-amd64-amd64-xl-qemut-winxpsp3 fail test-amd64-amd64-xl-qemuu-winxpsp3 fail test-amd64-i386-xend-winxpsp3 fail test-amd64-amd64-xl-winxpsp3 fail ------------------------------------------------------------ sg-report-flight on woking.cam.xci-test.com logs: /home/xc_osstest/logs images: /home/xc_osstest/images Logs, config files, etc. are available at http://www.chiark.greenend.org.uk/~xensrcts/logs Test harness code can be found at http://xenbits.xensource.com/gitweb?p=osstest.git;a=summary Not pushing. (No revision log; it would be 729 lines long.)