xen-devel.lists.xenproject.org archive mirror
 help / color / mirror / Atom feed
From: xen.org <ian.jackson@eu.citrix.com>
To: xen-devel@lists.xensource.com
Cc: ian.jackson@eu.citrix.com
Subject: [linux-3.10 test] 19303: regressions - FAIL
Date: Sat, 14 Sep 2013 23:52:21 +0100	[thread overview]
Message-ID: <osstest-19303-mainreport@xen.org> (raw)

[-- Attachment #1: Type: text/plain, Size: 8100 bytes --]

flight 19303 linux-3.10 real [real]
http://www.chiark.greenend.org.uk/~xensrcts/logs/19303/

Regressions :-(

Tests which did not succeed and are blocking,
including tests which could not be run:
 build-i386                    4 xen-build                 fail REGR. vs. 19157
 build-i386-pvops              4 kernel-build              fail REGR. vs. 19157

Tests which did not succeed, but are not blocking:
 test-armhf-armhf-xl           1 xen-build-check(1)           blocked  n/a
 test-amd64-i386-xl            1 xen-build-check(1)           blocked  n/a
 test-amd64-i386-pv            1 xen-build-check(1)           blocked  n/a
 test-amd64-amd64-xl-pcipt-intel  9 guest-start                 fail never pass
 test-amd64-i386-qemut-rhel6hvm-amd  1 xen-build-check(1)           blocked n/a
 test-amd64-i386-rhel6hvm-amd  1 xen-build-check(1)           blocked  n/a
 test-amd64-i386-qemuu-rhel6hvm-amd  1 xen-build-check(1)           blocked n/a
 test-amd64-i386-xl-credit2    1 xen-build-check(1)           blocked  n/a
 test-amd64-i386-qemut-rhel6hvm-intel  1 xen-build-check(1)         blocked n/a
 test-amd64-i386-qemuu-rhel6hvm-intel  1 xen-build-check(1)         blocked n/a
 test-amd64-i386-rhel6hvm-intel  1 xen-build-check(1)           blocked  n/a
 build-armhf-pvops             4 kernel-build                 fail   never pass
 test-amd64-i386-pair          1 xen-build-check(1)           blocked  n/a
 test-amd64-i386-xl-win7-amd64  1 xen-build-check(1)           blocked  n/a
 test-amd64-amd64-xl-qemut-win7-amd64 13 guest-stop             fail never pass
 test-amd64-i386-xl-winxpsp3-vcpus1  1 xen-build-check(1)           blocked n/a
 test-amd64-i386-xl-qemut-win7-amd64  1 xen-build-check(1)          blocked n/a
 test-amd64-amd64-xl-qemuu-win7-amd64 13 guest-stop             fail never pass
 test-amd64-i386-xl-qemut-winxpsp3-vcpus1  1 xen-build-check(1)     blocked n/a
 test-amd64-amd64-xl-win7-amd64 13 guest-stop                   fail never pass
 test-amd64-i386-xl-multivcpu  1 xen-build-check(1)           blocked  n/a
 test-amd64-amd64-xl-winxpsp3 13 guest-stop                   fail   never pass
 test-amd64-i386-xend-winxpsp3  1 xen-build-check(1)           blocked  n/a
 test-amd64-amd64-xl-qemuu-winxpsp3 13 guest-stop               fail never pass
 test-amd64-i386-xend-qemut-winxpsp3  1 xen-build-check(1)          blocked n/a
 test-amd64-amd64-xl-qemut-winxpsp3  7 windows-install          fail never pass

version targeted for testing:
 linux                410dbb746130bc052bb3c7a337a86252874adbdf
baseline version:
 linux                85cdabba08d484bdcc4b25f0bbc23ac60c75aa5b

------------------------------------------------------------
People who touched revisions under test:
  Andrew Morton <akpm@linux-foundation.org>
  Andrey Vagin <avagin@openvz.org>
  Asbjoern Sloth Toennesen <ast@fiberby.net>
  Avinash Patil <patila@marvell.com>
  Ben Hutchings <bhutchings@solarflare.com>
  Bing Zhao <bzhao@marvell.com>
  Bjørn Mork <bjorn@mork.no>
  Chris Clark <chris.clark@alcatel-lucent.com>
  Dan Carpenter <dan.carpenter@oracle.com>
  Daniel Borkmann <dborkman@redhat.com>
  Dave Jones <davej@redhat.com>
  David S. Miller <davem@davemloft.net>
  Ding Tianhong <dingtianhong@huawei.com>
  Eric Dumazet <edumazet@google.com>
  Erik Hugne <erik.hugne@ericsson.com>
  Fabio Estevam <fabio.estevam@freescale.com>
  Greg Kroah-Hartman <gregkh@linuxfoundation.org>
  Gregory CLEMENT <gregory.clement@free-electrons.com>
  Hannes Frederic Sowa <hannes@stressinduktion.org>
  Herbert Xu <herbert@gondor.apana.org.au>
  Jason Cooper <jason@lakedaemon.net>
  Jason Wang <jasowang@redhat.com>
  Jean-Christophe PLAGNIOL-VILLARD <plagnioj@jcrosoft.com>
  Jesper Dangaard Brouer <brouer@redhat.com>
  Jiri Benc <jbenc@redhat.com>
  Jiri Bohac <jbohac@suse.cz>
  John Haxby <john.haxby@oracle.com>
  John W. Linville <linville@tuxdriver.com>
  Jonghwan Choi <jhbird.choi@samsung.com>
  Linus Lüssing <linus.luessing@web.de>
  Linus Torvalds <torvalds@linux-foundation.org>
  Michael Chan <mchan@broadcom.com>
  Michael S. Tsirkin <mst@redhat.com>
  Michele Baldessari <michele@acksyn.org>
  Myugnjoo Ham <myungjoo.ham@samsung.com>
  Neal Cardwell <ncardwell@google.com>
  Neil Horman <nhorman@tuxdriver.com>
  Nicolas Ferre <nicolas.ferre@atmel.com>
  Nithin Nayak Sujir <nsujir@broadcom.com>
  Pavel Emelyanov <xemul@parallels.com>
  Phil Oester <kernel@linuxace.com>
  Pravin B Shelar <pshelar@nicira.com>
  Rob Gardner <robmatic@gmail.com>
  Roman Gushchin <klamm@yandex-team.ru>
  Sangjung Woo <sangjung.woo@samsung.com>
  Sathya Perla <sathya.perla@emulex.com>
  Sridhar Samudrala <sri@us.ibm.com>
  Stephen Hemminger <stephen@networkplumber.org>
  Stephen Warren <swarren@nvidia.com>
  Thomas Graf <tgraf@suug.ch>
  Thomas Petazzoni <thomas.petazzoni@free-electrons.com>
  Timo Teräs <timo.teras@iki.fi>
  Toshiaki Makita <makita.toshiaki@lab.ntt.co.jp>
  Veaceslav Falico <vfalico@redhat.com>
  Vincent Donnefort <vdonnefort@gmail.com>
  Willem de Bruijn <willemb@google.com>
  Yves-Gael Cheny <yves@cheny.fr>
------------------------------------------------------------

jobs:
 build-amd64                                                  pass    
 build-armhf                                                  pass    
 build-i386                                                   fail    
 build-amd64-pvops                                            pass    
 build-armhf-pvops                                            fail    
 build-i386-pvops                                             fail    
 test-amd64-amd64-xl                                          pass    
 test-armhf-armhf-xl                                          blocked 
 test-amd64-i386-xl                                           blocked 
 test-amd64-i386-rhel6hvm-amd                                 blocked 
 test-amd64-i386-qemut-rhel6hvm-amd                           blocked 
 test-amd64-i386-qemuu-rhel6hvm-amd                           blocked 
 test-amd64-amd64-xl-qemut-win7-amd64                         fail    
 test-amd64-i386-xl-qemut-win7-amd64                          blocked 
 test-amd64-amd64-xl-qemuu-win7-amd64                         fail    
 test-amd64-amd64-xl-win7-amd64                               fail    
 test-amd64-i386-xl-win7-amd64                                blocked 
 test-amd64-i386-xl-credit2                                   blocked 
 test-amd64-amd64-xl-pcipt-intel                              fail    
 test-amd64-i386-rhel6hvm-intel                               blocked 
 test-amd64-i386-qemut-rhel6hvm-intel                         blocked 
 test-amd64-i386-qemuu-rhel6hvm-intel                         blocked 
 test-amd64-i386-xl-multivcpu                                 blocked 
 test-amd64-amd64-pair                                        pass    
 test-amd64-i386-pair                                         blocked 
 test-amd64-amd64-xl-sedf-pin                                 pass    
 test-amd64-amd64-pv                                          pass    
 test-amd64-i386-pv                                           blocked 
 test-amd64-amd64-xl-sedf                                     pass    
 test-amd64-i386-xl-qemut-winxpsp3-vcpus1                     blocked 
 test-amd64-i386-xl-winxpsp3-vcpus1                           blocked 
 test-amd64-i386-xend-qemut-winxpsp3                          blocked 
 test-amd64-amd64-xl-qemut-winxpsp3                           fail    
 test-amd64-amd64-xl-qemuu-winxpsp3                           fail    
 test-amd64-i386-xend-winxpsp3                                blocked 
 test-amd64-amd64-xl-winxpsp3                                 fail    


------------------------------------------------------------
sg-report-flight on woking.cam.xci-test.com
logs: /home/xc_osstest/logs
images: /home/xc_osstest/images

Logs, config files, etc. are available at
    http://www.chiark.greenend.org.uk/~xensrcts/logs

Test harness code can be found at
    http://xenbits.xensource.com/gitweb?p=osstest.git;a=summary


Not pushing.

(No revision log; it would be 1210 lines long.)


[-- Attachment #2: Type: text/plain, Size: 126 bytes --]

_______________________________________________
Xen-devel mailing list
Xen-devel@lists.xen.org
http://lists.xen.org/xen-devel

                 reply	other threads:[~2013-09-14 22:52 UTC|newest]

Thread overview: [no followups] expand[flat|nested]  mbox.gz  Atom feed

Reply instructions:

You may reply publicly to this message via plain-text email
using any one of the following methods:

* Save the following mbox file, import it into your mail client,
  and reply-to-all from there: mbox

  Avoid top-posting and favor interleaved quoting:
  https://en.wikipedia.org/wiki/Posting_style#Interleaved_style

* Reply using the --to, --cc, and --in-reply-to
  switches of git-send-email(1):

  git send-email \
    --in-reply-to=osstest-19303-mainreport@xen.org \
    --to=ian.jackson@eu.citrix.com \
    --cc=xen-devel@lists.xensource.com \
    /path/to/YOUR_REPLY

  https://kernel.org/pub/software/scm/git/docs/git-send-email.html

* If your mail client supports setting the In-Reply-To header
  via mailto: links, try the mailto: link
Be sure your reply has a Subject: header at the top and a blank line before the message body.
This is a public inbox, see mirroring instructions
for how to clone and mirror all data and code used for this inbox;
as well as URLs for NNTP newsgroup(s).