From mboxrd@z Thu Jan 1 00:00:00 1970 From: xen.org Subject: [linux-3.10 test] 19303: regressions - FAIL Date: Sat, 14 Sep 2013 23:52:21 +0100 Message-ID: Mime-Version: 1.0 Content-Type: multipart/mixed; boundary="===============0887122524278399263==" Return-path: List-Unsubscribe: , List-Post: List-Help: List-Subscribe: , Sender: xen-devel-bounces@lists.xen.org Errors-To: xen-devel-bounces@lists.xen.org To: xen-devel@lists.xensource.com Cc: ian.jackson@eu.citrix.com List-Id: xen-devel@lists.xenproject.org --===============0887122524278399263== Content-Type: text/plain flight 19303 linux-3.10 real [real] http://www.chiark.greenend.org.uk/~xensrcts/logs/19303/ Regressions :-( Tests which did not succeed and are blocking, including tests which could not be run: build-i386 4 xen-build fail REGR. vs. 19157 build-i386-pvops 4 kernel-build fail REGR. vs. 19157 Tests which did not succeed, but are not blocking: test-armhf-armhf-xl 1 xen-build-check(1) blocked n/a test-amd64-i386-xl 1 xen-build-check(1) blocked n/a test-amd64-i386-pv 1 xen-build-check(1) blocked n/a test-amd64-amd64-xl-pcipt-intel 9 guest-start fail never pass test-amd64-i386-qemut-rhel6hvm-amd 1 xen-build-check(1) blocked n/a test-amd64-i386-rhel6hvm-amd 1 xen-build-check(1) blocked n/a test-amd64-i386-qemuu-rhel6hvm-amd 1 xen-build-check(1) blocked n/a test-amd64-i386-xl-credit2 1 xen-build-check(1) blocked n/a test-amd64-i386-qemut-rhel6hvm-intel 1 xen-build-check(1) blocked n/a test-amd64-i386-qemuu-rhel6hvm-intel 1 xen-build-check(1) blocked n/a test-amd64-i386-rhel6hvm-intel 1 xen-build-check(1) blocked n/a build-armhf-pvops 4 kernel-build fail never pass test-amd64-i386-pair 1 xen-build-check(1) blocked n/a test-amd64-i386-xl-win7-amd64 1 xen-build-check(1) blocked n/a test-amd64-amd64-xl-qemut-win7-amd64 13 guest-stop fail never pass test-amd64-i386-xl-winxpsp3-vcpus1 1 xen-build-check(1) blocked n/a test-amd64-i386-xl-qemut-win7-amd64 1 xen-build-check(1) blocked n/a test-amd64-amd64-xl-qemuu-win7-amd64 13 guest-stop fail never pass test-amd64-i386-xl-qemut-winxpsp3-vcpus1 1 xen-build-check(1) blocked n/a test-amd64-amd64-xl-win7-amd64 13 guest-stop fail never pass test-amd64-i386-xl-multivcpu 1 xen-build-check(1) blocked n/a test-amd64-amd64-xl-winxpsp3 13 guest-stop fail never pass test-amd64-i386-xend-winxpsp3 1 xen-build-check(1) blocked n/a test-amd64-amd64-xl-qemuu-winxpsp3 13 guest-stop fail never pass test-amd64-i386-xend-qemut-winxpsp3 1 xen-build-check(1) blocked n/a test-amd64-amd64-xl-qemut-winxpsp3 7 windows-install fail never pass version targeted for testing: linux 410dbb746130bc052bb3c7a337a86252874adbdf baseline version: linux 85cdabba08d484bdcc4b25f0bbc23ac60c75aa5b ------------------------------------------------------------ People who touched revisions under test: Andrew Morton Andrey Vagin Asbjoern Sloth Toennesen Avinash Patil Ben Hutchings Bing Zhao Bjørn Mork Chris Clark Dan Carpenter Daniel Borkmann Dave Jones David S. Miller Ding Tianhong Eric Dumazet Erik Hugne Fabio Estevam Greg Kroah-Hartman Gregory CLEMENT Hannes Frederic Sowa Herbert Xu Jason Cooper Jason Wang Jean-Christophe PLAGNIOL-VILLARD Jesper Dangaard Brouer Jiri Benc Jiri Bohac John Haxby John W. Linville Jonghwan Choi Linus Lüssing Linus Torvalds Michael Chan Michael S. Tsirkin Michele Baldessari Myugnjoo Ham Neal Cardwell Neil Horman Nicolas Ferre Nithin Nayak Sujir Pavel Emelyanov Phil Oester Pravin B Shelar Rob Gardner Roman Gushchin Sangjung Woo Sathya Perla Sridhar Samudrala Stephen Hemminger Stephen Warren Thomas Graf Thomas Petazzoni Timo Teräs Toshiaki Makita Veaceslav Falico Vincent Donnefort Willem de Bruijn Yves-Gael Cheny ------------------------------------------------------------ jobs: build-amd64 pass build-armhf pass build-i386 fail build-amd64-pvops pass build-armhf-pvops fail build-i386-pvops fail test-amd64-amd64-xl pass test-armhf-armhf-xl blocked test-amd64-i386-xl blocked test-amd64-i386-rhel6hvm-amd blocked test-amd64-i386-qemut-rhel6hvm-amd blocked test-amd64-i386-qemuu-rhel6hvm-amd blocked test-amd64-amd64-xl-qemut-win7-amd64 fail test-amd64-i386-xl-qemut-win7-amd64 blocked test-amd64-amd64-xl-qemuu-win7-amd64 fail test-amd64-amd64-xl-win7-amd64 fail test-amd64-i386-xl-win7-amd64 blocked test-amd64-i386-xl-credit2 blocked test-amd64-amd64-xl-pcipt-intel fail test-amd64-i386-rhel6hvm-intel blocked test-amd64-i386-qemut-rhel6hvm-intel blocked test-amd64-i386-qemuu-rhel6hvm-intel blocked test-amd64-i386-xl-multivcpu blocked test-amd64-amd64-pair pass test-amd64-i386-pair blocked test-amd64-amd64-xl-sedf-pin pass test-amd64-amd64-pv pass test-amd64-i386-pv blocked test-amd64-amd64-xl-sedf pass test-amd64-i386-xl-qemut-winxpsp3-vcpus1 blocked test-amd64-i386-xl-winxpsp3-vcpus1 blocked test-amd64-i386-xend-qemut-winxpsp3 blocked test-amd64-amd64-xl-qemut-winxpsp3 fail test-amd64-amd64-xl-qemuu-winxpsp3 fail test-amd64-i386-xend-winxpsp3 blocked test-amd64-amd64-xl-winxpsp3 fail ------------------------------------------------------------ sg-report-flight on woking.cam.xci-test.com logs: /home/xc_osstest/logs images: /home/xc_osstest/images Logs, config files, etc. are available at http://www.chiark.greenend.org.uk/~xensrcts/logs Test harness code can be found at http://xenbits.xensource.com/gitweb?p=osstest.git;a=summary Not pushing. (No revision log; it would be 1210 lines long.) --===============0887122524278399263== Content-Type: text/plain; charset="us-ascii" MIME-Version: 1.0 Content-Transfer-Encoding: 7bit Content-Disposition: inline _______________________________________________ Xen-devel mailing list Xen-devel@lists.xen.org http://lists.xen.org/xen-devel --===============0887122524278399263==--