* [linux-3.4 test] 19307: tolerable FAIL - PUSHED
@ 2013-09-15 4:50 xen.org
0 siblings, 0 replies; only message in thread
From: xen.org @ 2013-09-15 4:50 UTC (permalink / raw)
To: xen-devel; +Cc: ian.jackson
flight 19307 linux-3.4 real [real]
http://www.chiark.greenend.org.uk/~xensrcts/logs/19307/
Failures :-/ but no regressions.
Tests which did not succeed, but are not blocking:
test-armhf-armhf-xl 1 xen-build-check(1) blocked n/a
test-amd64-amd64-xl-pcipt-intel 9 guest-start fail never pass
build-armhf-pvops 4 kernel-build fail never pass
test-amd64-i386-xl-win7-amd64 13 guest-stop fail never pass
test-amd64-i386-xl-qemut-winxpsp3-vcpus1 13 guest-stop fail never pass
test-amd64-amd64-xl-win7-amd64 13 guest-stop fail never pass
test-amd64-amd64-xl-qemuu-win7-amd64 13 guest-stop fail never pass
test-amd64-amd64-xl-qemut-win7-amd64 13 guest-stop fail never pass
test-amd64-i386-xl-qemut-win7-amd64 13 guest-stop fail never pass
test-amd64-i386-xl-winxpsp3-vcpus1 13 guest-stop fail never pass
test-amd64-i386-xend-winxpsp3 16 leak-check/check fail never pass
test-amd64-i386-xend-qemut-winxpsp3 16 leak-check/check fail never pass
test-amd64-amd64-xl-qemut-winxpsp3 7 windows-install fail never pass
test-amd64-amd64-xl-qemuu-winxpsp3 13 guest-stop fail never pass
test-amd64-amd64-xl-winxpsp3 13 guest-stop fail never pass
version targeted for testing:
linux d10b95b412369a7f1d437304db7d02d41fe33e22
baseline version:
linux 58055a005855e4befb1d952aadba98acd78da354
------------------------------------------------------------
People who touched revisions under test:
Andrew Morton <akpm@linux-foundation.org>
Dan Carpenter <dan.carpenter@oracle.com>
Daniel Borkmann <dborkman@redhat.com>
Dave Jones <davej@redhat.com>
David S. Miller <davem@davemloft.net>
Ding Tianhong <dingtianhong@huawei.com>
Eric Dumazet <edumazet@google.com>
Fabio Estevam <fabio.estevam@freescale.com>
Geert Uytterhoeven <geert@linux-m68k.org>
Greg Kroah-Hartman <gregkh@linuxfoundation.org>
Hannes Frederic Sowa <hannes@stressinduktion.org>
Jason Wang <jasowang@redhat.com>
Jiri Benc <jbenc@redhat.com>
Jiri Bohac <jbohac@suse.cz>
Jon Maloy <jon.maloy@ericsson.com>
Linus Torvalds <torvalds@linux-foundation.org>
Michael S. Tsirkin <mst@redhat.com>
Neal Cardwell <ncardwell@google.com>
Neil Horman <nhorman@tuxdriver.com>
Paolo Bonzini <pbonzini@redhat.com>
Paul Gortmaker <paul.gortmaker@windriver.com>
Roman Gushchin <klamm@yandex-team.ru>
Stephen Hemminger <stephen@networkplumber.org>
Stephen Warren <swarren@nvidia.com>
Thomas Graf <tgraf@suug.ch>
Veaceslav Falico <vfalico@redhat.com>
Ying Xue <ying.xue@windriver.com>
------------------------------------------------------------
jobs:
build-amd64 pass
build-armhf pass
build-i386 pass
build-amd64-pvops pass
build-armhf-pvops fail
build-i386-pvops pass
test-amd64-amd64-xl pass
test-armhf-armhf-xl blocked
test-amd64-i386-xl pass
test-amd64-i386-rhel6hvm-amd pass
test-amd64-i386-qemut-rhel6hvm-amd pass
test-amd64-i386-qemuu-rhel6hvm-amd pass
test-amd64-amd64-xl-qemut-win7-amd64 fail
test-amd64-i386-xl-qemut-win7-amd64 fail
test-amd64-amd64-xl-qemuu-win7-amd64 fail
test-amd64-amd64-xl-win7-amd64 fail
test-amd64-i386-xl-win7-amd64 fail
test-amd64-i386-xl-credit2 pass
test-amd64-amd64-xl-pcipt-intel fail
test-amd64-i386-rhel6hvm-intel pass
test-amd64-i386-qemut-rhel6hvm-intel pass
test-amd64-i386-qemuu-rhel6hvm-intel pass
test-amd64-i386-xl-multivcpu pass
test-amd64-amd64-pair pass
test-amd64-i386-pair pass
test-amd64-amd64-xl-sedf-pin pass
test-amd64-amd64-pv pass
test-amd64-i386-pv pass
test-amd64-amd64-xl-sedf pass
test-amd64-i386-xl-qemut-winxpsp3-vcpus1 fail
test-amd64-i386-xl-winxpsp3-vcpus1 fail
test-amd64-i386-xend-qemut-winxpsp3 fail
test-amd64-amd64-xl-qemut-winxpsp3 fail
test-amd64-amd64-xl-qemuu-winxpsp3 fail
test-amd64-i386-xend-winxpsp3 fail
test-amd64-amd64-xl-winxpsp3 fail
------------------------------------------------------------
sg-report-flight on woking.cam.xci-test.com
logs: /home/xc_osstest/logs
images: /home/xc_osstest/images
Logs, config files, etc. are available at
http://www.chiark.greenend.org.uk/~xensrcts/logs
Test harness code can be found at
http://xenbits.xensource.com/gitweb?p=osstest.git;a=summary
Pushing revision :
+ branch=linux-3.4
+ revision=d10b95b412369a7f1d437304db7d02d41fe33e22
+ . cri-lock-repos
++ . cri-common
+++ . cri-getconfig
+++ umask 002
+++ getconfig Repos
+++ perl -e '
use Osstest;
readglobalconfig();
print $c{"Repos"} or die $!;
'
++ repos=/export/home/osstest/repos
++ repos_lock=/export/home/osstest/repos/lock
++ '[' x '!=' x/export/home/osstest/repos/lock ']'
++ OSSTEST_REPOS_LOCK_LOCKED=/export/home/osstest/repos/lock
++ exec with-lock-ex -w /export/home/osstest/repos/lock ./ap-push linux-3.4 d10b95b412369a7f1d437304db7d02d41fe33e22
+ branch=linux-3.4
+ revision=d10b95b412369a7f1d437304db7d02d41fe33e22
+ . cri-lock-repos
++ . cri-common
+++ . cri-getconfig
+++ umask 002
+++ getconfig Repos
+++ perl -e '
use Osstest;
readglobalconfig();
print $c{"Repos"} or die $!;
'
++ repos=/export/home/osstest/repos
++ repos_lock=/export/home/osstest/repos/lock
++ '[' x/export/home/osstest/repos/lock '!=' x/export/home/osstest/repos/lock ']'
+ . cri-common
++ . cri-getconfig
++ umask 002
+ select_xenbranch
+ case "$branch" in
+ tree=linux
+ xenbranch=xen-unstable
+ '[' xlinux = xlinux ']'
+ linuxbranch=linux-3.4
+ : tested/2.6.39.x
+ . ap-common
++ : osstest@xenbits.xensource.com
++ : git://xenbits.xen.org/xen.git
++ : osstest@xenbits.xensource.com:/home/xen/git/xen.git
++ : git://xenbits.xen.org/staging/qemu-xen-unstable.git
++ : git://git.kernel.org
++ : git://git.kernel.org/pub/scm/linux/kernel/git
++ : git
++ : git://xenbits.xen.org/osstest/linux-firmware.git
++ : osstest@xenbits.xensource.com:/home/osstest/ext/linux-firmware.git
++ : git://git.kernel.org/pub/scm/linux/kernel/git/firmware/linux-firmware.git
++ : osstest@xenbits.xensource.com:/home/xen/git/linux-pvops.git
++ : git://xenbits.xen.org/linux-pvops.git
++ : tested/linux-3.4
++ : tested/linux-arm-xen
++ '[' xgit://git.kernel.org/pub/scm/linux/kernel/git/stable/linux-stable.git = x ']'
++ '[' xgit://xenbits.xen.org/linux-pvops.git = x ']'
++ : git://git.kernel.org/pub/scm/linux/kernel/git/konrad/xen.git
++ : tested/2.6.39.x
++ : daily-cron.linux-3.4
++ : daily-cron.linux-3.4
++ : http://hg.uk.xensource.com/carbon/trunk/linux-2.6.27
++ : git://xenbits.xen.org/staging/qemu-upstream-unstable.git
++ : daily-cron.linux-3.4
+ TREE_LINUX=osstest@xenbits.xensource.com:/home/xen/git/linux-pvops.git
+ TREE_QEMU_UPSTREAM=osstest@xenbits.xensource.com:/home/xen/git/qemu-upstream-unstable.git
+ TREE_XEN=osstest@xenbits.xensource.com:/home/xen/git/xen.git
+ info_linux_tree linux-3.4
+ case $1 in
+ : git://git.kernel.org/pub/scm/linux/kernel/git/stable/linux-stable.git
+ : linux-3.4.y
+ : linux-3.4.y
+ : git
+ : git
+ : git://xenbits.xen.org/linux-pvops.git
+ : osstest@xenbits.xensource.com:/home/xen/git/linux-pvops.git
+ : tested/linux-3.4
+ : tested/linux-3.4
+ return 0
+ cd /export/home/osstest/repos/linux
+ git push osstest@xenbits.xensource.com:/home/xen/git/linux-pvops.git d10b95b412369a7f1d437304db7d02d41fe33e22:tested/linux-3.4
Counting objects: 1
Counting objects: 180, done.
Compressing objects: 3% (1/28)
Compressing objects: 7% (2/28)
Compressing objects: 10% (3/28)
Compressing objects: 14% (4/28)
Compressing objects: 17% (5/28)
Compressing objects: 21% (6/28)
Compressing objects: 25% (7/28)
Compressing objects: 28% (8/28)
Compressing objects: 32% (9/28)
Compressing objects: 35% (10/28)
Compressing objects: 39% (11/28)
Compressing objects: 42% (12/28)
Compressing objects: 46% (13/28)
Compressing objects: 50% (14/28)
Compressing objects: 53% (15/28)
Compressing objects: 57% (16/28)
Compressing objects: 60% (17/28)
Compressing objects: 64% (18/28)
Compressing objects: 67% (19/28)
Compressing objects: 71% (20/28)
Compressing objects: 75% (21/28)
Compressing objects: 78% (22/28)
Compressing objects: 82% (23/28)
Compressing objects: 85% (24/28)
Compressing objects: 89% (25/28)
Compressing objects: 92% (26/28)
Compressing objects: 96% (27/28)
Compressing objects: 100% (28/28)
Compressing objects: 100% (28/28), done.
Writing objects: 0% (1/134)
Writing objects: 1% (2/134)
Writing objects: 2% (4/134)
Writing objects: 3% (5/134)
Writing objects: 4% (6/134)
Writing objects: 5% (7/134)
Writing objects: 6% (9/134)
Writing objects: 7% (10/134)
Writing objects: 8% (11/134)
Writing objects: 9% (13/134)
Writing objects: 10% (14/134)
Writing objects: 11% (15/134)
Writing objects: 12% (17/134)
Writing objects: 13% (18/134)
Writing objects: 14% (19/134)
Writing objects: 15% (21/134)
Writing objects: 16% (22/134)
Writing objects: 17% (23/134)
Writing objects: 18% (25/134)
Writing objects: 19% (26/134)
Writing objects: 20% (27/134)
Writing objects: 21% (29/134)
Writing objects: 22% (30/134)
Writing objects: 23% (31/134)
Writing objects: 24% (33/134)
Writing objects: 25% (34/134)
Writing objects: 26% (35/134)
Writing objects: 27% (37/134)
Writing objects: 28% (38/134)
Writing objects: 29% (39/134)
Writing objects: 30% (41/134)
Writing objects: 31% (42/134)
Writing objects: 32% (43/134)
Writing objects: 33% (45/134)
Writing objects: 34% (46/134)
Writing objects: 35% (47/134)
Writing objects: 36% (49/134)
Writing objects: 37% (50/134)
Writing objects: 38% (51/134)
Writing objects: 39% (53/134)
Writing objects: 40% (54/134)
Writing objects: 41% (55/134)
Writing objects: 42% (57/134)
Writing objects: 43% (58/134)
Writing objects: 44% (59/134)
Writing objects: 45% (61/134)
Writing objects: 46% (62/134)
Writing objects: 47% (63/134)
Writing objects: 48% (65/134)
Writing objects: 49% (66/134)
Writing objects: 50% (67/134)
Writing objects: 51% (69/134)
Writing objects: 52% (70/134)
Writing objects: 53% (72/134)
Writing objects: 54% (73/134)
Writing objects: 55% (74/134)
Writing objects: 56% (76/134)
Writing objects: 57% (77/134)
Writing objects: 58% (78/134)
Writing objects: 59% (80/134)
Writing objects: 60% (81/134)
Writing objects: 61% (82/134)
Writing objects: 62% (84/134)
Writing objects: 63% (85/134)
Writing objects: 64% (86/134)
Writing objects: 65% (88/134)
Writing objects: 66% (89/134)
Writing objects: 67% (90/134)
Writing objects: 68% (92/134)
Writing objects: 69% (93/134)
Writing objects: 70% (94/134)
Writing objects: 71% (96/134)
Writing objects: 72% (97/134)
Writing objects: 73% (98/134)
Writing objects: 74% (100/134)
Writing objects: 75% (101/134)
Writing objects: 76% (102/134)
Writing objects: 77% (104/134)
Writing objects: 78% (105/134)
Writing objects: 79% (106/134)
Writing objects: 80% (108/134)
Writing objects: 81% (109/134)
Writing objects: 82% (110/134)
Writing objects: 83% (112/134)
Writing objects: 84% (113/134)
Writing objects: 85% (114/134)
Writing objects: 86% (116/134)
Writing objects: 87% (117/134)
Writing objects: 88% (118/134)
Writing objects: 89% (120/134)
Writing objects: 90% (121/134)
Writing objects: 91% (122/134)
Writing objects: 92% (124/134)
Writing objects: 93% (125/134)
Writing objects: 94% (126/134)
Writing objects: 95% (128/134)
Writing objects: 96% (129/134)
Writing objects: 97% (130/134)
Writing objects: 98% (132/134)
Writing objects: 99% (133/134)
Writing objects: 100% (134/134)
Writing objects: 100% (134/134), 24.77 KiB, done.
Total 134 (delta 108), reused 132 (delta 106)
To osstest@xenbits.xensource.com:/home/xen/git/linux-pvops.git
58055a0..d10b95b d10b95b412369a7f1d437304db7d02d41fe33e22 -> tested/linux-3.4
+ exit 0
^ permalink raw reply [flat|nested] only message in thread
only message in thread, other threads:[~2013-09-15 4:50 UTC | newest]
Thread overview: (only message) (download: mbox.gz follow: Atom feed
-- links below jump to the message on this page --
2013-09-15 4:50 [linux-3.4 test] 19307: tolerable FAIL - PUSHED xen.org
This is a public inbox, see mirroring instructions
for how to clone and mirror all data and code used for this inbox;
as well as URLs for NNTP newsgroup(s).