xen-devel.lists.xenproject.org archive mirror
 help / color / mirror / Atom feed
From: xen.org <ian.jackson@eu.citrix.com>
To: xen-devel@lists.xensource.com
Cc: ian.jackson@eu.citrix.com
Subject: [xen-unstable test] 19695: regressions - FAIL
Date: Tue, 17 Sep 2013 03:36:30 +0100	[thread overview]
Message-ID: <osstest-19695-mainreport@xen.org> (raw)

flight 19695 xen-unstable real [real]
http://www.chiark.greenend.org.uk/~xensrcts/logs/19695/

Regressions :-(

Tests which did not succeed and are blocking,
including tests which could not be run:
 test-amd64-amd64-xl-qemuu-win7-amd64 10 guest-saverestore.2 fail REGR. vs. 19686

Tests which did not succeed, but are not blocking:
 test-armhf-armhf-xl           1 xen-build-check(1)           blocked  n/a
 test-amd64-amd64-xl-pcipt-intel  9 guest-start                 fail never pass
 build-armhf-pvops             4 kernel-build                 fail   never pass
 test-amd64-i386-xend-winxpsp3 16 leak-check/check             fail  never pass
 test-amd64-amd64-xl-qemuu-winxpsp3 13 guest-stop               fail never pass
 test-amd64-i386-xl-win7-amd64 13 guest-stop                   fail  never pass
 test-amd64-i386-xend-qemut-winxpsp3 16 leak-check/check        fail never pass
 test-amd64-i386-xl-winxpsp3-vcpus1 13 guest-stop               fail never pass
 test-amd64-i386-xl-qemut-winxpsp3-vcpus1 13 guest-stop         fail never pass
 test-amd64-amd64-xl-win7-amd64 13 guest-stop                   fail never pass
 test-amd64-amd64-xl-qemut-win7-amd64 13 guest-stop             fail never pass
 test-amd64-amd64-xl-winxpsp3 13 guest-stop                   fail   never pass
 test-amd64-amd64-xl-qemut-winxpsp3 13 guest-stop               fail never pass
 test-amd64-i386-xl-qemut-win7-amd64 13 guest-stop              fail never pass

version targeted for testing:
 xen                  c5e9596cd095e3b96a090002d9e6629a980904eb
baseline version:
 xen                  0119ce986098a388c8476856a659c89e303d176d

------------------------------------------------------------
People who touched revisions under test:
  George Dunlap <george.dunlap@eu.citrix.com>
  Ian Jackson <ian.jackson@eu.citrix.com>
------------------------------------------------------------

jobs:
 build-amd64                                                  pass    
 build-armhf                                                  pass    
 build-i386                                                   pass    
 build-amd64-oldkern                                          pass    
 build-i386-oldkern                                           pass    
 build-amd64-pvops                                            pass    
 build-armhf-pvops                                            fail    
 build-i386-pvops                                             pass    
 test-amd64-amd64-xl                                          pass    
 test-armhf-armhf-xl                                          blocked 
 test-amd64-i386-xl                                           pass    
 test-amd64-i386-rhel6hvm-amd                                 pass    
 test-amd64-i386-qemut-rhel6hvm-amd                           pass    
 test-amd64-i386-qemuu-rhel6hvm-amd                           pass    
 test-amd64-amd64-xl-qemut-win7-amd64                         fail    
 test-amd64-i386-xl-qemut-win7-amd64                          fail    
 test-amd64-amd64-xl-qemuu-win7-amd64                         fail    
 test-amd64-amd64-xl-win7-amd64                               fail    
 test-amd64-i386-xl-win7-amd64                                fail    
 test-amd64-i386-xl-credit2                                   pass    
 test-amd64-amd64-xl-pcipt-intel                              fail    
 test-amd64-i386-rhel6hvm-intel                               pass    
 test-amd64-i386-qemut-rhel6hvm-intel                         pass    
 test-amd64-i386-qemuu-rhel6hvm-intel                         pass    
 test-amd64-i386-xl-multivcpu                                 pass    
 test-amd64-amd64-pair                                        pass    
 test-amd64-i386-pair                                         pass    
 test-amd64-amd64-xl-sedf-pin                                 pass    
 test-amd64-amd64-pv                                          pass    
 test-amd64-i386-pv                                           pass    
 test-amd64-amd64-xl-sedf                                     pass    
 test-amd64-i386-xl-qemut-winxpsp3-vcpus1                     fail    
 test-amd64-i386-xl-winxpsp3-vcpus1                           fail    
 test-amd64-i386-xend-qemut-winxpsp3                          fail    
 test-amd64-amd64-xl-qemut-winxpsp3                           fail    
 test-amd64-amd64-xl-qemuu-winxpsp3                           fail    
 test-amd64-i386-xend-winxpsp3                                fail    
 test-amd64-amd64-xl-winxpsp3                                 fail    


------------------------------------------------------------
sg-report-flight on woking.cam.xci-test.com
logs: /home/xc_osstest/logs
images: /home/xc_osstest/images

Logs, config files, etc. are available at
    http://www.chiark.greenend.org.uk/~xensrcts/logs

Test harness code can be found at
    http://xenbits.xensource.com/gitweb?p=osstest.git;a=summary


Not pushing.

------------------------------------------------------------
commit c5e9596cd095e3b96a090002d9e6629a980904eb
Author: George Dunlap <george.dunlap@eu.citrix.com>
Date:   Mon Sep 16 14:23:09 2013 +0100

    libxl: Use LOG_ERRNO rather than ERRNOVAL in libxl_pci.c
    
    The xc_* functions (now) return -1 on error and set errno.
    
    Signed-off-by: George Dunlap <george.dunlap@eu.citrix.com>
    CC: Ian Campbell <ian.campbell@citrix.com>
    Acked-by: Ian Jackson <ian.jackson@eu.citrix.com>
(qemu changes not included)

                 reply	other threads:[~2013-09-17  2:36 UTC|newest]

Thread overview: [no followups] expand[flat|nested]  mbox.gz  Atom feed

Reply instructions:

You may reply publicly to this message via plain-text email
using any one of the following methods:

* Save the following mbox file, import it into your mail client,
  and reply-to-all from there: mbox

  Avoid top-posting and favor interleaved quoting:
  https://en.wikipedia.org/wiki/Posting_style#Interleaved_style

* Reply using the --to, --cc, and --in-reply-to
  switches of git-send-email(1):

  git send-email \
    --in-reply-to=osstest-19695-mainreport@xen.org \
    --to=ian.jackson@eu.citrix.com \
    --cc=xen-devel@lists.xensource.com \
    /path/to/YOUR_REPLY

  https://kernel.org/pub/software/scm/git/docs/git-send-email.html

* If your mail client supports setting the In-Reply-To header
  via mailto: links, try the mailto: link
Be sure your reply has a Subject: header at the top and a blank line before the message body.
This is a public inbox, see mirroring instructions
for how to clone and mirror all data and code used for this inbox;
as well as URLs for NNTP newsgroup(s).