xen-devel.lists.xenproject.org archive mirror
 help / color / mirror / Atom feed
* [linux-3.10 test] 19696: tolerable trouble: blocked/broken/fail/pass - PUSHED
@ 2013-09-17  8:15 xen.org
  0 siblings, 0 replies; only message in thread
From: xen.org @ 2013-09-17  8:15 UTC (permalink / raw)
  To: xen-devel; +Cc: ian.jackson

[-- Attachment #1: Type: text/plain, Size: 16569 bytes --]

flight 19696 linux-3.10 real [real]
http://www.chiark.greenend.org.uk/~xensrcts/logs/19696/

Failures :-/ but no regressions.

Tests which are failing intermittently (not blocking):
 test-amd64-i386-qemut-rhel6hvm-amd  6 leak-check/basis(6)   fail pass in 19499
 test-amd64-i386-rhel6hvm-amd  7 redhat-install              fail pass in 19579
 test-amd64-amd64-xl-win7-amd64 10 guest-saverestore.2       fail pass in 19691
 test-amd64-i386-xl-qemut-win7-amd64  7 windows-install      fail pass in 19691
 test-amd64-i386-xl-multivcpu  5 xen-boot           fail in 19499 pass in 19696
 test-amd64-i386-qemut-rhel6hvm-amd  5 xen-boot     fail in 19579 pass in 19696
 test-amd64-i386-xl-multivcpu 6 leak-check/basis(6) fail in 19579 pass in 19696

Regressions which are regarded as allowable (not blocking):
 test-amd64-i386-qemuu-rhel6hvm-amd  7 redhat-install    fail like 19702-bisect
 test-amd64-i386-xl-multivcpu  7 debian-install               fail   like 19157
 test-amd64-i386-qemuu-rhel6hvm-amd  5 xen-boot fail in 19499 like 19704-bisect

Tests which did not succeed, but are not blocking:
 test-armhf-armhf-xl           1 xen-build-check(1)           blocked  n/a
 test-amd64-amd64-xl-pcipt-intel  9 guest-start                 fail never pass
 test-amd64-i386-xl-win7-amd64 13 guest-stop                   fail  never pass
 test-amd64-amd64-xl-qemut-win7-amd64 13 guest-stop             fail never pass
 test-amd64-i386-xl-winxpsp3-vcpus1 13 guest-stop               fail never pass
 test-amd64-i386-xl-qemut-winxpsp3-vcpus1 13 guest-stop         fail never pass
 test-amd64-amd64-xl-qemuu-win7-amd64 13 guest-stop             fail never pass
 build-armhf-pvops             4 kernel-build                 fail   never pass
 test-amd64-amd64-xl-winxpsp3 13 guest-stop                   fail   never pass
 test-amd64-i386-xend-winxpsp3 16 leak-check/check             fail  never pass
 test-amd64-amd64-xl-qemuu-winxpsp3 13 guest-stop               fail never pass
 test-amd64-i386-xend-qemut-winxpsp3 16 leak-check/check        fail never pass
 test-amd64-amd64-xl-qemut-winxpsp3  7 windows-install          fail never pass
 test-amd64-amd64-xl-win7-amd64 13 guest-stop          fail in 19499 never pass
 test-amd64-i386-xl-qemut-win7-amd64 13 guest-stop     fail in 19691 never pass

version targeted for testing:
 linux                410dbb746130bc052bb3c7a337a86252874adbdf
baseline version:
 linux                85cdabba08d484bdcc4b25f0bbc23ac60c75aa5b

------------------------------------------------------------
People who touched revisions under test:
  Andrew Morton <akpm@linux-foundation.org>
  Andrey Vagin <avagin@openvz.org>
  Asbjoern Sloth Toennesen <ast@fiberby.net>
  Avinash Patil <patila@marvell.com>
  Ben Hutchings <bhutchings@solarflare.com>
  Bing Zhao <bzhao@marvell.com>
  Bjørn Mork <bjorn@mork.no>
  Chris Clark <chris.clark@alcatel-lucent.com>
  Dan Carpenter <dan.carpenter@oracle.com>
  Daniel Borkmann <dborkman@redhat.com>
  Dave Jones <davej@redhat.com>
  David S. Miller <davem@davemloft.net>
  Ding Tianhong <dingtianhong@huawei.com>
  Eric Dumazet <edumazet@google.com>
  Erik Hugne <erik.hugne@ericsson.com>
  Fabio Estevam <fabio.estevam@freescale.com>
  Greg Kroah-Hartman <gregkh@linuxfoundation.org>
  Gregory CLEMENT <gregory.clement@free-electrons.com>
  Hannes Frederic Sowa <hannes@stressinduktion.org>
  Herbert Xu <herbert@gondor.apana.org.au>
  Jason Cooper <jason@lakedaemon.net>
  Jason Wang <jasowang@redhat.com>
  Jean-Christophe PLAGNIOL-VILLARD <plagnioj@jcrosoft.com>
  Jesper Dangaard Brouer <brouer@redhat.com>
  Jiri Benc <jbenc@redhat.com>
  Jiri Bohac <jbohac@suse.cz>
  John Haxby <john.haxby@oracle.com>
  John W. Linville <linville@tuxdriver.com>
  Jonghwan Choi <jhbird.choi@samsung.com>
  Linus Lüssing <linus.luessing@web.de>
  Linus Torvalds <torvalds@linux-foundation.org>
  Michael Chan <mchan@broadcom.com>
  Michael S. Tsirkin <mst@redhat.com>
  Michele Baldessari <michele@acksyn.org>
  Myugnjoo Ham <myungjoo.ham@samsung.com>
  Neal Cardwell <ncardwell@google.com>
  Neil Horman <nhorman@tuxdriver.com>
  Nicolas Ferre <nicolas.ferre@atmel.com>
  Nithin Nayak Sujir <nsujir@broadcom.com>
  Pavel Emelyanov <xemul@parallels.com>
  Phil Oester <kernel@linuxace.com>
  Pravin B Shelar <pshelar@nicira.com>
  Rob Gardner <robmatic@gmail.com>
  Roman Gushchin <klamm@yandex-team.ru>
  Sangjung Woo <sangjung.woo@samsung.com>
  Sathya Perla <sathya.perla@emulex.com>
  Sridhar Samudrala <sri@us.ibm.com>
  Stephen Hemminger <stephen@networkplumber.org>
  Stephen Warren <swarren@nvidia.com>
  Thomas Graf <tgraf@suug.ch>
  Thomas Petazzoni <thomas.petazzoni@free-electrons.com>
  Timo Teräs <timo.teras@iki.fi>
  Toshiaki Makita <makita.toshiaki@lab.ntt.co.jp>
  Veaceslav Falico <vfalico@redhat.com>
  Vincent Donnefort <vdonnefort@gmail.com>
  Willem de Bruijn <willemb@google.com>
  Yves-Gael Cheny <yves@cheny.fr>
------------------------------------------------------------

jobs:
 build-amd64                                                  pass    
 build-armhf                                                  pass    
 build-i386                                                   pass    
 build-amd64-pvops                                            pass    
 build-armhf-pvops                                            fail    
 build-i386-pvops                                             pass    
 test-amd64-amd64-xl                                          pass    
 test-armhf-armhf-xl                                          blocked 
 test-amd64-i386-xl                                           pass    
 test-amd64-i386-rhel6hvm-amd                                 fail    
 test-amd64-i386-qemut-rhel6hvm-amd                           broken  
 test-amd64-i386-qemuu-rhel6hvm-amd                           fail    
 test-amd64-amd64-xl-qemut-win7-amd64                         fail    
 test-amd64-i386-xl-qemut-win7-amd64                          fail    
 test-amd64-amd64-xl-qemuu-win7-amd64                         fail    
 test-amd64-amd64-xl-win7-amd64                               fail    
 test-amd64-i386-xl-win7-amd64                                fail    
 test-amd64-i386-xl-credit2                                   pass    
 test-amd64-amd64-xl-pcipt-intel                              fail    
 test-amd64-i386-rhel6hvm-intel                               pass    
 test-amd64-i386-qemut-rhel6hvm-intel                         pass    
 test-amd64-i386-qemuu-rhel6hvm-intel                         pass    
 test-amd64-i386-xl-multivcpu                                 fail    
 test-amd64-amd64-pair                                        pass    
 test-amd64-i386-pair                                         pass    
 test-amd64-amd64-xl-sedf-pin                                 pass    
 test-amd64-amd64-pv                                          pass    
 test-amd64-i386-pv                                           pass    
 test-amd64-amd64-xl-sedf                                     pass    
 test-amd64-i386-xl-qemut-winxpsp3-vcpus1                     fail    
 test-amd64-i386-xl-winxpsp3-vcpus1                           fail    
 test-amd64-i386-xend-qemut-winxpsp3                          fail    
 test-amd64-amd64-xl-qemut-winxpsp3                           fail    
 test-amd64-amd64-xl-qemuu-winxpsp3                           fail    
 test-amd64-i386-xend-winxpsp3                                fail    
 test-amd64-amd64-xl-winxpsp3                                 fail    


------------------------------------------------------------
sg-report-flight on woking.cam.xci-test.com
logs: /home/xc_osstest/logs
images: /home/xc_osstest/images

Logs, config files, etc. are available at
    http://www.chiark.greenend.org.uk/~xensrcts/logs

Test harness code can be found at
    http://xenbits.xensource.com/gitweb?p=osstest.git;a=summary


Pushing revision :

+ branch=linux-3.10
+ revision=410dbb746130bc052bb3c7a337a86252874adbdf
+ . cri-lock-repos
++ . cri-common
+++ . cri-getconfig
+++ umask 002
+++ getconfig Repos
+++ perl -e '
                use Osstest;
                readglobalconfig();
                print $c{"Repos"} or die $!;
        '
++ repos=/export/home/osstest/repos
++ repos_lock=/export/home/osstest/repos/lock
++ '[' x '!=' x/export/home/osstest/repos/lock ']'
++ OSSTEST_REPOS_LOCK_LOCKED=/export/home/osstest/repos/lock
++ exec with-lock-ex -w /export/home/osstest/repos/lock ./ap-push linux-3.10 410dbb746130bc052bb3c7a337a86252874adbdf
+ branch=linux-3.10
+ revision=410dbb746130bc052bb3c7a337a86252874adbdf
+ . cri-lock-repos
++ . cri-common
+++ . cri-getconfig
+++ umask 002
+++ getconfig Repos
+++ perl -e '
                use Osstest;
                readglobalconfig();
                print $c{"Repos"} or die $!;
        '
++ repos=/export/home/osstest/repos
++ repos_lock=/export/home/osstest/repos/lock
++ '[' x/export/home/osstest/repos/lock '!=' x/export/home/osstest/repos/lock ']'
+ . cri-common
++ . cri-getconfig
++ umask 002
+ select_xenbranch
+ case "$branch" in
+ tree=linux
+ xenbranch=xen-unstable
+ '[' xlinux = xlinux ']'
+ linuxbranch=linux-3.10
+ : tested/2.6.39.x
+ . ap-common
++ : osstest@xenbits.xensource.com
++ : git://xenbits.xen.org/xen.git
++ : osstest@xenbits.xensource.com:/home/xen/git/xen.git
++ : git://xenbits.xen.org/staging/qemu-xen-unstable.git
++ : git://git.kernel.org
++ : git://git.kernel.org/pub/scm/linux/kernel/git
++ : git
++ : git://xenbits.xen.org/osstest/linux-firmware.git
++ : osstest@xenbits.xensource.com:/home/osstest/ext/linux-firmware.git
++ : git://git.kernel.org/pub/scm/linux/kernel/git/firmware/linux-firmware.git
++ : osstest@xenbits.xensource.com:/home/xen/git/linux-pvops.git
++ : git://xenbits.xen.org/linux-pvops.git
++ : tested/linux-3.4
++ : tested/linux-arm-xen
++ '[' xgit://git.kernel.org/pub/scm/linux/kernel/git/stable/linux-stable.git = x ']'
++ '[' xgit://xenbits.xen.org/linux-pvops.git = x ']'
++ : git://git.kernel.org/pub/scm/linux/kernel/git/konrad/xen.git
++ : tested/2.6.39.x
++ : daily-cron.linux-3.10
++ : daily-cron.linux-3.10
++ : http://hg.uk.xensource.com/carbon/trunk/linux-2.6.27
++ : git://xenbits.xen.org/staging/qemu-upstream-unstable.git
++ : daily-cron.linux-3.10
+ TREE_LINUX=osstest@xenbits.xensource.com:/home/xen/git/linux-pvops.git
+ TREE_QEMU_UPSTREAM=osstest@xenbits.xensource.com:/home/xen/git/qemu-upstream-unstable.git
+ TREE_XEN=osstest@xenbits.xensource.com:/home/xen/git/xen.git
+ info_linux_tree linux-3.10
+ case $1 in
+ : git://git.kernel.org/pub/scm/linux/kernel/git/stable/linux-stable.git
+ : linux-3.10.y
+ : linux-3.10.y
+ : git
+ : git
+ : git://xenbits.xen.org/linux-pvops.git
+ : osstest@xenbits.xensource.com:/home/xen/git/linux-pvops.git
+ : tested/linux-3.10
+ : tested/linux-3.10
+ return 0
+ cd /export/home/osstest/repos/linux
+ git push osstest@xenbits.xensource.com:/home/xen/git/linux-pvops.git 410dbb746130bc052bb3c7a337a86252874adbdf:tested/linux-3.10
Counting objects: 1   
Counting objects: 367, done.
Compressing objects:   2% (1/48)   
Compressing objects:   4% (2/48)   
Compressing objects:   6% (3/48)   
Compressing objects:   8% (4/48)   
Compressing objects:  10% (5/48)   
Compressing objects:  12% (6/48)   
Compressing objects:  14% (7/48)   
Compressing objects:  16% (8/48)   
Compressing objects:  18% (9/48)   
Compressing objects:  20% (10/48)   
Compressing objects:  22% (11/48)   
Compressing objects:  25% (12/48)   
Compressing objects:  27% (13/48)   
Compressing objects:  29% (14/48)   
Compressing objects:  31% (15/48)   
Compressing objects:  33% (16/48)   
Compressing objects:  35% (17/48)   
Compressing objects:  37% (18/48)   
Compressing objects:  39% (19/48)   
Compressing objects:  41% (20/48)   
Compressing objects:  43% (21/48)   
Compressing objects:  45% (22/48)   
Compressing objects:  47% (23/48)   
Compressing objects:  50% (24/48)   
Compressing objects:  52% (25/48)   
Compressing objects:  54% (26/48)   
Compressing objects:  56% (27/48)   
Compressing objects:  58% (28/48)   
Compressing objects:  60% (29/48)   
Compressing objects:  62% (30/48)   
Compressing objects:  64% (31/48)   
Compressing objects:  66% (32/48)   
Compressing objects:  68% (33/48)   
Compressing objects:  70% (34/48)   
Compressing objects:  72% (35/48)   
Compressing objects:  75% (36/48)   
Compressing objects:  77% (37/48)   
Compressing objects:  79% (38/48)   
Compressing objects:  81% (39/48)   
Compressing objects:  83% (40/48)   
Compressing objects:  85% (41/48)   
Compressing objects:  87% (42/48)   
Compressing objects:  89% (43/48)   
Compressing objects:  91% (44/48)   
Compressing objects:  93% (45/48)   
Compressing objects:  95% (46/48)   
Compressing objects:  97% (47/48)   
Compressing objects: 100% (48/48)   
Compressing objects: 100% (48/48), done.
Writing objects:   0% (1/278)   
Writing objects:   1% (3/278)   
Writing objects:   2% (6/278)   
Writing objects:   3% (9/278)   
Writing objects:   4% (12/278)   
Writing objects:   5% (14/278)   
Writing objects:   6% (17/278)   
Writing objects:   7% (20/278)   
Writing objects:   8% (23/278)   
Writing objects:   9% (26/278)   
Writing objects:  10% (28/278)   
Writing objects:  11% (31/278)   
Writing objects:  12% (34/278)   
Writing objects:  13% (37/278)   
Writing objects:  14% (39/278)   
Writing objects:  15% (42/278)   
Writing objects:  16% (45/278)   
Writing objects:  17% (48/278)   
Writing objects:  18% (51/278)   
Writing objects:  19% (53/278)   
Writing objects:  20% (56/278)   
Writing objects:  21% (59/278)   
Writing objects:  22% (62/278)   
Writing objects:  23% (64/278)   
Writing objects:  24% (67/278)   
Writing objects:  25% (70/278)   
Writing objects:  26% (73/278)   
Writing objects:  27% (76/278)   
Writing objects:  28% (78/278)   
Writing objects:  29% (81/278)   
Writing objects:  30% (84/278)   
Writing objects:  31% (87/278)   
Writing objects:  32% (89/278)   
Writing objects:  33% (92/278)   
Writing objects:  34% (95/278)   
Writing objects:  35% (98/278)   
Writing objects:  36% (101/278)   
Writing objects:  37% (103/278)   
Writing objects:  38% (106/278)   
Writing objects:  39% (109/278)   
Writing objects:  40% (112/278)   
Writing objects:  41% (114/278)   
Writing objects:  42% (117/278)   
Writing objects:  43% (120/278)   
Writing objects:  44% (123/278)   
Writing objects:  45% (126/278)   
Writing objects:  46% (128/278)   
Writing objects:  47% (131/278)   
Writing objects:  48% (134/278)   
Writing objects:  49% (137/278)   
Writing objects:  50% (139/278)   
Writing objects:  51% (142/278)   
Writing objects:  52% (145/278)   
Writing objects:  53% (148/278)   
Writing objects:  54% (151/278)   
Writing objects:  55% (153/278)   
Writing objects:  56% (156/278)   
Writing objects:  57% (159/278)   
Writing objects:  58% (162/278)   
Writing objects:  59% (165/278)   
Writing objects:  60% (167/278)   
Writing objects:  61% (170/278)   
Writing objects:  62% (173/278)   
Writing objects:  63% (176/278)   
Writing objects:  64% (178/278)   
Writing objects:  65% (181/278)   
Writing objects:  66% (184/278)   
Writing objects:  67% (187/278)   
Writing objects:  68% (190/278)   
Writing objects:  69% (192/278)   
Writing objects:  70% (195/278)   
Writing objects:  71% (198/278)   
Writing objects:  72% (201/278)   
Writing objects:  73% (203/278)   
Writing objects:  74% (206/278)   
Writing objects:  75% (209/278)   
Writing objects:  76% (212/278)   
Writing objects:  77% (215/278)   
Writing objects:  78% (217/278)   
Writing objects:  79% (220/278)   
Writing objects:  80% (223/278)   
Writing objects:  81% (226/278)   
Writing objects:  82% (228/278)   
Writing objects:  83% (231/278)   
Writing objects:  84% (234/278)   
Writing objects:  85% (237/278)   
Writing objects:  86% (240/278)   
Writing objects:  87% (242/278)   
Writing objects:  88% (245/278)   
Writing objects:  89% (248/278)   
Writing objects:  90% (251/278)   
Writing objects:  91% (253/278)   
Writing objects:  92% (256/278)   
Writing objects:  93% (259/278)   
Writing objects:  94% (262/278)   
Writing objects:  95% (265/278)   
Writing objects:  96% (267/278)   
Writing objects:  97% (270/278)   
Writing objects:  98% (273/278)   
Writing objects:  99% (276/278)   
Writing objects: 100% (278/278)   
Writing objects: 100% (278/278), 48.64 KiB, done.
Total 278 (delta 230), reused 278 (delta 230)
To osstest@xenbits.xensource.com:/home/xen/git/linux-pvops.git
   85cdabb..410dbb7  410dbb746130bc052bb3c7a337a86252874adbdf -> tested/linux-3.10
+ exit 0


[-- Attachment #2: Type: text/plain, Size: 126 bytes --]

_______________________________________________
Xen-devel mailing list
Xen-devel@lists.xen.org
http://lists.xen.org/xen-devel

^ permalink raw reply	[flat|nested] only message in thread

only message in thread, other threads:[~2013-09-17  8:15 UTC | newest]

Thread overview: (only message) (download: mbox.gz follow: Atom feed
-- links below jump to the message on this page --
2013-09-17  8:15 [linux-3.10 test] 19696: tolerable trouble: blocked/broken/fail/pass - PUSHED xen.org

This is a public inbox, see mirroring instructions
for how to clone and mirror all data and code used for this inbox;
as well as URLs for NNTP newsgroup(s).