* [xen-unstable test] 19708: tolerable FAIL - PUSHED
@ 2013-09-17 21:31 xen.org
0 siblings, 0 replies; only message in thread
From: xen.org @ 2013-09-17 21:31 UTC (permalink / raw)
To: xen-devel; +Cc: ian.jackson
flight 19708 xen-unstable real [real]
http://www.chiark.greenend.org.uk/~xensrcts/logs/19708/
Failures :-/ but no regressions.
Tests which are failing intermittently (not blocking):
test-amd64-amd64-xl-qemuu-winxpsp3 10 guest-saverestore.2 fail pass in 19695
test-amd64-amd64-xl-qemut-win7-amd64 7 windows-install fail pass in 19695
test-amd64-amd64-xl-qemuu-win7-amd64 10 guest-saverestore.2 fail in 19695 pass in 19708
Tests which did not succeed, but are not blocking:
test-armhf-armhf-xl 1 xen-build-check(1) blocked n/a
test-amd64-amd64-xl-pcipt-intel 9 guest-start fail never pass
test-amd64-i386-xend-winxpsp3 16 leak-check/check fail never pass
test-amd64-i386-xl-win7-amd64 13 guest-stop fail never pass
test-amd64-amd64-xl-qemuu-win7-amd64 13 guest-stop fail never pass
test-amd64-i386-xl-winxpsp3-vcpus1 13 guest-stop fail never pass
test-amd64-i386-xend-qemut-winxpsp3 16 leak-check/check fail never pass
test-amd64-i386-xl-qemut-winxpsp3-vcpus1 13 guest-stop fail never pass
test-amd64-amd64-xl-win7-amd64 13 guest-stop fail never pass
test-amd64-amd64-xl-winxpsp3 13 guest-stop fail never pass
test-amd64-amd64-xl-qemut-winxpsp3 13 guest-stop fail never pass
test-amd64-i386-xl-qemut-win7-amd64 13 guest-stop fail never pass
build-armhf-pvops 4 kernel-build fail never pass
test-amd64-amd64-xl-qemuu-winxpsp3 13 guest-stop fail in 19695 never pass
test-amd64-amd64-xl-qemut-win7-amd64 13 guest-stop fail in 19695 never pass
version targeted for testing:
xen c5e9596cd095e3b96a090002d9e6629a980904eb
baseline version:
xen 0119ce986098a388c8476856a659c89e303d176d
------------------------------------------------------------
People who touched revisions under test:
George Dunlap <george.dunlap@eu.citrix.com>
Ian Jackson <ian.jackson@eu.citrix.com>
------------------------------------------------------------
jobs:
build-amd64 pass
build-armhf pass
build-i386 pass
build-amd64-oldkern pass
build-i386-oldkern pass
build-amd64-pvops pass
build-armhf-pvops fail
build-i386-pvops pass
test-amd64-amd64-xl pass
test-armhf-armhf-xl blocked
test-amd64-i386-xl pass
test-amd64-i386-rhel6hvm-amd pass
test-amd64-i386-qemut-rhel6hvm-amd pass
test-amd64-i386-qemuu-rhel6hvm-amd pass
test-amd64-amd64-xl-qemut-win7-amd64 fail
test-amd64-i386-xl-qemut-win7-amd64 fail
test-amd64-amd64-xl-qemuu-win7-amd64 fail
test-amd64-amd64-xl-win7-amd64 fail
test-amd64-i386-xl-win7-amd64 fail
test-amd64-i386-xl-credit2 pass
test-amd64-amd64-xl-pcipt-intel fail
test-amd64-i386-rhel6hvm-intel pass
test-amd64-i386-qemut-rhel6hvm-intel pass
test-amd64-i386-qemuu-rhel6hvm-intel pass
test-amd64-i386-xl-multivcpu pass
test-amd64-amd64-pair pass
test-amd64-i386-pair pass
test-amd64-amd64-xl-sedf-pin pass
test-amd64-amd64-pv pass
test-amd64-i386-pv pass
test-amd64-amd64-xl-sedf pass
test-amd64-i386-xl-qemut-winxpsp3-vcpus1 fail
test-amd64-i386-xl-winxpsp3-vcpus1 fail
test-amd64-i386-xend-qemut-winxpsp3 fail
test-amd64-amd64-xl-qemut-winxpsp3 fail
test-amd64-amd64-xl-qemuu-winxpsp3 fail
test-amd64-i386-xend-winxpsp3 fail
test-amd64-amd64-xl-winxpsp3 fail
------------------------------------------------------------
sg-report-flight on woking.cam.xci-test.com
logs: /home/xc_osstest/logs
images: /home/xc_osstest/images
Logs, config files, etc. are available at
http://www.chiark.greenend.org.uk/~xensrcts/logs
Test harness code can be found at
http://xenbits.xensource.com/gitweb?p=osstest.git;a=summary
Pushing revision :
+ branch=xen-unstable
+ revision=c5e9596cd095e3b96a090002d9e6629a980904eb
+ . cri-lock-repos
++ . cri-common
+++ . cri-getconfig
+++ umask 002
+++ getconfig Repos
+++ perl -e '
use Osstest;
readglobalconfig();
print $c{"Repos"} or die $!;
'
++ repos=/export/home/osstest/repos
++ repos_lock=/export/home/osstest/repos/lock
++ '[' x '!=' x/export/home/osstest/repos/lock ']'
++ OSSTEST_REPOS_LOCK_LOCKED=/export/home/osstest/repos/lock
++ exec with-lock-ex -w /export/home/osstest/repos/lock ./ap-push xen-unstable c5e9596cd095e3b96a090002d9e6629a980904eb
+ branch=xen-unstable
+ revision=c5e9596cd095e3b96a090002d9e6629a980904eb
+ . cri-lock-repos
++ . cri-common
+++ . cri-getconfig
+++ umask 002
+++ getconfig Repos
+++ perl -e '
use Osstest;
readglobalconfig();
print $c{"Repos"} or die $!;
'
++ repos=/export/home/osstest/repos
++ repos_lock=/export/home/osstest/repos/lock
++ '[' x/export/home/osstest/repos/lock '!=' x/export/home/osstest/repos/lock ']'
+ . cri-common
++ . cri-getconfig
++ umask 002
+ select_xenbranch
+ case "$branch" in
+ tree=xen
+ xenbranch=xen-unstable
+ '[' xxen = xlinux ']'
+ linuxbranch=
+ : tested/2.6.39.x
+ . ap-common
++ : osstest@xenbits.xensource.com
++ : git://xenbits.xen.org/xen.git
++ : osstest@xenbits.xensource.com:/home/xen/git/xen.git
++ : git://xenbits.xen.org/staging/qemu-xen-unstable.git
++ : git://git.kernel.org
++ : git://git.kernel.org/pub/scm/linux/kernel/git
++ : git
++ : git://xenbits.xen.org/osstest/linux-firmware.git
++ : osstest@xenbits.xensource.com:/home/osstest/ext/linux-firmware.git
++ : git://git.kernel.org/pub/scm/linux/kernel/git/firmware/linux-firmware.git
++ : osstest@xenbits.xensource.com:/home/xen/git/linux-pvops.git
++ : git://xenbits.xen.org/linux-pvops.git
++ : tested/linux-3.4
++ : tested/linux-arm-xen
++ '[' xgit://xenbits.xen.org/linux-pvops.git = x ']'
++ '[' x = x ']'
++ : git://xenbits.xen.org/linux-pvops.git
++ : tested/linux-arm-xen
++ : git://git.kernel.org/pub/scm/linux/kernel/git/konrad/xen.git
++ : tested/2.6.39.x
++ : daily-cron.xen-unstable
++ : daily-cron.xen-unstable
++ : http://hg.uk.xensource.com/carbon/trunk/linux-2.6.27
++ : git://xenbits.xen.org/staging/qemu-upstream-unstable.git
++ : daily-cron.xen-unstable
+ TREE_LINUX=osstest@xenbits.xensource.com:/home/xen/git/linux-pvops.git
+ TREE_QEMU_UPSTREAM=osstest@xenbits.xensource.com:/home/xen/git/qemu-upstream-unstable.git
+ TREE_XEN=osstest@xenbits.xensource.com:/home/xen/git/xen.git
+ info_linux_tree xen-unstable
+ case $1 in
+ return 1
+ case "$branch" in
+ cd /export/home/osstest/repos/xen
+ git push osstest@xenbits.xensource.com:/home/xen/git/xen.git c5e9596cd095e3b96a090002d9e6629a980904eb:master
Counting objects: 1
Counting objects: 7
Counting objects: 9, done.
Compressing objects: 100% (1/1)
Compressing objects: 100% (1/1), done.
Writing objects: 20% (1/5)
Writing objects: 40% (2/5)
Writing objects: 60% (3/5)
Writing objects: 80% (4/5)
Writing objects: 100% (5/5)
Writing objects: 100% (5/5), 680 bytes, done.
Total 5 (delta 4), reused 5 (delta 4)
To osstest@xenbits.xensource.com:/home/xen/git/xen.git
0119ce9..c5e9596 c5e9596cd095e3b96a090002d9e6629a980904eb -> master
^ permalink raw reply [flat|nested] only message in thread
only message in thread, other threads:[~2013-09-17 21:31 UTC | newest]
Thread overview: (only message) (download: mbox.gz follow: Atom feed
-- links below jump to the message on this page --
2013-09-17 21:31 [xen-unstable test] 19708: tolerable FAIL - PUSHED xen.org
This is a public inbox, see mirroring instructions
for how to clone and mirror all data and code used for this inbox;
as well as URLs for NNTP newsgroup(s).