From mboxrd@z Thu Jan 1 00:00:00 1970 From: xen.org Subject: [linux-3.4 test] 19840: tolerable FAIL - PUSHED Date: Fri, 27 Sep 2013 17:11:07 +0100 Message-ID: Mime-Version: 1.0 Content-Type: multipart/mixed; boundary="===============1450518012883579099==" Return-path: List-Unsubscribe: , List-Post: List-Help: List-Subscribe: , Sender: xen-devel-bounces@lists.xen.org Errors-To: xen-devel-bounces@lists.xen.org To: xen-devel@lists.xensource.com Cc: ian.jackson@eu.citrix.com List-Id: xen-devel@lists.xenproject.org --===============1450518012883579099== Content-Type: text/plain flight 19840 linux-3.4 real [real] http://www.chiark.greenend.org.uk/~xensrcts/logs/19840/ Failures :-/ but no regressions. Regressions which are regarded as allowable (not blocking): test-amd64-amd64-xl-sedf-pin 14 guest-localmigrate/x10 fail REGR. vs. 19307 test-amd64-amd64-xl-qemuu-winxpsp3 7 windows-install fail like 19294 Tests which did not succeed, but are not blocking: test-armhf-armhf-xl 1 xen-build-check(1) blocked n/a test-amd64-amd64-xl-pcipt-intel 9 guest-start fail never pass build-armhf-pvops 4 kernel-build fail never pass test-amd64-i386-xl-win7-amd64 13 guest-stop fail never pass test-amd64-i386-xl-qemut-winxpsp3-vcpus1 13 guest-stop fail never pass test-amd64-amd64-xl-win7-amd64 13 guest-stop fail never pass test-amd64-amd64-xl-qemuu-win7-amd64 13 guest-stop fail never pass test-amd64-amd64-xl-qemut-win7-amd64 13 guest-stop fail never pass test-amd64-i386-xl-qemut-win7-amd64 13 guest-stop fail never pass test-amd64-i386-xl-winxpsp3-vcpus1 13 guest-stop fail never pass test-amd64-i386-xend-winxpsp3 16 leak-check/check fail never pass test-amd64-i386-xend-qemut-winxpsp3 16 leak-check/check fail never pass test-amd64-amd64-xl-qemut-winxpsp3 7 windows-install fail never pass test-amd64-amd64-xl-winxpsp3 13 guest-stop fail never pass version targeted for testing: linux 940d5466e08c41c44366d5ea4b36930d1dbd02c3 baseline version: linux d10b95b412369a7f1d437304db7d02d41fe33e22 ------------------------------------------------------------ People who touched revisions under test: Alan Stern Alex Deucher Alex Williamson Anand Avati Andrew Morton Andrzej Hajda Anton Blanchard Arend van Spriel Benjamin Herrenschmidt Chris Ball Dan Carpenter Daniel Mack David Weber Felix Fietkau Gabor Juhos Grant Likely Greg Kroah-Hartman Greg Thelen Guennadi Liakhovetski Hans de Goede Hans Verkuil Herbert Xu Ian Abbott James Bottomley Jan Kara Jeff Layton Jie Liu Jiri Kosina Joerg Roedel Johan Hovold Johannes Weiner John W. Linville Kees Cook Kevin Hilman Kirill A. Shutemov Konrad Rzeszutek Wilk Kyungmin Park Larry Finger Libin Linus Torvalds Mark Brown Matt Wilson Mauro Carvalho Chehab Maxim Patlasov Michal Hocko Mike Dyer Miklos Szeredi Oliver Neukum Paul E. McKenney Peter Maydell Rafi Rubin Ralf Baechle Roger Pau Monné Sarah Sharp Sergei Shtylyov Shawn Nematbakhsh Stefan Kriwanek Steve French Takashi Iwai Tejun Heo Vasily Titskiy Wladislav Wiebe Yu Y Wang ------------------------------------------------------------ jobs: build-amd64 pass build-armhf pass build-i386 pass build-amd64-pvops pass build-armhf-pvops fail build-i386-pvops pass test-amd64-amd64-xl pass test-armhf-armhf-xl blocked test-amd64-i386-xl pass test-amd64-i386-rhel6hvm-amd pass test-amd64-i386-qemut-rhel6hvm-amd pass test-amd64-i386-qemuu-rhel6hvm-amd pass test-amd64-amd64-xl-qemut-win7-amd64 fail test-amd64-i386-xl-qemut-win7-amd64 fail test-amd64-amd64-xl-qemuu-win7-amd64 fail test-amd64-amd64-xl-win7-amd64 fail test-amd64-i386-xl-win7-amd64 fail test-amd64-i386-xl-credit2 pass test-amd64-amd64-xl-pcipt-intel fail test-amd64-i386-rhel6hvm-intel pass test-amd64-i386-qemut-rhel6hvm-intel pass test-amd64-i386-qemuu-rhel6hvm-intel pass test-amd64-i386-xl-multivcpu pass test-amd64-amd64-pair pass test-amd64-i386-pair pass test-amd64-amd64-xl-sedf-pin fail test-amd64-amd64-pv pass test-amd64-i386-pv pass test-amd64-amd64-xl-sedf pass test-amd64-i386-xl-qemut-winxpsp3-vcpus1 fail test-amd64-i386-xl-winxpsp3-vcpus1 fail test-amd64-i386-xend-qemut-winxpsp3 fail test-amd64-amd64-xl-qemut-winxpsp3 fail test-amd64-amd64-xl-qemuu-winxpsp3 fail test-amd64-i386-xend-winxpsp3 fail test-amd64-amd64-xl-winxpsp3 fail ------------------------------------------------------------ sg-report-flight on woking.cam.xci-test.com logs: /home/xc_osstest/logs images: /home/xc_osstest/images Logs, config files, etc. are available at http://www.chiark.greenend.org.uk/~xensrcts/logs Test harness code can be found at http://xenbits.xensource.com/gitweb?p=osstest.git;a=summary Pushing revision : + branch=linux-3.4 + revision=940d5466e08c41c44366d5ea4b36930d1dbd02c3 + . cri-lock-repos ++ . cri-common +++ . cri-getconfig +++ umask 002 +++ getconfig Repos +++ perl -e ' use Osstest; readglobalconfig(); print $c{"Repos"} or die $!; ' ++ repos=/export/home/osstest/repos ++ repos_lock=/export/home/osstest/repos/lock ++ '[' x '!=' x/export/home/osstest/repos/lock ']' ++ OSSTEST_REPOS_LOCK_LOCKED=/export/home/osstest/repos/lock ++ exec with-lock-ex -w /export/home/osstest/repos/lock ./ap-push linux-3.4 940d5466e08c41c44366d5ea4b36930d1dbd02c3 + branch=linux-3.4 + revision=940d5466e08c41c44366d5ea4b36930d1dbd02c3 + . cri-lock-repos ++ . cri-common +++ . cri-getconfig +++ umask 002 +++ getconfig Repos +++ perl -e ' use Osstest; readglobalconfig(); print $c{"Repos"} or die $!; ' ++ repos=/export/home/osstest/repos ++ repos_lock=/export/home/osstest/repos/lock ++ '[' x/export/home/osstest/repos/lock '!=' x/export/home/osstest/repos/lock ']' + . cri-common ++ . cri-getconfig ++ umask 002 + select_xenbranch + case "$branch" in + tree=linux + xenbranch=xen-unstable + '[' xlinux = xlinux ']' + linuxbranch=linux-3.4 + : tested/2.6.39.x + . ap-common ++ : osstest@xenbits.xensource.com ++ : git://xenbits.xen.org/xen.git ++ : osstest@xenbits.xensource.com:/home/xen/git/xen.git ++ : git://xenbits.xen.org/staging/qemu-xen-unstable.git ++ : git://git.kernel.org ++ : git://git.kernel.org/pub/scm/linux/kernel/git ++ : git ++ : git://xenbits.xen.org/osstest/linux-firmware.git ++ : osstest@xenbits.xensource.com:/home/osstest/ext/linux-firmware.git ++ : git://git.kernel.org/pub/scm/linux/kernel/git/firmware/linux-firmware.git ++ : osstest@xenbits.xensource.com:/home/xen/git/linux-pvops.git ++ : git://xenbits.xen.org/linux-pvops.git ++ : tested/linux-3.4 ++ : tested/linux-arm-xen ++ '[' xgit://git.kernel.org/pub/scm/linux/kernel/git/stable/linux-stable.git = x ']' ++ '[' xgit://xenbits.xen.org/linux-pvops.git = x ']' ++ : git://git.kernel.org/pub/scm/linux/kernel/git/konrad/xen.git ++ : tested/2.6.39.x ++ : daily-cron.linux-3.4 ++ : daily-cron.linux-3.4 ++ : http://hg.uk.xensource.com/carbon/trunk/linux-2.6.27 ++ : git://xenbits.xen.org/staging/qemu-upstream-unstable.git ++ : daily-cron.linux-3.4 + TREE_LINUX=osstest@xenbits.xensource.com:/home/xen/git/linux-pvops.git + TREE_QEMU_UPSTREAM=osstest@xenbits.xensource.com:/home/xen/git/qemu-upstream-unstable.git + TREE_XEN=osstest@xenbits.xensource.com:/home/xen/git/xen.git + info_linux_tree linux-3.4 + case $1 in + : git://git.kernel.org/pub/scm/linux/kernel/git/stable/linux-stable.git + : linux-3.4.y + : linux-3.4.y + : git + : git + : git://xenbits.xen.org/linux-pvops.git + : osstest@xenbits.xensource.com:/home/xen/git/linux-pvops.git + : tested/linux-3.4 + : tested/linux-3.4 + return 0 + cd /export/home/osstest/repos/linux + git push osstest@xenbits.xensource.com:/home/xen/git/linux-pvops.git 940d5466e08c41c44366d5ea4b36930d1dbd02c3:tested/linux-3.4 Counting objects: 1 Counting objects: 327, done. Compressing objects: 2% (1/42) Compressing objects: 4% (2/42) Compressing objects: 7% (3/42) Compressing objects: 9% (4/42) Compressing objects: 11% (5/42) Compressing objects: 14% (6/42) Compressing objects: 16% (7/42) Compressing objects: 19% (8/42) Compressing objects: 21% (9/42) Compressing objects: 23% (10/42) Compressing objects: 26% (11/42) Compressing objects: 28% (12/42) Compressing objects: 30% (13/42) Compressing objects: 33% (14/42) Compressing objects: 35% (15/42) Compressing objects: 38% (16/42) Compressing objects: 40% (17/42) Compressing objects: 42% (18/42) Compressing objects: 45% (19/42) Compressing objects: 47% (20/42) Compressing objects: 50% (21/42) Compressing objects: 52% (22/42) Compressing objects: 54% (23/42) Compressing objects: 57% (24/42) Compressing objects: 59% (25/42) Compressing objects: 61% (26/42) Compressing objects: 64% (27/42) Compressing objects: 66% (28/42) Compressing objects: 69% (29/42) Compressing objects: 71% (30/42) Compressing objects: 73% (31/42) Compressing objects: 76% (32/42) Compressing objects: 78% (33/42) Compressing objects: 80% (34/42) Compressing objects: 83% (35/42) Compressing objects: 85% (36/42) Compressing objects: 88% (37/42) Compressing objects: 90% (38/42) Compressing objects: 92% (39/42) Compressing objects: 95% (40/42) Compressing objects: 97% (41/42) Compressing objects: 100% (42/42) Compressing objects: 100% (42/42), done. Writing objects: 0% (1/236) Writing objects: 1% (3/236) Writing objects: 2% (5/236) Writing objects: 3% (8/236) Writing objects: 4% (10/236) Writing objects: 5% (12/236) Writing objects: 6% (15/236) Writing objects: 7% (17/236) Writing objects: 8% (19/236) Writing objects: 9% (22/236) Writing objects: 10% (24/236) Writing objects: 11% (26/236) Writing objects: 12% (29/236) Writing objects: 13% (31/236) Writing objects: 14% (34/236) Writing objects: 15% (36/236) Writing objects: 16% (38/236) Writing objects: 17% (41/236) Writing objects: 18% (43/236) Writing objects: 19% (45/236) Writing objects: 20% (48/236) Writing objects: 21% (50/236) Writing objects: 22% (52/236) Writing objects: 23% (55/236) Writing objects: 24% (57/236) Writing objects: 25% (59/236) Writing objects: 26% (62/236) Writing objects: 27% (64/236) Writing objects: 28% (67/236) Writing objects: 29% (69/236) Writing objects: 30% (71/236) Writing objects: 31% (74/236) Writing objects: 32% (76/236) Writing objects: 33% (78/236) Writing objects: 34% (81/236) Writing objects: 35% (83/236) Writing objects: 36% (85/236) Writing objects: 37% (88/236) Writing objects: 38% (90/236) Writing objects: 39% (93/236) Writing objects: 40% (95/236) Writing objects: 41% (97/236) Writing objects: 42% (100/236) Writing objects: 43% (102/236) Writing objects: 44% (104/236) Writing objects: 45% (107/236) Writing objects: 46% (109/236) Writing objects: 47% (111/236) Writing objects: 48% (114/236) Writing objects: 49% (116/236) Writing objects: 50% (118/236) Writing objects: 51% (121/236) Writing objects: 52% (123/236) Writing objects: 53% (126/236) Writing objects: 54% (128/236) Writing objects: 55% (130/236) Writing objects: 56% (133/236) Writing objects: 57% (135/236) Writing objects: 58% (137/236) Writing objects: 59% (140/236) Writing objects: 60% (142/236) Writing objects: 61% (144/236) Writing objects: 62% (147/236) Writing objects: 63% (149/236) Writing objects: 64% (152/236) Writing objects: 65% (154/236) Writing objects: 66% (156/236) Writing objects: 67% (159/236) Writing objects: 68% (161/236) Writing objects: 69% (163/236) Writing objects: 70% (166/236) Writing objects: 71% (168/236) Writing objects: 72% (170/236) Writing objects: 73% (173/236) Writing objects: 74% (175/236) Writing objects: 75% (177/236) Writing objects: 76% (180/236) Writing objects: 77% (182/236) Writing objects: 78% (185/236) Writing objects: 79% (187/236) Writing objects: 80% (189/236) Writing objects: 81% (192/236) Writing objects: 82% (194/236) Writing objects: 83% (196/236) Writing objects: 84% (199/236) Writing objects: 85% (201/236) Writing objects: 86% (203/236) Writing objects: 87% (206/236) Writing objects: 88% (208/236) Writing objects: 89% (211/236) Writing objects: 90% (213/236) Writing objects: 91% (215/236) Writing objects: 92% (218/236) Writing objects: 93% (220/236) Writing objects: 94% (222/236) Writing objects: 95% (225/236) Writing objects: 96% (227/236) Writing objects: 97% (229/236) Writing objects: 98% (232/236) Writing objects: 99% (234/236) Writing objects: 100% (236/236) Writing objects: 100% (236/236), 41.44 KiB, done. Total 236 (delta 194), reused 198 (delta 194) To osstest@xenbits.xensource.com:/home/xen/git/linux-pvops.git d10b95b..940d546 940d5466e08c41c44366d5ea4b36930d1dbd02c3 -> tested/linux-3.4 + exit 0 --===============1450518012883579099== Content-Type: text/plain; charset="us-ascii" MIME-Version: 1.0 Content-Transfer-Encoding: 7bit Content-Disposition: inline _______________________________________________ Xen-devel mailing list Xen-devel@lists.xen.org http://lists.xen.org/xen-devel --===============1450518012883579099==--