* [xen-4.1-testing test] 19883: regressions - FAIL
@ 2013-10-01 4:03 xen.org
0 siblings, 0 replies; only message in thread
From: xen.org @ 2013-10-01 4:03 UTC (permalink / raw)
To: xen-devel; +Cc: ian.jackson
flight 19883 xen-4.1-testing real [real]
http://www.chiark.greenend.org.uk/~xensrcts/logs/19883/
Regressions :-(
Tests which did not succeed and are blocking,
including tests which could not be run:
test-i386-i386-xl-qemut-winxpsp3 7 windows-install fail REGR. vs. 19870
Tests which did not succeed, but are not blocking:
test-amd64-amd64-xl-pcipt-intel 9 guest-start fail never pass
test-amd64-i386-xl-win7-amd64 13 guest-stop fail never pass
test-amd64-i386-xl-qemut-win7-amd64 13 guest-stop fail never pass
test-amd64-amd64-xl-win7-amd64 13 guest-stop fail never pass
test-amd64-amd64-xl-winxpsp3 13 guest-stop fail never pass
test-amd64-amd64-xl-qemut-win7-amd64 13 guest-stop fail never pass
test-amd64-i386-xl-qemut-winxpsp3-vcpus1 13 guest-stop fail never pass
test-amd64-i386-xend-qemut-winxpsp3 16 leak-check/check fail never pass
test-amd64-i386-xl-winxpsp3-vcpus1 13 guest-stop fail never pass
test-amd64-i386-xend-winxpsp3 16 leak-check/check fail never pass
test-amd64-amd64-xl-qemut-winxpsp3 13 guest-stop fail never pass
test-i386-i386-xl-winxpsp3 13 guest-stop fail never pass
version targeted for testing:
xen ca0fe6dc4ff9fd12bca751d73b20b309f0444ae2
baseline version:
xen 5238678b8fec15a90460378fc8c67362f73f6fdc
------------------------------------------------------------
People who touched revisions under test:
Ian Jackson <ian.jackson@eu.citrix.com>
Jan Beulich <jbeulich@suse.com>
------------------------------------------------------------
jobs:
build-amd64 pass
build-i386 pass
build-amd64-oldkern pass
build-i386-oldkern pass
build-amd64-pvops pass
build-i386-pvops pass
test-amd64-amd64-xl pass
test-amd64-i386-xl pass
test-i386-i386-xl pass
test-amd64-i386-rhel6hvm-amd pass
test-amd64-i386-qemut-rhel6hvm-amd pass
test-amd64-amd64-xl-qemut-win7-amd64 fail
test-amd64-i386-xl-qemut-win7-amd64 fail
test-amd64-amd64-xl-win7-amd64 fail
test-amd64-i386-xl-win7-amd64 fail
test-amd64-i386-xl-credit2 pass
test-amd64-amd64-xl-pcipt-intel fail
test-amd64-i386-rhel6hvm-intel pass
test-amd64-i386-qemut-rhel6hvm-intel pass
test-amd64-i386-xl-multivcpu pass
test-amd64-amd64-pair pass
test-amd64-i386-pair pass
test-i386-i386-pair pass
test-amd64-amd64-xl-sedf-pin pass
test-amd64-amd64-pv pass
test-amd64-i386-pv pass
test-i386-i386-pv pass
test-amd64-amd64-xl-sedf pass
test-amd64-i386-xl-qemut-winxpsp3-vcpus1 fail
test-amd64-i386-xl-winxpsp3-vcpus1 fail
test-amd64-i386-xend-qemut-winxpsp3 fail
test-amd64-amd64-xl-qemut-winxpsp3 fail
test-i386-i386-xl-qemut-winxpsp3 fail
test-amd64-i386-xend-winxpsp3 fail
test-amd64-amd64-xl-winxpsp3 fail
test-i386-i386-xl-winxpsp3 fail
------------------------------------------------------------
sg-report-flight on woking.cam.xci-test.com
logs: /home/xc_osstest/logs
images: /home/xc_osstest/images
Logs, config files, etc. are available at
http://www.chiark.greenend.org.uk/~xensrcts/logs
Test harness code can be found at
http://xenbits.xensource.com/gitweb?p=osstest.git;a=summary
Not pushing.
------------------------------------------------------------
commit ca0fe6dc4ff9fd12bca751d73b20b309f0444ae2
Author: Jan Beulich <jbeulich@suse.com>
Date: Mon Sep 30 14:32:39 2013 +0200
x86: properly set up fbld emulation operand address
This is CVE-2013-4361 / XSA-66.
Signed-off-by: Jan Beulich <jbeulich@suse.com>
Acked-by: Ian Jackson <ian.jackson@eu.citrix.com>
master commit: 28b706efb6abb637fabfd74cde70a50935a5640b
master date: 2013-09-30 14:18:58 +0200
commit 592e139cabb514d22d97b4738dad6bf6eaf0ca89
Author: Jan Beulich <jbeulich@suse.com>
Date: Mon Sep 30 14:31:44 2013 +0200
x86: properly handle hvm_copy_from_guest_{phys,virt}() errors
Ignoring them generally implies using uninitialized data and, in all
but two of the cases dealt with here, potentially leaking hypervisor
stack contents to guests.
This is CVE-2013-4355 / XSA-63.
Signed-off-by: Jan Beulich <jbeulich@suse.com>
Reviewed-by: Tim Deegan <tim@xen.org>
Reviewed-by: Andrew Cooper <andrew.cooper3@citrix.com>
master commit: 6bb838e7375f5b031e9ac346b353775c90de45dc
master date: 2013-09-30 14:17:46 +0200
(qemu changes not included)
^ permalink raw reply [flat|nested] only message in thread
only message in thread, other threads:[~2013-10-01 4:03 UTC | newest]
Thread overview: (only message) (download: mbox.gz follow: Atom feed
-- links below jump to the message on this page --
2013-10-01 4:03 [xen-4.1-testing test] 19883: regressions - FAIL xen.org
This is a public inbox, see mirroring instructions
for how to clone and mirror all data and code used for this inbox;
as well as URLs for NNTP newsgroup(s).