xen-devel.lists.xenproject.org archive mirror
 help / color / mirror / Atom feed
* [linux-3.4 test] 19896: regressions - FAIL
@ 2013-10-01 18:00 xen.org
  0 siblings, 0 replies; only message in thread
From: xen.org @ 2013-10-01 18:00 UTC (permalink / raw)
  To: xen-devel; +Cc: ian.jackson

flight 19896 linux-3.4 real [real]
http://www.chiark.greenend.org.uk/~xensrcts/logs/19896/

Regressions :-(

Tests which did not succeed and are blocking,
including tests which could not be run:
 build-i386                    4 xen-build                 fail REGR. vs. 19840
 build-amd64                   4 xen-build                 fail REGR. vs. 19840

Tests which did not succeed, but are not blocking:
 test-amd64-i386-xl-multivcpu  1 xen-build-check(1)           blocked  n/a
 test-amd64-i386-xl            1 xen-build-check(1)           blocked  n/a
 test-amd64-amd64-xl           1 xen-build-check(1)           blocked  n/a
 test-amd64-i386-qemut-rhel6hvm-intel  1 xen-build-check(1)         blocked n/a
 test-amd64-i386-rhel6hvm-intel  1 xen-build-check(1)           blocked  n/a
 test-amd64-amd64-pv           1 xen-build-check(1)           blocked  n/a
 test-amd64-amd64-xl-sedf      1 xen-build-check(1)           blocked  n/a
 test-amd64-i386-qemut-rhel6hvm-amd  1 xen-build-check(1)           blocked n/a
 test-amd64-amd64-xl-pcipt-intel  1 xen-build-check(1)           blocked  n/a
 test-amd64-amd64-xl-sedf-pin  1 xen-build-check(1)           blocked  n/a
 test-amd64-i386-qemuu-rhel6hvm-intel  1 xen-build-check(1)         blocked n/a
 test-amd64-i386-qemuu-rhel6hvm-amd  1 xen-build-check(1)           blocked n/a
 test-amd64-i386-rhel6hvm-amd  1 xen-build-check(1)           blocked  n/a
 test-amd64-amd64-pair         1 xen-build-check(1)           blocked  n/a
 test-amd64-i386-pv            1 xen-build-check(1)           blocked  n/a
 test-amd64-i386-xl-credit2    1 xen-build-check(1)           blocked  n/a
 test-amd64-i386-pair          1 xen-build-check(1)           blocked  n/a
 test-amd64-i386-xl-win7-amd64  1 xen-build-check(1)           blocked  n/a
 test-amd64-i386-xl-qemut-winxpsp3-vcpus1  1 xen-build-check(1)     blocked n/a
 test-amd64-amd64-xl-win7-amd64  1 xen-build-check(1)           blocked  n/a
 test-amd64-amd64-xl-qemuu-win7-amd64  1 xen-build-check(1)         blocked n/a
 test-amd64-amd64-xl-qemut-win7-amd64  1 xen-build-check(1)         blocked n/a
 test-amd64-i386-xl-qemut-win7-amd64  1 xen-build-check(1)          blocked n/a
 test-amd64-i386-xl-winxpsp3-vcpus1  1 xen-build-check(1)           blocked n/a
 test-amd64-i386-xend-qemut-winxpsp3  1 xen-build-check(1)          blocked n/a
 test-amd64-i386-xend-winxpsp3  1 xen-build-check(1)           blocked  n/a
 test-amd64-amd64-xl-qemut-winxpsp3  1 xen-build-check(1)           blocked n/a
 test-amd64-amd64-xl-qemuu-winxpsp3  1 xen-build-check(1)           blocked n/a
 test-amd64-amd64-xl-winxpsp3  1 xen-build-check(1)           blocked  n/a

version targeted for testing:
 linux                d4c162c56b4b9af4dda113f865c23ee48df20ad4
baseline version:
 linux                940d5466e08c41c44366d5ea4b36930d1dbd02c3

------------------------------------------------------------
People who touched revisions under test:
  Alex Deucher <alexander.deucher@amd.com>
  Andi Kleen <ak@linux.intel.com>
  Andrew Morton <akpm@linux-foundation.org>
  Arnaldo Carvalho de Melo <acme@redhat.com>
  Ben Hutchings <bhutchings@solarflare.com>
  Ben Skeggs <bskeggs@redhat.com>
  Benjamin Tissoires <benjamin.tissoires@gmail.com>
  Daisuke Nishimura <nishimura@mxp.nes.nec.co.jp>
  Daniel Santos <daniel.santos@pobox.com>
  Daniel Tobias <dan.g.tob@gmail.com>
  Dave Airlie <airlied@redhat.com>
  David Miller <davem@davemloft.net>
  David S. Miller <davem@davemloft.net>
  Eric Paris <eparis@redhat.com>
  Fabio Porcedda <fabio.porcedda@gmail.com>
  Greg Kroah-Hartman <gregkh@linuxfoundation.org>
  Ingo Molnar <mingo@kernel.org>
  Jiri Kosina <jkosina@suse.cz>
  John W. Linville <linville@tuxdriver.com>
  Kees Cook <keescook@chromium.org>
  Kirill A. Shutemov <kirill@shutemov.name>
  Li Zefan <lizefan@huawei.com>
  Lino Sanfilippo <LinoSanfilipp@gmx.de>
  Linus Torvalds <torvalds@linux-foundation.org>
  Oliver Neukum <oliver@neukum.org>
  Peter Zijlstra <a.p.zijlstra@chello.nl>
  Peter Zijlstra <peterz@infradead.org>
  Stanislaw Gruszka <sgruszka@redhat.com>
  Tejun Heo <tj@kernel.org>
------------------------------------------------------------

jobs:
 build-amd64                                                  fail    
 build-i386                                                   fail    
 build-amd64-pvops                                            pass    
 build-i386-pvops                                             pass    
 test-amd64-amd64-xl                                          blocked 
 test-amd64-i386-xl                                           blocked 
 test-amd64-i386-rhel6hvm-amd                                 blocked 
 test-amd64-i386-qemut-rhel6hvm-amd                           blocked 
 test-amd64-i386-qemuu-rhel6hvm-amd                           blocked 
 test-amd64-amd64-xl-qemut-win7-amd64                         blocked 
 test-amd64-i386-xl-qemut-win7-amd64                          blocked 
 test-amd64-amd64-xl-qemuu-win7-amd64                         blocked 
 test-amd64-amd64-xl-win7-amd64                               blocked 
 test-amd64-i386-xl-win7-amd64                                blocked 
 test-amd64-i386-xl-credit2                                   blocked 
 test-amd64-amd64-xl-pcipt-intel                              blocked 
 test-amd64-i386-rhel6hvm-intel                               blocked 
 test-amd64-i386-qemut-rhel6hvm-intel                         blocked 
 test-amd64-i386-qemuu-rhel6hvm-intel                         blocked 
 test-amd64-i386-xl-multivcpu                                 blocked 
 test-amd64-amd64-pair                                        blocked 
 test-amd64-i386-pair                                         blocked 
 test-amd64-amd64-xl-sedf-pin                                 blocked 
 test-amd64-amd64-pv                                          blocked 
 test-amd64-i386-pv                                           blocked 
 test-amd64-amd64-xl-sedf                                     blocked 
 test-amd64-i386-xl-qemut-winxpsp3-vcpus1                     blocked 
 test-amd64-i386-xl-winxpsp3-vcpus1                           blocked 
 test-amd64-i386-xend-qemut-winxpsp3                          blocked 
 test-amd64-amd64-xl-qemut-winxpsp3                           blocked 
 test-amd64-amd64-xl-qemuu-winxpsp3                           blocked 
 test-amd64-i386-xend-winxpsp3                                blocked 
 test-amd64-amd64-xl-winxpsp3                                 blocked 


------------------------------------------------------------
sg-report-flight on woking.cam.xci-test.com
logs: /home/xc_osstest/logs
images: /home/xc_osstest/images

Logs, config files, etc. are available at
    http://www.chiark.greenend.org.uk/~xensrcts/logs

Test harness code can be found at
    http://xenbits.xensource.com/gitweb?p=osstest.git;a=summary


Not pushing.

(No revision log; it would be 556 lines long.)

^ permalink raw reply	[flat|nested] only message in thread

only message in thread, other threads:[~2013-10-01 18:00 UTC | newest]

Thread overview: (only message) (download: mbox.gz follow: Atom feed
-- links below jump to the message on this page --
2013-10-01 18:00 [linux-3.4 test] 19896: regressions - FAIL xen.org

This is a public inbox, see mirroring instructions
for how to clone and mirror all data and code used for this inbox;
as well as URLs for NNTP newsgroup(s).