xen-devel.lists.xenproject.org archive mirror
 help / color / mirror / Atom feed
* [linux-3.4 test] 20048: regressions - FAIL
@ 2013-10-02 17:30 xen.org
  0 siblings, 0 replies; only message in thread
From: xen.org @ 2013-10-02 17:30 UTC (permalink / raw)
  To: xen-devel; +Cc: ian.jackson

flight 20048 linux-3.4 real [real]
http://www.chiark.greenend.org.uk/~xensrcts/logs/20048/

Regressions :-(

Tests which did not succeed and are blocking,
including tests which could not be run:
 test-amd64-i386-xl            9 guest-start               fail REGR. vs. 19840
 test-amd64-i386-xl-win7-amd64  7 windows-install          fail REGR. vs. 19840
 test-amd64-amd64-xl-winxpsp3  7 windows-install           fail REGR. vs. 19840

Regressions which are regarded as allowable (not blocking):
 test-amd64-amd64-xl-qemuu-winxpsp3  7 windows-install          fail like 19840

Tests which did not succeed, but are not blocking:
 test-amd64-amd64-xl-pcipt-intel  9 guest-start                 fail never pass
 test-amd64-i386-xl-qemut-winxpsp3-vcpus1 13 guest-stop         fail never pass
 test-amd64-amd64-xl-win7-amd64 13 guest-stop                   fail never pass
 test-amd64-i386-xl-qemut-win7-amd64 13 guest-stop              fail never pass
 test-amd64-i386-xl-winxpsp3-vcpus1 13 guest-stop               fail never pass
 test-amd64-amd64-xl-qemuu-win7-amd64 13 guest-stop             fail never pass
 test-amd64-amd64-xl-qemut-win7-amd64 13 guest-stop             fail never pass
 test-amd64-i386-xend-qemut-winxpsp3 16 leak-check/check        fail never pass
 test-amd64-i386-xend-winxpsp3 16 leak-check/check             fail  never pass
 test-amd64-amd64-xl-qemut-winxpsp3  7 windows-install          fail never pass

version targeted for testing:
 linux                d4c162c56b4b9af4dda113f865c23ee48df20ad4
baseline version:
 linux                940d5466e08c41c44366d5ea4b36930d1dbd02c3

------------------------------------------------------------
People who touched revisions under test:
  Alex Deucher <alexander.deucher@amd.com>
  Andi Kleen <ak@linux.intel.com>
  Andrew Morton <akpm@linux-foundation.org>
  Arnaldo Carvalho de Melo <acme@redhat.com>
  Ben Hutchings <bhutchings@solarflare.com>
  Ben Skeggs <bskeggs@redhat.com>
  Benjamin Tissoires <benjamin.tissoires@gmail.com>
  Daisuke Nishimura <nishimura@mxp.nes.nec.co.jp>
  Daniel Santos <daniel.santos@pobox.com>
  Daniel Tobias <dan.g.tob@gmail.com>
  Dave Airlie <airlied@redhat.com>
  David Miller <davem@davemloft.net>
  David S. Miller <davem@davemloft.net>
  Eric Paris <eparis@redhat.com>
  Fabio Porcedda <fabio.porcedda@gmail.com>
  Greg Kroah-Hartman <gregkh@linuxfoundation.org>
  Ingo Molnar <mingo@kernel.org>
  Jiri Kosina <jkosina@suse.cz>
  John W. Linville <linville@tuxdriver.com>
  Kees Cook <keescook@chromium.org>
  Kirill A. Shutemov <kirill@shutemov.name>
  Li Zefan <lizefan@huawei.com>
  Lino Sanfilippo <LinoSanfilipp@gmx.de>
  Linus Torvalds <torvalds@linux-foundation.org>
  Oliver Neukum <oliver@neukum.org>
  Peter Zijlstra <a.p.zijlstra@chello.nl>
  Peter Zijlstra <peterz@infradead.org>
  Stanislaw Gruszka <sgruszka@redhat.com>
  Tejun Heo <tj@kernel.org>
------------------------------------------------------------

jobs:
 build-amd64                                                  pass    
 build-i386                                                   pass    
 build-amd64-pvops                                            pass    
 build-i386-pvops                                             pass    
 test-amd64-amd64-xl                                          pass    
 test-amd64-i386-xl                                           fail    
 test-amd64-i386-rhel6hvm-amd                                 pass    
 test-amd64-i386-qemut-rhel6hvm-amd                           pass    
 test-amd64-i386-qemuu-rhel6hvm-amd                           pass    
 test-amd64-amd64-xl-qemut-win7-amd64                         fail    
 test-amd64-i386-xl-qemut-win7-amd64                          fail    
 test-amd64-amd64-xl-qemuu-win7-amd64                         fail    
 test-amd64-amd64-xl-win7-amd64                               fail    
 test-amd64-i386-xl-win7-amd64                                fail    
 test-amd64-i386-xl-credit2                                   pass    
 test-amd64-amd64-xl-pcipt-intel                              fail    
 test-amd64-i386-rhel6hvm-intel                               pass    
 test-amd64-i386-qemut-rhel6hvm-intel                         pass    
 test-amd64-i386-qemuu-rhel6hvm-intel                         pass    
 test-amd64-i386-xl-multivcpu                                 pass    
 test-amd64-amd64-pair                                        pass    
 test-amd64-i386-pair                                         pass    
 test-amd64-amd64-xl-sedf-pin                                 pass    
 test-amd64-amd64-pv                                          pass    
 test-amd64-i386-pv                                           pass    
 test-amd64-amd64-xl-sedf                                     pass    
 test-amd64-i386-xl-qemut-winxpsp3-vcpus1                     fail    
 test-amd64-i386-xl-winxpsp3-vcpus1                           fail    
 test-amd64-i386-xend-qemut-winxpsp3                          fail    
 test-amd64-amd64-xl-qemut-winxpsp3                           fail    
 test-amd64-amd64-xl-qemuu-winxpsp3                           fail    
 test-amd64-i386-xend-winxpsp3                                fail    
 test-amd64-amd64-xl-winxpsp3                                 fail    


------------------------------------------------------------
sg-report-flight on woking.cam.xci-test.com
logs: /home/xc_osstest/logs
images: /home/xc_osstest/images

Logs, config files, etc. are available at
    http://www.chiark.greenend.org.uk/~xensrcts/logs

Test harness code can be found at
    http://xenbits.xensource.com/gitweb?p=osstest.git;a=summary


Not pushing.

(No revision log; it would be 556 lines long.)

^ permalink raw reply	[flat|nested] only message in thread

only message in thread, other threads:[~2013-10-02 17:30 UTC | newest]

Thread overview: (only message) (download: mbox.gz follow: Atom feed
-- links below jump to the message on this page --
2013-10-02 17:30 [linux-3.4 test] 20048: regressions - FAIL xen.org

This is a public inbox, see mirroring instructions
for how to clone and mirror all data and code used for this inbox;
as well as URLs for NNTP newsgroup(s).