From mboxrd@z Thu Jan 1 00:00:00 1970 From: xen.org Subject: [linux-3.4 test] 20048: regressions - FAIL Date: Wed, 2 Oct 2013 18:30:41 +0100 Message-ID: Mime-Version: 1.0 Content-Type: text/plain; charset="us-ascii" Content-Transfer-Encoding: 7bit Return-path: List-Unsubscribe: , List-Post: List-Help: List-Subscribe: , Sender: xen-devel-bounces@lists.xen.org Errors-To: xen-devel-bounces@lists.xen.org To: xen-devel@lists.xensource.com Cc: ian.jackson@eu.citrix.com List-Id: xen-devel@lists.xenproject.org flight 20048 linux-3.4 real [real] http://www.chiark.greenend.org.uk/~xensrcts/logs/20048/ Regressions :-( Tests which did not succeed and are blocking, including tests which could not be run: test-amd64-i386-xl 9 guest-start fail REGR. vs. 19840 test-amd64-i386-xl-win7-amd64 7 windows-install fail REGR. vs. 19840 test-amd64-amd64-xl-winxpsp3 7 windows-install fail REGR. vs. 19840 Regressions which are regarded as allowable (not blocking): test-amd64-amd64-xl-qemuu-winxpsp3 7 windows-install fail like 19840 Tests which did not succeed, but are not blocking: test-amd64-amd64-xl-pcipt-intel 9 guest-start fail never pass test-amd64-i386-xl-qemut-winxpsp3-vcpus1 13 guest-stop fail never pass test-amd64-amd64-xl-win7-amd64 13 guest-stop fail never pass test-amd64-i386-xl-qemut-win7-amd64 13 guest-stop fail never pass test-amd64-i386-xl-winxpsp3-vcpus1 13 guest-stop fail never pass test-amd64-amd64-xl-qemuu-win7-amd64 13 guest-stop fail never pass test-amd64-amd64-xl-qemut-win7-amd64 13 guest-stop fail never pass test-amd64-i386-xend-qemut-winxpsp3 16 leak-check/check fail never pass test-amd64-i386-xend-winxpsp3 16 leak-check/check fail never pass test-amd64-amd64-xl-qemut-winxpsp3 7 windows-install fail never pass version targeted for testing: linux d4c162c56b4b9af4dda113f865c23ee48df20ad4 baseline version: linux 940d5466e08c41c44366d5ea4b36930d1dbd02c3 ------------------------------------------------------------ People who touched revisions under test: Alex Deucher Andi Kleen Andrew Morton Arnaldo Carvalho de Melo Ben Hutchings Ben Skeggs Benjamin Tissoires Daisuke Nishimura Daniel Santos Daniel Tobias Dave Airlie David Miller David S. Miller Eric Paris Fabio Porcedda Greg Kroah-Hartman Ingo Molnar Jiri Kosina John W. Linville Kees Cook Kirill A. Shutemov Li Zefan Lino Sanfilippo Linus Torvalds Oliver Neukum Peter Zijlstra Peter Zijlstra Stanislaw Gruszka Tejun Heo ------------------------------------------------------------ jobs: build-amd64 pass build-i386 pass build-amd64-pvops pass build-i386-pvops pass test-amd64-amd64-xl pass test-amd64-i386-xl fail test-amd64-i386-rhel6hvm-amd pass test-amd64-i386-qemut-rhel6hvm-amd pass test-amd64-i386-qemuu-rhel6hvm-amd pass test-amd64-amd64-xl-qemut-win7-amd64 fail test-amd64-i386-xl-qemut-win7-amd64 fail test-amd64-amd64-xl-qemuu-win7-amd64 fail test-amd64-amd64-xl-win7-amd64 fail test-amd64-i386-xl-win7-amd64 fail test-amd64-i386-xl-credit2 pass test-amd64-amd64-xl-pcipt-intel fail test-amd64-i386-rhel6hvm-intel pass test-amd64-i386-qemut-rhel6hvm-intel pass test-amd64-i386-qemuu-rhel6hvm-intel pass test-amd64-i386-xl-multivcpu pass test-amd64-amd64-pair pass test-amd64-i386-pair pass test-amd64-amd64-xl-sedf-pin pass test-amd64-amd64-pv pass test-amd64-i386-pv pass test-amd64-amd64-xl-sedf pass test-amd64-i386-xl-qemut-winxpsp3-vcpus1 fail test-amd64-i386-xl-winxpsp3-vcpus1 fail test-amd64-i386-xend-qemut-winxpsp3 fail test-amd64-amd64-xl-qemut-winxpsp3 fail test-amd64-amd64-xl-qemuu-winxpsp3 fail test-amd64-i386-xend-winxpsp3 fail test-amd64-amd64-xl-winxpsp3 fail ------------------------------------------------------------ sg-report-flight on woking.cam.xci-test.com logs: /home/xc_osstest/logs images: /home/xc_osstest/images Logs, config files, etc. are available at http://www.chiark.greenend.org.uk/~xensrcts/logs Test harness code can be found at http://xenbits.xensource.com/gitweb?p=osstest.git;a=summary Not pushing. (No revision log; it would be 556 lines long.)