* [linux-3.4 test] 20059: tolerable FAIL - PUSHED
@ 2013-10-03 3:42 xen.org
0 siblings, 0 replies; only message in thread
From: xen.org @ 2013-10-03 3:42 UTC (permalink / raw)
To: xen-devel; +Cc: ian.jackson
flight 20059 linux-3.4 real [real]
http://www.chiark.greenend.org.uk/~xensrcts/logs/20059/
Failures :-/ but no regressions.
Tests which did not succeed, but are not blocking:
test-amd64-amd64-xl-pcipt-intel 9 guest-start fail never pass
test-amd64-i386-xl-qemut-winxpsp3-vcpus1 13 guest-stop fail never pass
test-amd64-amd64-xl-win7-amd64 13 guest-stop fail never pass
test-amd64-i386-xl-qemut-win7-amd64 13 guest-stop fail never pass
test-amd64-i386-xl-winxpsp3-vcpus1 13 guest-stop fail never pass
test-amd64-amd64-xl-qemuu-win7-amd64 13 guest-stop fail never pass
test-amd64-amd64-xl-qemut-win7-amd64 13 guest-stop fail never pass
test-amd64-i386-xend-qemut-winxpsp3 16 leak-check/check fail never pass
test-amd64-i386-xend-winxpsp3 16 leak-check/check fail never pass
test-amd64-i386-xl-win7-amd64 13 guest-stop fail never pass
test-amd64-amd64-xl-winxpsp3 13 guest-stop fail never pass
test-amd64-amd64-xl-qemuu-winxpsp3 13 guest-stop fail never pass
test-amd64-amd64-xl-qemut-winxpsp3 13 guest-stop fail never pass
version targeted for testing:
linux d4c162c56b4b9af4dda113f865c23ee48df20ad4
baseline version:
linux 940d5466e08c41c44366d5ea4b36930d1dbd02c3
------------------------------------------------------------
People who touched revisions under test:
Alex Deucher <alexander.deucher@amd.com>
Andi Kleen <ak@linux.intel.com>
Andrew Morton <akpm@linux-foundation.org>
Arnaldo Carvalho de Melo <acme@redhat.com>
Ben Hutchings <bhutchings@solarflare.com>
Ben Skeggs <bskeggs@redhat.com>
Benjamin Tissoires <benjamin.tissoires@gmail.com>
Daisuke Nishimura <nishimura@mxp.nes.nec.co.jp>
Daniel Santos <daniel.santos@pobox.com>
Daniel Tobias <dan.g.tob@gmail.com>
Dave Airlie <airlied@redhat.com>
David Miller <davem@davemloft.net>
David S. Miller <davem@davemloft.net>
Eric Paris <eparis@redhat.com>
Fabio Porcedda <fabio.porcedda@gmail.com>
Greg Kroah-Hartman <gregkh@linuxfoundation.org>
Ingo Molnar <mingo@kernel.org>
Jiri Kosina <jkosina@suse.cz>
John W. Linville <linville@tuxdriver.com>
Kees Cook <keescook@chromium.org>
Kirill A. Shutemov <kirill@shutemov.name>
Li Zefan <lizefan@huawei.com>
Lino Sanfilippo <LinoSanfilipp@gmx.de>
Linus Torvalds <torvalds@linux-foundation.org>
Oliver Neukum <oliver@neukum.org>
Peter Zijlstra <a.p.zijlstra@chello.nl>
Peter Zijlstra <peterz@infradead.org>
Stanislaw Gruszka <sgruszka@redhat.com>
Tejun Heo <tj@kernel.org>
------------------------------------------------------------
jobs:
build-amd64 pass
build-i386 pass
build-amd64-pvops pass
build-i386-pvops pass
test-amd64-amd64-xl pass
test-amd64-i386-xl pass
test-amd64-i386-rhel6hvm-amd pass
test-amd64-i386-qemut-rhel6hvm-amd pass
test-amd64-i386-qemuu-rhel6hvm-amd pass
test-amd64-amd64-xl-qemut-win7-amd64 fail
test-amd64-i386-xl-qemut-win7-amd64 fail
test-amd64-amd64-xl-qemuu-win7-amd64 fail
test-amd64-amd64-xl-win7-amd64 fail
test-amd64-i386-xl-win7-amd64 fail
test-amd64-i386-xl-credit2 pass
test-amd64-amd64-xl-pcipt-intel fail
test-amd64-i386-rhel6hvm-intel pass
test-amd64-i386-qemut-rhel6hvm-intel pass
test-amd64-i386-qemuu-rhel6hvm-intel pass
test-amd64-i386-xl-multivcpu pass
test-amd64-amd64-pair pass
test-amd64-i386-pair pass
test-amd64-amd64-xl-sedf-pin pass
test-amd64-amd64-pv pass
test-amd64-i386-pv pass
test-amd64-amd64-xl-sedf pass
test-amd64-i386-xl-qemut-winxpsp3-vcpus1 fail
test-amd64-i386-xl-winxpsp3-vcpus1 fail
test-amd64-i386-xend-qemut-winxpsp3 fail
test-amd64-amd64-xl-qemut-winxpsp3 fail
test-amd64-amd64-xl-qemuu-winxpsp3 fail
test-amd64-i386-xend-winxpsp3 fail
test-amd64-amd64-xl-winxpsp3 fail
------------------------------------------------------------
sg-report-flight on woking.cam.xci-test.com
logs: /home/xc_osstest/logs
images: /home/xc_osstest/images
Logs, config files, etc. are available at
http://www.chiark.greenend.org.uk/~xensrcts/logs
Test harness code can be found at
http://xenbits.xensource.com/gitweb?p=osstest.git;a=summary
Pushing revision :
+ branch=linux-3.4
+ revision=d4c162c56b4b9af4dda113f865c23ee48df20ad4
+ . cri-lock-repos
++ . cri-common
+++ . cri-getconfig
+++ umask 002
+++ getconfig Repos
+++ perl -e '
use Osstest;
readglobalconfig();
print $c{"Repos"} or die $!;
'
++ repos=/export/home/osstest/repos
++ repos_lock=/export/home/osstest/repos/lock
++ '[' x '!=' x/export/home/osstest/repos/lock ']'
++ OSSTEST_REPOS_LOCK_LOCKED=/export/home/osstest/repos/lock
++ exec with-lock-ex -w /export/home/osstest/repos/lock ./ap-push linux-3.4 d4c162c56b4b9af4dda113f865c23ee48df20ad4
+ branch=linux-3.4
+ revision=d4c162c56b4b9af4dda113f865c23ee48df20ad4
+ . cri-lock-repos
++ . cri-common
+++ . cri-getconfig
+++ umask 002
+++ getconfig Repos
+++ perl -e '
use Osstest;
readglobalconfig();
print $c{"Repos"} or die $!;
'
++ repos=/export/home/osstest/repos
++ repos_lock=/export/home/osstest/repos/lock
++ '[' x/export/home/osstest/repos/lock '!=' x/export/home/osstest/repos/lock ']'
+ . cri-common
++ . cri-getconfig
++ umask 002
+ select_xenbranch
+ case "$branch" in
+ tree=linux
+ xenbranch=xen-unstable
+ '[' xlinux = xlinux ']'
+ linuxbranch=linux-3.4
+ : tested/2.6.39.x
+ . ap-common
++ : osstest@xenbits.xensource.com
++ : git://xenbits.xen.org/xen.git
++ : osstest@xenbits.xensource.com:/home/xen/git/xen.git
++ : git://xenbits.xen.org/staging/qemu-xen-unstable.git
++ : git://git.kernel.org
++ : git://git.kernel.org/pub/scm/linux/kernel/git
++ : git
++ : git://xenbits.xen.org/osstest/linux-firmware.git
++ : osstest@xenbits.xensource.com:/home/osstest/ext/linux-firmware.git
++ : git://git.kernel.org/pub/scm/linux/kernel/git/firmware/linux-firmware.git
++ : osstest@xenbits.xensource.com:/home/xen/git/linux-pvops.git
++ : git://xenbits.xen.org/linux-pvops.git
++ : tested/linux-3.4
++ : tested/linux-arm-xen
++ '[' xgit://git.kernel.org/pub/scm/linux/kernel/git/stable/linux-stable.git = x ']'
++ '[' xgit://xenbits.xen.org/linux-pvops.git = x ']'
++ : git://git.kernel.org/pub/scm/linux/kernel/git/konrad/xen.git
++ : tested/2.6.39.x
++ : daily-cron.linux-3.4
++ : daily-cron.linux-3.4
++ : http://hg.uk.xensource.com/carbon/trunk/linux-2.6.27
++ : git://xenbits.xen.org/staging/qemu-upstream-unstable.git
++ : daily-cron.linux-3.4
+ TREE_LINUX=osstest@xenbits.xensource.com:/home/xen/git/linux-pvops.git
+ TREE_QEMU_UPSTREAM=osstest@xenbits.xensource.com:/home/xen/git/qemu-upstream-unstable.git
+ TREE_XEN=osstest@xenbits.xensource.com:/home/xen/git/xen.git
+ info_linux_tree linux-3.4
+ case $1 in
+ : git://git.kernel.org/pub/scm/linux/kernel/git/stable/linux-stable.git
+ : linux-3.4.y
+ : linux-3.4.y
+ : git
+ : git
+ : git://xenbits.xen.org/linux-pvops.git
+ : osstest@xenbits.xensource.com:/home/xen/git/linux-pvops.git
+ : tested/linux-3.4
+ : tested/linux-3.4
+ return 0
+ cd /export/home/osstest/repos/linux
+ git push osstest@xenbits.xensource.com:/home/xen/git/linux-pvops.git d4c162c56b4b9af4dda113f865c23ee48df20ad4:tested/linux-3.4
Counting objects: 1
Counting objects: 146
Counting objects: 196, done.
Compressing objects: 3% (1/30)
Compressing objects: 6% (2/30)
Compressing objects: 10% (3/30)
Compressing objects: 13% (4/30)
Compressing objects: 16% (5/30)
Compressing objects: 20% (6/30)
Compressing objects: 23% (7/30)
Compressing objects: 26% (8/30)
Compressing objects: 30% (9/30)
Compressing objects: 33% (10/30)
Compressing objects: 36% (11/30)
Compressing objects: 40% (12/30)
Compressing objects: 43% (13/30)
Compressing objects: 46% (14/30)
Compressing objects: 50% (15/30)
Compressing objects: 53% (16/30)
Compressing objects: 56% (17/30)
Compressing objects: 60% (18/30)
Compressing objects: 63% (19/30)
Compressing objects: 66% (20/30)
Compressing objects: 70% (21/30)
Compressing objects: 73% (22/30)
Compressing objects: 76% (23/30)
Compressing objects: 80% (24/30)
Compressing objects: 83% (25/30)
Compressing objects: 86% (26/30)
Compressing objects: 90% (27/30)
Compressing objects: 93% (28/30)
Compressing objects: 96% (29/30)
Compressing objects: 100% (30/30)
Compressing objects: 100% (30/30), done.
Writing objects: 0% (1/143)
Writing objects: 1% (2/143)
Writing objects: 2% (3/143)
Writing objects: 3% (5/143)
Writing objects: 4% (6/143)
Writing objects: 5% (8/143)
Writing objects: 6% (9/143)
Writing objects: 7% (11/143)
Writing objects: 8% (12/143)
Writing objects: 9% (13/143)
Writing objects: 10% (15/143)
Writing objects: 11% (16/143)
Writing objects: 12% (18/143)
Writing objects: 13% (19/143)
Writing objects: 14% (21/143)
Writing objects: 15% (22/143)
Writing objects: 16% (23/143)
Writing objects: 17% (25/143)
Writing objects: 18% (26/143)
Writing objects: 19% (28/143)
Writing objects: 20% (29/143)
Writing objects: 21% (31/143)
Writing objects: 22% (32/143)
Writing objects: 23% (33/143)
Writing objects: 24% (35/143)
Writing objects: 25% (36/143)
Writing objects: 26% (38/143)
Writing objects: 27% (39/143)
Writing objects: 28% (41/143)
Writing objects: 29% (42/143)
Writing objects: 30% (43/143)
Writing objects: 31% (45/143)
Writing objects: 32% (46/143)
Writing objects: 33% (48/143)
Writing objects: 34% (49/143)
Writing objects: 35% (51/143)
Writing objects: 36% (52/143)
Writing objects: 37% (53/143)
Writing objects: 38% (55/143)
Writing objects: 39% (56/143)
Writing objects: 40% (58/143)
Writing objects: 41% (59/143)
Writing objects: 42% (61/143)
Writing objects: 43% (62/143)
Writing objects: 44% (63/143)
Writing objects: 45% (65/143)
Writing objects: 46% (66/143)
Writing objects: 47% (68/143)
Writing objects: 48% (69/143)
Writing objects: 49% (71/143)
Writing objects: 50% (72/143)
Writing objects: 51% (73/143)
Writing objects: 52% (75/143)
Writing objects: 53% (76/143)
Writing objects: 54% (78/143)
Writing objects: 55% (79/143)
Writing objects: 56% (81/143)
Writing objects: 57% (82/143)
Writing objects: 58% (83/143)
Writing objects: 59% (85/143)
Writing objects: 60% (86/143)
Writing objects: 61% (88/143)
Writing objects: 62% (89/143)
Writing objects: 63% (91/143)
Writing objects: 64% (92/143)
Writing objects: 65% (93/143)
Writing objects: 66% (95/143)
Writing objects: 67% (96/143)
Writing objects: 68% (98/143)
Writing objects: 69% (99/143)
Writing objects: 70% (101/143)
Writing objects: 71% (102/143)
Writing objects: 72% (103/143)
Writing objects: 73% (105/143)
Writing objects: 74% (106/143)
Writing objects: 75% (108/143)
Writing objects: 76% (109/143)
Writing objects: 77% (111/143)
Writing objects: 78% (112/143)
Writing objects: 79% (113/143)
Writing objects: 80% (115/143)
Writing objects: 81% (116/143)
Writing objects: 82% (118/143)
Writing objects: 83% (119/143)
Writing objects: 84% (121/143)
Writing objects: 85% (122/143)
Writing objects: 86% (123/143)
Writing objects: 87% (125/143)
Writing objects: 88% (126/143)
Writing objects: 89% (128/143)
Writing objects: 90% (129/143)
Writing objects: 91% (131/143)
Writing objects: 92% (132/143)
Writing objects: 93% (133/143)
Writing objects: 94% (135/143)
Writing objects: 95% (136/143)
Writing objects: 96% (138/143)
Writing objects: 97% (139/143)
Writing objects: 98% (141/143)
Writing objects: 99% (142/143)
Writing objects: 100% (143/143)
Writing objects: 100% (143/143), 24.09 KiB, done.
Total 143 (delta 113), reused 143 (delta 113)
To osstest@xenbits.xensource.com:/home/xen/git/linux-pvops.git
940d546..d4c162c d4c162c56b4b9af4dda113f865c23ee48df20ad4 -> tested/linux-3.4
+ exit 0
^ permalink raw reply [flat|nested] only message in thread
only message in thread, other threads:[~2013-10-03 3:42 UTC | newest]
Thread overview: (only message) (download: mbox.gz follow: Atom feed
-- links below jump to the message on this page --
2013-10-03 3:42 [linux-3.4 test] 20059: tolerable FAIL - PUSHED xen.org
This is a public inbox, see mirroring instructions
for how to clone and mirror all data and code used for this inbox;
as well as URLs for NNTP newsgroup(s).