* [xen-unstable test] 20083: tolerable trouble: broken/fail/pass - PUSHED
@ 2013-10-04 11:57 xen.org
0 siblings, 0 replies; only message in thread
From: xen.org @ 2013-10-04 11:57 UTC (permalink / raw)
To: xen-devel; +Cc: ian.jackson
flight 20083 xen-unstable real [real]
http://www.chiark.greenend.org.uk/~xensrcts/logs/20083/
Failures :-/ but no regressions.
Tests which are failing intermittently (not blocking):
test-amd64-amd64-xl-sedf-pin 14 guest-localmigrate/x10 fail pass in 20082
test-amd64-i386-pv 14 guest-localmigrate/x10 fail pass in 20082
test-amd64-amd64-xl-win7-amd64 8 guest-saverestore fail pass in 20082
test-amd64-amd64-xl-qemut-win7-amd64 7 windows-install fail in 20082 pass in 20083
Tests which did not succeed, but are not blocking:
test-amd64-amd64-xl-pcipt-intel 9 guest-start fail never pass
test-armhf-armhf-xl 3 host-install(3) broken never pass
test-amd64-i386-xend-winxpsp3 16 leak-check/check fail never pass
test-amd64-amd64-xl-qemuu-winxpsp3 13 guest-stop fail never pass
test-amd64-amd64-xl-qemuu-win7-amd64 13 guest-stop fail never pass
test-amd64-i386-xl-qemut-win7-amd64 13 guest-stop fail never pass
test-amd64-amd64-xl-qemut-winxpsp3 13 guest-stop fail never pass
test-amd64-i386-xl-win7-amd64 13 guest-stop fail never pass
test-amd64-amd64-xl-winxpsp3 13 guest-stop fail never pass
test-amd64-i386-xl-winxpsp3-vcpus1 13 guest-stop fail never pass
test-amd64-i386-xl-qemut-winxpsp3-vcpus1 13 guest-stop fail never pass
test-amd64-i386-xend-qemut-winxpsp3 16 leak-check/check fail never pass
test-amd64-amd64-xl-qemut-win7-amd64 13 guest-stop fail never pass
test-amd64-amd64-xl-win7-amd64 13 guest-stop fail in 20082 never pass
version targeted for testing:
xen 1e143e2ae8be3ba86c2e931a1ee8d91efca08f89
baseline version:
xen ca145fe70bad3a25ad54c6ded1ef237e45a2311e
------------------------------------------------------------
People who touched revisions under test:
Dario Faggioli <dario.faggioli@citrix.com>
Ian Campbell <ian.campbell@citrix.com>
Julien Grall <julien.grall@linaro.org>
Matthew Daley <mattjd@gmail.com>
Olaf Hering <olaf@aepfle.de>
Stefano Stabellini <stefano.stabellini@eu.citrix.com>
Tim Deegan <tim@xen.org>
Zhu Yanhai <gaoyang.zyh@taobao.com>
------------------------------------------------------------
jobs:
build-amd64 pass
build-armhf pass
build-i386 pass
build-amd64-oldkern pass
build-i386-oldkern pass
build-amd64-pvops pass
build-armhf-pvops pass
build-i386-pvops pass
test-amd64-amd64-xl pass
test-armhf-armhf-xl broken
test-amd64-i386-xl pass
test-amd64-i386-rhel6hvm-amd pass
test-amd64-i386-qemut-rhel6hvm-amd pass
test-amd64-i386-qemuu-rhel6hvm-amd pass
test-amd64-amd64-xl-qemut-win7-amd64 fail
test-amd64-i386-xl-qemut-win7-amd64 fail
test-amd64-amd64-xl-qemuu-win7-amd64 fail
test-amd64-amd64-xl-win7-amd64 fail
test-amd64-i386-xl-win7-amd64 fail
test-amd64-i386-xl-credit2 pass
test-amd64-amd64-xl-pcipt-intel fail
test-amd64-i386-rhel6hvm-intel pass
test-amd64-i386-qemut-rhel6hvm-intel pass
test-amd64-i386-qemuu-rhel6hvm-intel pass
test-amd64-i386-xl-multivcpu pass
test-amd64-amd64-pair pass
test-amd64-i386-pair pass
test-amd64-amd64-xl-sedf-pin fail
test-amd64-amd64-pv pass
test-amd64-i386-pv fail
test-amd64-amd64-xl-sedf pass
test-amd64-i386-xl-qemut-winxpsp3-vcpus1 fail
test-amd64-i386-xl-winxpsp3-vcpus1 fail
test-amd64-i386-xend-qemut-winxpsp3 fail
test-amd64-amd64-xl-qemut-winxpsp3 fail
test-amd64-amd64-xl-qemuu-winxpsp3 fail
test-amd64-i386-xend-winxpsp3 fail
test-amd64-amd64-xl-winxpsp3 fail
------------------------------------------------------------
sg-report-flight on woking.cam.xci-test.com
logs: /home/xc_osstest/logs
images: /home/xc_osstest/images
Logs, config files, etc. are available at
http://www.chiark.greenend.org.uk/~xensrcts/logs
Test harness code can be found at
http://xenbits.xensource.com/gitweb?p=osstest.git;a=summary
Pushing revision :
+ branch=xen-unstable
+ revision=1e143e2ae8be3ba86c2e931a1ee8d91efca08f89
+ . cri-lock-repos
++ . cri-common
+++ . cri-getconfig
+++ umask 002
+++ getconfig Repos
+++ perl -e '
use Osstest;
readglobalconfig();
print $c{"Repos"} or die $!;
'
++ repos=/export/home/osstest/repos
++ repos_lock=/export/home/osstest/repos/lock
++ '[' x '!=' x/export/home/osstest/repos/lock ']'
++ OSSTEST_REPOS_LOCK_LOCKED=/export/home/osstest/repos/lock
++ exec with-lock-ex -w /export/home/osstest/repos/lock ./ap-push xen-unstable 1e143e2ae8be3ba86c2e931a1ee8d91efca08f89
+ branch=xen-unstable
+ revision=1e143e2ae8be3ba86c2e931a1ee8d91efca08f89
+ . cri-lock-repos
++ . cri-common
+++ . cri-getconfig
+++ umask 002
+++ getconfig Repos
+++ perl -e '
use Osstest;
readglobalconfig();
print $c{"Repos"} or die $!;
'
++ repos=/export/home/osstest/repos
++ repos_lock=/export/home/osstest/repos/lock
++ '[' x/export/home/osstest/repos/lock '!=' x/export/home/osstest/repos/lock ']'
+ . cri-common
++ . cri-getconfig
++ umask 002
+ select_xenbranch
+ case "$branch" in
+ tree=xen
+ xenbranch=xen-unstable
+ '[' xxen = xlinux ']'
+ linuxbranch=
+ : tested/2.6.39.x
+ . ap-common
++ : osstest@xenbits.xensource.com
++ : git://xenbits.xen.org/xen.git
++ : osstest@xenbits.xensource.com:/home/xen/git/xen.git
++ : git://xenbits.xen.org/staging/qemu-xen-unstable.git
++ : git://git.kernel.org
++ : git://git.kernel.org/pub/scm/linux/kernel/git
++ : git
++ : git://xenbits.xen.org/osstest/linux-firmware.git
++ : osstest@xenbits.xensource.com:/home/osstest/ext/linux-firmware.git
++ : git://git.kernel.org/pub/scm/linux/kernel/git/firmware/linux-firmware.git
++ : osstest@xenbits.xensource.com:/home/xen/git/linux-pvops.git
++ : git://xenbits.xen.org/linux-pvops.git
++ : tested/linux-3.4
++ : tested/linux-arm-xen
++ '[' xgit://xenbits.xen.org/linux-pvops.git = x ']'
++ '[' x = x ']'
++ : git://xenbits.xen.org/linux-pvops.git
++ : tested/linux-arm-xen
++ : git://git.kernel.org/pub/scm/linux/kernel/git/konrad/xen.git
++ : tested/2.6.39.x
++ : daily-cron.xen-unstable
++ : daily-cron.xen-unstable
++ : http://hg.uk.xensource.com/carbon/trunk/linux-2.6.27
++ : git://xenbits.xen.org/staging/qemu-upstream-unstable.git
++ : daily-cron.xen-unstable
+ TREE_LINUX=osstest@xenbits.xensource.com:/home/xen/git/linux-pvops.git
+ TREE_QEMU_UPSTREAM=osstest@xenbits.xensource.com:/home/xen/git/qemu-upstream-unstable.git
+ TREE_XEN=osstest@xenbits.xensource.com:/home/xen/git/xen.git
+ info_linux_tree xen-unstable
+ case $1 in
+ return 1
+ case "$branch" in
+ cd /export/home/osstest/repos/xen
+ git push osstest@xenbits.xensource.com:/home/xen/git/xen.git 1e143e2ae8be3ba86c2e931a1ee8d91efca08f89:master
Counting objects: 1
Counting objects: 3
Counting objects: 6
Counting objects: 12
Counting objects: 32
Counting objects: 53
Counting objects: 66, done.
Compressing objects: 7% (1/14)
Compressing objects: 14% (2/14)
Compressing objects: 21% (3/14)
Compressing objects: 28% (4/14)
Compressing objects: 35% (5/14)
Compressing objects: 42% (6/14)
Compressing objects: 50% (7/14)
Compressing objects: 57% (8/14)
Compressing objects: 64% (9/14)
Compressing objects: 71% (10/14)
Compressing objects: 78% (11/14)
Compressing objects: 85% (12/14)
Compressing objects: 92% (13/14)
Compressing objects: 100% (14/14)
Compressing objects: 100% (14/14), done.
Writing objects: 2% (1/46)
Writing objects: 4% (2/46)
Writing objects: 6% (3/46)
Writing objects: 8% (4/46)
Writing objects: 10% (5/46)
Writing objects: 13% (6/46)
Writing objects: 15% (7/46)
Writing objects: 17% (8/46)
Writing objects: 21% (10/46)
Writing objects: 26% (12/46)
Writing objects: 28% (13/46)
Writing objects: 30% (14/46)
Writing objects: 34% (16/46)
Writing objects: 36% (17/46)
Writing objects: 39% (18/46)
Writing objects: 41% (19/46)
Writing objects: 43% (20/46)
Writing objects: 45% (21/46)
Writing objects: 47% (22/46)
Writing objects: 50% (23/46)
Writing objects: 52% (24/46)
Writing objects: 54% (25/46)
Writing objects: 56% (26/46)
Writing objects: 58% (27/46)
Writing objects: 60% (28/46)
Writing objects: 63% (29/46)
Writing objects: 65% (30/46)
Writing objects: 67% (31/46)
Writing objects: 69% (32/46)
Writing objects: 71% (33/46)
Writing objects: 73% (34/46)
Writing objects: 76% (35/46)
Writing objects: 78% (36/46)
Writing objects: 80% (37/46)
Writing objects: 82% (38/46)
Writing objects: 84% (39/46)
Writing objects: 86% (40/46)
Writing objects: 89% (41/46)
Writing objects: 91% (42/46)
Writing objects: 93% (43/46)
Writing objects: 95% (44/46)
Writing objects: 97% (45/46)
Writing objects: 100% (46/46)
Writing objects: 100% (46/46), 5.26 KiB, done.
Total 46 (delta 35), reused 43 (delta 32)
To osstest@xenbits.xensource.com:/home/xen/git/xen.git
ca145fe..1e143e2 1e143e2ae8be3ba86c2e931a1ee8d91efca08f89 -> master
^ permalink raw reply [flat|nested] only message in thread
only message in thread, other threads:[~2013-10-04 11:57 UTC | newest]
Thread overview: (only message) (download: mbox.gz follow: Atom feed
-- links below jump to the message on this page --
2013-10-04 11:57 [xen-unstable test] 20083: tolerable trouble: broken/fail/pass - PUSHED xen.org
This is a public inbox, see mirroring instructions
for how to clone and mirror all data and code used for this inbox;
as well as URLs for NNTP newsgroup(s).