From: xen.org <ian.jackson@eu.citrix.com>
To: xen-devel@lists.xensource.com
Cc: ian.jackson@eu.citrix.com
Subject: [linux-3.4 test] 20091: tolerable FAIL - PUSHED
Date: Sun, 6 Oct 2013 02:27:09 +0100 [thread overview]
Message-ID: <osstest-20091-mainreport@xen.org> (raw)
flight 20091 linux-3.4 real [real]
http://www.chiark.greenend.org.uk/~xensrcts/logs/20091/
Failures :-/ but no regressions.
Regressions which are regarded as allowable (not blocking):
test-amd64-amd64-xl-winxpsp3 7 windows-install fail like 20048
test-amd64-amd64-xl-qemut-winxpsp3 7 windows-install fail like 20048
Tests which did not succeed, but are not blocking:
test-amd64-amd64-xl-pcipt-intel 9 guest-start fail never pass
test-amd64-i386-xl-qemut-winxpsp3-vcpus1 13 guest-stop fail never pass
test-amd64-amd64-xl-win7-amd64 13 guest-stop fail never pass
test-amd64-i386-xl-qemut-win7-amd64 13 guest-stop fail never pass
test-amd64-i386-xl-winxpsp3-vcpus1 13 guest-stop fail never pass
test-amd64-amd64-xl-qemuu-win7-amd64 13 guest-stop fail never pass
test-amd64-amd64-xl-qemut-win7-amd64 13 guest-stop fail never pass
test-amd64-i386-xend-qemut-winxpsp3 16 leak-check/check fail never pass
test-amd64-i386-xend-winxpsp3 16 leak-check/check fail never pass
test-amd64-i386-xl-win7-amd64 13 guest-stop fail never pass
test-amd64-amd64-xl-qemuu-winxpsp3 13 guest-stop fail never pass
version targeted for testing:
linux 5602328b0d66cd6c5ef0dd7be081fd779c49c27e
baseline version:
linux d4c162c56b4b9af4dda113f865c23ee48df20ad4
------------------------------------------------------------
People who touched revisions under test:
Alan Stern <stern@rowland.harvard.edu>
Alasdair G Kergon <agk@redhat.com>
Alex Deucher <alexander.deucher@amd.com>
Andrew Morton <akpm@linux-foundation.org>
Daniel Vetter <daniel.vetter@ffwll.ch>
Darren Hart <dvhart@linux.intel.com>
David Rientjes <rientjes@google.com>
Florian Wolter <wolly84@web.de>
Greg Kroah-Hartman <gregkh@linuxfoundation.org>
Guenter Roeck <linux@roeck-us.net>
Henrik Rydberg <rydberg@euromail.se>
Ingo Molnar <mingo@kernel.org>
Jani Nikula <jani.nikula@intel.com>
Jiri Kosina <jkosina@suse.cz>
Johannes Weiner <hannes@cmpxchg.org>
Josh Boyer <jwboyer@redhat.com>
KAMEZAWA Hiroyuki <kamezawa.hiroyu@jp.fujitsu.com>
Kees Cook <keescook@chromium.org>
Kurt Garloff <kurt@garloff.de>
Liam Girdwood <liam.r.girdwood@linux.intel.com>
Linus Torvalds <torvalds@linux-foundation.org>
Malcolm Priestley <tvboxspy@gmail.com>
Masoud Sharbiani <msharbiani@twitter.com>
Mathias Nyman <mathias.nyman@linux.intel.com>
Matt Fleming <matt.fleming@intel.com>
Michal Hocko <mhocko@suse.cz>
Mike Snitzer <snitzer@redhat.com>
Mikulas Patocka <mpatocka@redhat.com>
Nicolas Suzor <nic@suzor.com>
Qiang Huang <h.huangqiang@huawei.com>
Sarah Sharp <sarah.a.sharp@linux.intel.com>
Takashi Iwai <tiwai@suse.de>
Tom Zanussi <tom.zanussi@intel.com>
Vinod Koul <vinod.koul@intel.com>
Vinson Lee <vlee@twitter.com>
------------------------------------------------------------
jobs:
build-amd64 pass
build-i386 pass
build-amd64-pvops pass
build-i386-pvops pass
test-amd64-amd64-xl pass
test-amd64-i386-xl pass
test-amd64-i386-rhel6hvm-amd pass
test-amd64-i386-qemut-rhel6hvm-amd pass
test-amd64-i386-qemuu-rhel6hvm-amd pass
test-amd64-amd64-xl-qemut-win7-amd64 fail
test-amd64-i386-xl-qemut-win7-amd64 fail
test-amd64-amd64-xl-qemuu-win7-amd64 fail
test-amd64-amd64-xl-win7-amd64 fail
test-amd64-i386-xl-win7-amd64 fail
test-amd64-i386-xl-credit2 pass
test-amd64-amd64-xl-pcipt-intel fail
test-amd64-i386-rhel6hvm-intel pass
test-amd64-i386-qemut-rhel6hvm-intel pass
test-amd64-i386-qemuu-rhel6hvm-intel pass
test-amd64-i386-xl-multivcpu pass
test-amd64-amd64-pair pass
test-amd64-i386-pair pass
test-amd64-amd64-xl-sedf-pin pass
test-amd64-amd64-pv pass
test-amd64-i386-pv pass
test-amd64-amd64-xl-sedf pass
test-amd64-i386-xl-qemut-winxpsp3-vcpus1 fail
test-amd64-i386-xl-winxpsp3-vcpus1 fail
test-amd64-i386-xend-qemut-winxpsp3 fail
test-amd64-amd64-xl-qemut-winxpsp3 fail
test-amd64-amd64-xl-qemuu-winxpsp3 fail
test-amd64-i386-xend-winxpsp3 fail
test-amd64-amd64-xl-winxpsp3 fail
------------------------------------------------------------
sg-report-flight on woking.cam.xci-test.com
logs: /home/xc_osstest/logs
images: /home/xc_osstest/images
Logs, config files, etc. are available at
http://www.chiark.greenend.org.uk/~xensrcts/logs
Test harness code can be found at
http://xenbits.xensource.com/gitweb?p=osstest.git;a=summary
Pushing revision :
+ branch=linux-3.4
+ revision=5602328b0d66cd6c5ef0dd7be081fd779c49c27e
+ . cri-lock-repos
++ . cri-common
+++ . cri-getconfig
+++ umask 002
+++ getconfig Repos
+++ perl -e '
use Osstest;
readglobalconfig();
print $c{"Repos"} or die $!;
'
++ repos=/export/home/osstest/repos
++ repos_lock=/export/home/osstest/repos/lock
++ '[' x '!=' x/export/home/osstest/repos/lock ']'
++ OSSTEST_REPOS_LOCK_LOCKED=/export/home/osstest/repos/lock
++ exec with-lock-ex -w /export/home/osstest/repos/lock ./ap-push linux-3.4 5602328b0d66cd6c5ef0dd7be081fd779c49c27e
+ branch=linux-3.4
+ revision=5602328b0d66cd6c5ef0dd7be081fd779c49c27e
+ . cri-lock-repos
++ . cri-common
+++ . cri-getconfig
+++ umask 002
+++ getconfig Repos
+++ perl -e '
use Osstest;
readglobalconfig();
print $c{"Repos"} or die $!;
'
++ repos=/export/home/osstest/repos
++ repos_lock=/export/home/osstest/repos/lock
++ '[' x/export/home/osstest/repos/lock '!=' x/export/home/osstest/repos/lock ']'
+ . cri-common
++ . cri-getconfig
++ umask 002
+ select_xenbranch
+ case "$branch" in
+ tree=linux
+ xenbranch=xen-unstable
+ '[' xlinux = xlinux ']'
+ linuxbranch=linux-3.4
+ : tested/2.6.39.x
+ . ap-common
++ : osstest@xenbits.xensource.com
++ : git://xenbits.xen.org/xen.git
++ : osstest@xenbits.xensource.com:/home/xen/git/xen.git
++ : git://xenbits.xen.org/staging/qemu-xen-unstable.git
++ : git://git.kernel.org
++ : git://git.kernel.org/pub/scm/linux/kernel/git
++ : git
++ : git://xenbits.xen.org/osstest/linux-firmware.git
++ : osstest@xenbits.xensource.com:/home/osstest/ext/linux-firmware.git
++ : git://git.kernel.org/pub/scm/linux/kernel/git/firmware/linux-firmware.git
++ : osstest@xenbits.xensource.com:/home/xen/git/linux-pvops.git
++ : git://xenbits.xen.org/linux-pvops.git
++ : tested/linux-3.4
++ : tested/linux-arm-xen
++ '[' xgit://git.kernel.org/pub/scm/linux/kernel/git/stable/linux-stable.git = x ']'
++ '[' xgit://xenbits.xen.org/linux-pvops.git = x ']'
++ : git://git.kernel.org/pub/scm/linux/kernel/git/konrad/xen.git
++ : tested/2.6.39.x
++ : daily-cron.linux-3.4
++ : daily-cron.linux-3.4
++ : http://hg.uk.xensource.com/carbon/trunk/linux-2.6.27
++ : git://xenbits.xen.org/staging/qemu-upstream-unstable.git
++ : daily-cron.linux-3.4
+ TREE_LINUX=osstest@xenbits.xensource.com:/home/xen/git/linux-pvops.git
+ TREE_QEMU_UPSTREAM=osstest@xenbits.xensource.com:/home/xen/git/qemu-upstream-unstable.git
+ TREE_XEN=osstest@xenbits.xensource.com:/home/xen/git/xen.git
+ info_linux_tree linux-3.4
+ case $1 in
+ : git://git.kernel.org/pub/scm/linux/kernel/git/stable/linux-stable.git
+ : linux-3.4.y
+ : linux-3.4.y
+ : git
+ : git
+ : git://xenbits.xen.org/linux-pvops.git
+ : osstest@xenbits.xensource.com:/home/xen/git/linux-pvops.git
+ : tested/linux-3.4
+ : tested/linux-3.4
+ return 0
+ cd /export/home/osstest/repos/linux
+ git push osstest@xenbits.xensource.com:/home/xen/git/linux-pvops.git 5602328b0d66cd6c5ef0dd7be081fd779c49c27e:tested/linux-3.4
Counting objects: 1
Counting objects: 137, done.
Compressing objects: 4% (1/21)
Compressing objects: 9% (2/21)
Compressing objects: 14% (3/21)
Compressing objects: 19% (4/21)
Compressing objects: 23% (5/21)
Compressing objects: 28% (6/21)
Compressing objects: 33% (7/21)
Compressing objects: 38% (8/21)
Compressing objects: 42% (9/21)
Compressing objects: 47% (10/21)
Compressing objects: 52% (11/21)
Compressing objects: 57% (12/21)
Compressing objects: 61% (13/21)
Compressing objects: 66% (14/21)
Compressing objects: 71% (15/21)
Compressing objects: 76% (16/21)
Compressing objects: 80% (17/21)
Compressing objects: 85% (18/21)
Compressing objects: 90% (19/21)
Compressing objects: 95% (20/21)
Compressing objects: 100% (21/21)
Compressing objects: 100% (21/21), done.
Writing objects: 1% (1/95)
Writing objects: 2% (2/95)
Writing objects: 3% (3/95)
Writing objects: 4% (4/95)
Writing objects: 5% (5/95)
Writing objects: 6% (6/95)
Writing objects: 7% (7/95)
Writing objects: 8% (8/95)
Writing objects: 9% (9/95)
Writing objects: 10% (10/95)
Writing objects: 11% (11/95)
Writing objects: 12% (12/95)
Writing objects: 13% (13/95)
Writing objects: 14% (14/95)
Writing objects: 15% (15/95)
Writing objects: 16% (16/95)
Writing objects: 17% (17/95)
Writing objects: 18% (18/95)
Writing objects: 20% (19/95)
Writing objects: 21% (20/95)
Writing objects: 22% (21/95)
Writing objects: 23% (22/95)
Writing objects: 24% (23/95)
Writing objects: 25% (24/95)
Writing objects: 26% (25/95)
Writing objects: 27% (26/95)
Writing objects: 28% (27/95)
Writing objects: 29% (28/95)
Writing objects: 30% (29/95)
Writing objects: 31% (30/95)
Writing objects: 32% (31/95)
Writing objects: 33% (32/95)
Writing objects: 34% (33/95)
Writing objects: 35% (34/95)
Writing objects: 36% (35/95)
Writing objects: 37% (36/95)
Writing objects: 38% (37/95)
Writing objects: 40% (38/95)
Writing objects: 41% (39/95)
Writing objects: 42% (40/95)
Writing objects: 43% (41/95)
Writing objects: 44% (42/95)
Writing objects: 45% (43/95)
Writing objects: 46% (44/95)
Writing objects: 47% (45/95)
Writing objects: 48% (46/95)
Writing objects: 49% (47/95)
Writing objects: 50% (48/95)
Writing objects: 51% (49/95)
Writing objects: 52% (50/95)
Writing objects: 53% (51/95)
Writing objects: 54% (52/95)
Writing objects: 55% (53/95)
Writing objects: 56% (54/95)
Writing objects: 57% (55/95)
Writing objects: 58% (56/95)
Writing objects: 60% (57/95)
Writing objects: 61% (58/95)
Writing objects: 62% (59/95)
Writing objects: 63% (60/95)
Writing objects: 64% (61/95)
Writing objects: 65% (62/95)
Writing objects: 66% (63/95)
Writing objects: 67% (64/95)
Writing objects: 68% (65/95)
Writing objects: 69% (66/95)
Writing objects: 70% (67/95)
Writing objects: 71% (68/95)
Writing objects: 72% (69/95)
Writing objects: 73% (70/95)
Writing objects: 74% (71/95)
Writing objects: 75% (72/95)
Writing objects: 76% (73/95)
Writing objects: 77% (74/95)
Writing objects: 78% (75/95)
Writing objects: 80% (76/95)
Writing objects: 81% (77/95)
Writing objects: 82% (78/95)
Writing objects: 83% (79/95)
Writing objects: 84% (80/95)
Writing objects: 85% (81/95)
Writing objects: 86% (82/95)
Writing objects: 87% (83/95)
Writing objects: 88% (84/95)
Writing objects: 89% (85/95)
Writing objects: 90% (86/95)
Writing objects: 91% (87/95)
Writing objects: 92% (88/95)
Writing objects: 93% (89/95)
Writing objects: 94% (90/95)
Writing objects: 95% (91/95)
Writing objects: 96% (92/95)
Writing objects: 97% (93/95)
Writing objects: 98% (94/95)
Writing objects: 100% (95/95)
Writing objects: 100% (95/95), 17.91 KiB, done.
Total 95 (delta 77), reused 79 (delta 74)
To osstest@xenbits.xensource.com:/home/xen/git/linux-pvops.git
d4c162c..5602328 5602328b0d66cd6c5ef0dd7be081fd779c49c27e -> tested/linux-3.4
+ exit 0
reply other threads:[~2013-10-06 1:27 UTC|newest]
Thread overview: [no followups] expand[flat|nested] mbox.gz Atom feed
Reply instructions:
You may reply publicly to this message via plain-text email
using any one of the following methods:
* Save the following mbox file, import it into your mail client,
and reply-to-all from there: mbox
Avoid top-posting and favor interleaved quoting:
https://en.wikipedia.org/wiki/Posting_style#Interleaved_style
* Reply using the --to, --cc, and --in-reply-to
switches of git-send-email(1):
git send-email \
--in-reply-to=osstest-20091-mainreport@xen.org \
--to=ian.jackson@eu.citrix.com \
--cc=xen-devel@lists.xensource.com \
/path/to/YOUR_REPLY
https://kernel.org/pub/software/scm/git/docs/git-send-email.html
* If your mail client supports setting the In-Reply-To header
via mailto: links, try the mailto: link
Be sure your reply has a Subject: header at the top and a blank line
before the message body.
This is a public inbox, see mirroring instructions
for how to clone and mirror all data and code used for this inbox;
as well as URLs for NNTP newsgroup(s).