xen-devel.lists.xenproject.org archive mirror
 help / color / mirror / Atom feed
* [linux-3.10 test] 20857: regressions - FAIL
@ 2013-10-14  9:45 xen.org
  0 siblings, 0 replies; only message in thread
From: xen.org @ 2013-10-14  9:45 UTC (permalink / raw)
  To: xen-devel; +Cc: ian.jackson

[-- Attachment #1: Type: text/plain, Size: 9493 bytes --]

flight 20857 linux-3.10 real [real]
http://www.chiark.greenend.org.uk/~xensrcts/logs/20857/

Regressions :-(

Tests which did not succeed and are blocking,
including tests which could not be run:
 test-amd64-i386-qemut-rhel6hvm-amd  5 xen-boot            fail REGR. vs. 20093

Regressions which are regarded as allowable (not blocking):
 test-amd64-i386-rhel6hvm-amd  7 redhat-install               fail   like 20090
 test-amd64-i386-qemuu-rhel6hvm-amd  7 redhat-install           fail like 20090
 test-amd64-i386-xl-multivcpu  7 debian-install               fail   like 20093

Tests which did not succeed, but are not blocking:
 test-amd64-amd64-xl-pcipt-intel  9 guest-start                 fail never pass
 test-amd64-i386-xl-win7-amd64 13 guest-stop                   fail  never pass
 test-amd64-i386-xl-qemut-win7-amd64 13 guest-stop              fail never pass
 test-amd64-amd64-xl-qemut-win7-amd64 13 guest-stop             fail never pass
 test-amd64-i386-xl-qemut-winxpsp3-vcpus1 13 guest-stop         fail never pass
 test-amd64-amd64-xl-win7-amd64 13 guest-stop                   fail never pass
 test-amd64-amd64-xl-qemuu-win7-amd64 13 guest-stop             fail never pass
 test-amd64-amd64-xl-winxpsp3 13 guest-stop                   fail   never pass
 test-amd64-i386-xl-winxpsp3-vcpus1 13 guest-stop               fail never pass
 test-amd64-i386-xend-winxpsp3 16 leak-check/check             fail  never pass
 test-amd64-i386-xend-qemut-winxpsp3 16 leak-check/check        fail never pass
 test-amd64-amd64-xl-qemuu-winxpsp3 13 guest-stop               fail never pass
 test-amd64-amd64-xl-qemut-winxpsp3  7 windows-install          fail never pass

version targeted for testing:
 linux                7fc878164dd8bc7812eb774e728f2cc1ffe905ed
baseline version:
 linux                cac65253a9c5a30d4c8d7bc4c60197935f9e2e70

------------------------------------------------------------
People who touched revisions under test:
  "Eric W. Biederman" <ebiederm@xmission.com>
  Aaro Koskinen <aaro.koskinen@iki.fi>
  Alexander Duyck <alexander.h.duyck@intel.com>
  Amitkumar Karwar <akarwar@marvell.com>
  Andre Guedes <andre.guedes@openbossa.org>
  Andrew Morton <akpm@linux-foundation.org>
  Ansis Atteka <aatteka@nicira.com>
  Anton Blanchard <anton@samba.org>
  Arend van Spriel <arend@broadcom.com>
  Ben Myers <bpm@sgi.com>
  Ben Skeggs <bskeggs@redhat.com>
  Benjamin Herrenschmidt <benh@kernel.crashing.org>
  Bing Zhao <bzhao@marvell.com>
  Bjørn Mork <bjorn@mork.no>
  Catalin(ux) M. BOIE <catab@embedromix.ro>
  Chris Healy <cphealy@gmail.com>
  Chris Mason <chris.mason@fusionio.com>
  Chris Metcalf <cmetcalf@tilera.com>
  Christian Lamparter <chunkeey@googlemail.com>
  Dan Aloni <alonid@stratoscale.com>
  Dan Carpenter <dan.carpenter@oracle.com>
  Daniel Borkmann <dborkman@redhat.com>
  Daniel Drake <dsd@laptop.org>
  Darrick J. Wong <darrick.wong@oracle.com>
  Dave Jones <davej@fedoraproject.org>
  David Herrmann <dh.herrmann@gmail.com>
  David R <david@unsolicited.net>
  David Rientjes <rientjes@google.com>
  David S. Miller <davem@davemloft.net>
  David Vrabel <david.vrabel@citrix.com>
  Ding Zhi <zhi.ding@6wind.com>
  Dmitry Khromov <icechrome@gmail.com>
  Duan Jiong <duanj.fnst@cn.fujitsu.com>
  Eric Dumazet <edumazet@google.com>
  Fengguang Wu <fengguang.wu@intel.com>
  Francois Romieu <romieu@fr.zoreil.com>
  Frederic Weisbecker <fweisbec@gmail.com>
  Frédéric Leroy <fredo@starox.org>
  Gabor Juhos <juhosg@openwrt.org>
  George Cherian <george.cherian@ti.com>
  Greg Kroah-Hartman <gregkh@linuxfoundation.org>
  Gurudas Pai <gurudas.pai@oracle.com>
  Gustavo Padovan <gustavo.padovan@collabora.co.uk>
  Hannes Frederic Sowa <hannes@stressinduktion.org>
  Hannes Frederic Sowa <hannes@strressinduktion.org>
  Hans-Christian Egtvedt <egtvedt@samfundet.no>
  Herbert Xu <herbert@gondor.apana.org.au>
  Hong Zhiguo <zhiguohong@tencent.com>
  Ian Abbott <abbotti@mev.co.uk>
  Ian Campbell <ian.campbell@citrix.com>
  Jack Wang <jinpu.wang@profitbricks.com>
  Jacob Keller <jacob.e.keller@intel.com>
  Jason Andrews <jasona@cadence.com>
  Jason Wang <jasowang@redhat.com>
  Javier Martinez Canillas <javier.martinez@collabora.co.uk>
  Jiri Kosina <jkosina@suse.cz>
  Jiri Pirko <jiri@resnulli.us>
  Johan Hedberg <johan.hedberg@intel.com>
  John W. Linville <linville@tuxdriver.com>
  Josef Bacik <jbacik@fusionio.com>
  Kees Cook <keescook@chromium.org>
  Kent Overstreet <kmo@daterainc.com>
  Kevin Hilman <khilman@linaro.org>
  Kirill Tkhai <tkhai@yandex.ru>
  Larry Finger <Larry.Finger@lwfinger.net>
  Lars Poeschel <poeschel@lemonage.de>
  Linus Torvalds <torvalds@linux-foundation.org>
  Linus Walleij <linus.walleij@linaro.org>
  Luiz Capitulino <lcapitulino@redhat.com>
  Lv Zheng <lv.zheng@intel.com>
  Madhavan Srinivasan <maddy@linux.vnet.ibm.com>
  Marcel Holtmann <marcel@holtmann.org>
  Mark Brown <broonie@linaro.org>
  Mark Tinguely <tinguely@sgi.com>
  Martin MOKREJS <mmokrejs@gmail.com>
  Martin Schwidefsky <schwidefsky@de.ibm.com>
  Matti Vaittinen <matti.vaittinen@nsn.com>
  Maxim Patlasov <mpatlasov@parallels.com>
  Meelis Roos <mroos@linux.ee>
  Michael Ellerman <michael@ellerman.id.au>
  Michael Grzeschik <m.grzeschik@pengutronix.de>
  Michael Neuling <mikey@neuling.org>
  Michael S. Tsirkin <mst@redhat.com>
  Michal Malý <madcatxster@prifuk.cz>
  Mike Miller <mike.miller@hp.com>
  Miklos Szeredi <mszeredi@suse.cz>
  Neal Cardwell <ncardwell@google.com>
  Neil Horman <nhorman@tuxdriver.com>
  Nicholas Bellinger <nab@linux-iscsi.org>
  Nicolas Dichtel <nicolas.dichtel@6wind.com>
  Nikolay Aleksandrov <nikolay@redhat.com>
  Nishanth Aravamudan <nacc@us.ibm.com>
  Paul E. McKenney <paulmck@linux.vnet.ibm.com>
  Peng Chen <pengchen@qca.qualcomm.com>
  Peter Korsgaard <peter@korsgaard.com>
  Prarit Bhargava <prarit@redhat.com>
  Rafael Aquini <aquini@redhat.com>
  Rafael J. Wysocki <rafael.j.wysocki@intel.com>
  Rafał Miłecki <zajec5@gmail.com>
  Raphael Kubo da Costa <rakuco@FreeBSD.org>
  Ricardo Ribalda Delgado <ricardo.ribalda@gmail.com>
  Roger Luethi <rl@hellgate.ch>
  Ryusuke Konishi <konishi.ryusuke@lab.ntt.co.jp>
  Salam Noureddine <noureddine@aristanetworks.com>
  Santosh Shilimkar <santosh.shilimkar@ti.com>
  Sonic Zhang <sonic.zhang@analog.com>
  Stefan Achatz <erazor_de@users.sourceforge.net>
  Steffen Klassert <steffen.klassert@secunet.com>
  Stephen Warren <swarren@nvidia.com>
  Takashi Iwai <tiwai@suse.de>
  Tony Lindgren <tony@atomide.com>
  Trond Myklebust <Trond.Myklebust@netapp.com>
  Vimalkumar <j.vimal@gmail.com>
  Vinod Koul <vinod.koul@intel.com>
  Vlad Yasevich <vyasevich@gmail.com>
  Vyacheslav Dubeyko <slava@dubeyko.com>
------------------------------------------------------------

jobs:
 build-amd64                                                  pass    
 build-i386                                                   pass    
 build-amd64-pvops                                            pass    
 build-i386-pvops                                             pass    
 test-amd64-amd64-xl                                          pass    
 test-amd64-i386-xl                                           pass    
 test-amd64-i386-rhel6hvm-amd                                 fail    
 test-amd64-i386-qemut-rhel6hvm-amd                           fail    
 test-amd64-i386-qemuu-rhel6hvm-amd                           fail    
 test-amd64-amd64-xl-qemut-win7-amd64                         fail    
 test-amd64-i386-xl-qemut-win7-amd64                          fail    
 test-amd64-amd64-xl-qemuu-win7-amd64                         fail    
 test-amd64-amd64-xl-win7-amd64                               fail    
 test-amd64-i386-xl-win7-amd64                                fail    
 test-amd64-i386-xl-credit2                                   pass    
 test-amd64-amd64-xl-pcipt-intel                              fail    
 test-amd64-i386-rhel6hvm-intel                               pass    
 test-amd64-i386-qemut-rhel6hvm-intel                         pass    
 test-amd64-i386-qemuu-rhel6hvm-intel                         pass    
 test-amd64-i386-xl-multivcpu                                 fail    
 test-amd64-amd64-pair                                        pass    
 test-amd64-i386-pair                                         pass    
 test-amd64-amd64-xl-sedf-pin                                 pass    
 test-amd64-amd64-pv                                          pass    
 test-amd64-i386-pv                                           pass    
 test-amd64-amd64-xl-sedf                                     pass    
 test-amd64-i386-xl-qemut-winxpsp3-vcpus1                     fail    
 test-amd64-i386-xl-winxpsp3-vcpus1                           fail    
 test-amd64-i386-xend-qemut-winxpsp3                          fail    
 test-amd64-amd64-xl-qemut-winxpsp3                           fail    
 test-amd64-amd64-xl-qemuu-winxpsp3                           fail    
 test-amd64-i386-xend-winxpsp3                                fail    
 test-amd64-amd64-xl-winxpsp3                                 fail    


------------------------------------------------------------
sg-report-flight on woking.cam.xci-test.com
logs: /home/xc_osstest/logs
images: /home/xc_osstest/images

Logs, config files, etc. are available at
    http://www.chiark.greenend.org.uk/~xensrcts/logs

Test harness code can be found at
    http://xenbits.xensource.com/gitweb?p=osstest.git;a=summary


Not pushing.

(No revision log; it would be 3163 lines long.)


[-- Attachment #2: Type: text/plain, Size: 126 bytes --]

_______________________________________________
Xen-devel mailing list
Xen-devel@lists.xen.org
http://lists.xen.org/xen-devel

^ permalink raw reply	[flat|nested] only message in thread

only message in thread, other threads:[~2013-10-14  9:45 UTC | newest]

Thread overview: (only message) (download: mbox.gz follow: Atom feed
-- links below jump to the message on this page --
2013-10-14  9:45 [linux-3.10 test] 20857: regressions - FAIL xen.org

This is a public inbox, see mirroring instructions
for how to clone and mirror all data and code used for this inbox;
as well as URLs for NNTP newsgroup(s).