From mboxrd@z Thu Jan 1 00:00:00 1970 From: xen.org Subject: [linux-3.10 test] 20866: tolerable FAIL - PUSHED Date: Mon, 14 Oct 2013 20:42:17 +0100 Message-ID: Mime-Version: 1.0 Content-Type: multipart/mixed; boundary="===============5624424992739899411==" Return-path: List-Unsubscribe: , List-Post: List-Help: List-Subscribe: , Sender: xen-devel-bounces@lists.xen.org Errors-To: xen-devel-bounces@lists.xen.org To: xen-devel@lists.xensource.com Cc: ian.jackson@eu.citrix.com List-Id: xen-devel@lists.xenproject.org --===============5624424992739899411== Content-Type: text/plain flight 20866 linux-3.10 real [real] http://www.chiark.greenend.org.uk/~xensrcts/logs/20866/ Failures :-/ but no regressions. Tests which are failing intermittently (not blocking): test-amd64-i386-xl 5 xen-boot fail pass in 20857 test-amd64-i386-xl-credit2 7 debian-install fail pass in 20857 Regressions which are regarded as allowable (not blocking): test-amd64-i386-rhel6hvm-amd 7 redhat-install fail like 20090 test-amd64-i386-qemuu-rhel6hvm-amd 5 xen-boot fail like 20093 test-amd64-i386-qemut-rhel6hvm-amd 7 redhat-install fail like 20093 test-amd64-i386-xl-multivcpu 5 xen-boot fail like 20090 test-amd64-i386-qemuu-rhel6hvm-amd 7 redhat-install fail in 20857 like 20090 test-amd64-i386-qemut-rhel6hvm-amd 5 xen-boot fail in 20857 like 20862-bisect test-amd64-i386-xl-multivcpu 7 debian-install fail in 20857 like 20093 Tests which did not succeed, but are not blocking: test-amd64-amd64-xl-pcipt-intel 9 guest-start fail never pass test-amd64-i386-xl-win7-amd64 13 guest-stop fail never pass test-amd64-i386-xl-qemut-win7-amd64 13 guest-stop fail never pass test-amd64-amd64-xl-qemut-win7-amd64 13 guest-stop fail never pass test-amd64-i386-xl-qemut-winxpsp3-vcpus1 13 guest-stop fail never pass test-amd64-amd64-xl-win7-amd64 13 guest-stop fail never pass test-amd64-amd64-xl-qemuu-win7-amd64 13 guest-stop fail never pass test-amd64-amd64-xl-winxpsp3 13 guest-stop fail never pass test-amd64-i386-xl-winxpsp3-vcpus1 13 guest-stop fail never pass test-amd64-i386-xend-winxpsp3 16 leak-check/check fail never pass test-amd64-i386-xend-qemut-winxpsp3 16 leak-check/check fail never pass test-amd64-amd64-xl-qemuu-winxpsp3 13 guest-stop fail never pass test-amd64-amd64-xl-qemut-winxpsp3 7 windows-install fail never pass version targeted for testing: linux 7fc878164dd8bc7812eb774e728f2cc1ffe905ed baseline version: linux cac65253a9c5a30d4c8d7bc4c60197935f9e2e70 ------------------------------------------------------------ People who touched revisions under test: "Eric W. Biederman" Aaro Koskinen Alexander Duyck Amitkumar Karwar Andre Guedes Andrew Morton Ansis Atteka Anton Blanchard Arend van Spriel Ben Myers Ben Skeggs Benjamin Herrenschmidt Bing Zhao Bjørn Mork Catalin(ux) M. BOIE Chris Healy Chris Mason Chris Metcalf Christian Lamparter Dan Aloni Dan Carpenter Daniel Borkmann Daniel Drake Darrick J. Wong Dave Jones David Herrmann David R David Rientjes David S. Miller David Vrabel Ding Zhi Dmitry Khromov Duan Jiong Eric Dumazet Fengguang Wu Francois Romieu Frederic Weisbecker Frédéric Leroy Gabor Juhos George Cherian Greg Kroah-Hartman Gurudas Pai Gustavo Padovan Hannes Frederic Sowa Hannes Frederic Sowa Hans-Christian Egtvedt Herbert Xu Hong Zhiguo Ian Abbott Ian Campbell Jack Wang Jacob Keller Jason Andrews Jason Wang Javier Martinez Canillas Jiri Kosina Jiri Pirko Johan Hedberg John W. Linville Josef Bacik Kees Cook Kent Overstreet Kevin Hilman Kirill Tkhai Larry Finger Lars Poeschel Linus Torvalds Linus Walleij Luiz Capitulino Lv Zheng Madhavan Srinivasan Marcel Holtmann Mark Brown Mark Tinguely Martin MOKREJS Martin Schwidefsky Matti Vaittinen Maxim Patlasov Meelis Roos Michael Ellerman Michael Grzeschik Michael Neuling Michael S. Tsirkin Michal Malý Mike Miller Miklos Szeredi Neal Cardwell Neil Horman Nicholas Bellinger Nicolas Dichtel Nikolay Aleksandrov Nishanth Aravamudan Paul E. McKenney Peng Chen Peter Korsgaard Prarit Bhargava Rafael Aquini Rafael J. Wysocki Rafał Miłecki Raphael Kubo da Costa Ricardo Ribalda Delgado Roger Luethi Ryusuke Konishi Salam Noureddine Santosh Shilimkar Sonic Zhang Stefan Achatz Steffen Klassert Stephen Warren Takashi Iwai Tony Lindgren Trond Myklebust Vimalkumar Vinod Koul Vlad Yasevich Vyacheslav Dubeyko ------------------------------------------------------------ jobs: build-amd64 pass build-i386 pass build-amd64-pvops pass build-i386-pvops pass test-amd64-amd64-xl pass test-amd64-i386-xl fail test-amd64-i386-rhel6hvm-amd fail test-amd64-i386-qemut-rhel6hvm-amd fail test-amd64-i386-qemuu-rhel6hvm-amd fail test-amd64-amd64-xl-qemut-win7-amd64 fail test-amd64-i386-xl-qemut-win7-amd64 fail test-amd64-amd64-xl-qemuu-win7-amd64 fail test-amd64-amd64-xl-win7-amd64 fail test-amd64-i386-xl-win7-amd64 fail test-amd64-i386-xl-credit2 fail test-amd64-amd64-xl-pcipt-intel fail test-amd64-i386-rhel6hvm-intel pass test-amd64-i386-qemut-rhel6hvm-intel pass test-amd64-i386-qemuu-rhel6hvm-intel pass test-amd64-i386-xl-multivcpu fail test-amd64-amd64-pair pass test-amd64-i386-pair pass test-amd64-amd64-xl-sedf-pin pass test-amd64-amd64-pv pass test-amd64-i386-pv pass test-amd64-amd64-xl-sedf pass test-amd64-i386-xl-qemut-winxpsp3-vcpus1 fail test-amd64-i386-xl-winxpsp3-vcpus1 fail test-amd64-i386-xend-qemut-winxpsp3 fail test-amd64-amd64-xl-qemut-winxpsp3 fail test-amd64-amd64-xl-qemuu-winxpsp3 fail test-amd64-i386-xend-winxpsp3 fail test-amd64-amd64-xl-winxpsp3 fail ------------------------------------------------------------ sg-report-flight on woking.cam.xci-test.com logs: /home/xc_osstest/logs images: /home/xc_osstest/images Logs, config files, etc. are available at http://www.chiark.greenend.org.uk/~xensrcts/logs Test harness code can be found at http://xenbits.xensource.com/gitweb?p=osstest.git;a=summary Pushing revision : + branch=linux-3.10 + revision=7fc878164dd8bc7812eb774e728f2cc1ffe905ed + . cri-lock-repos ++ . cri-common +++ . cri-getconfig +++ umask 002 +++ getconfig Repos +++ perl -e ' use Osstest; readglobalconfig(); print $c{"Repos"} or die $!; ' ++ repos=/export/home/osstest/repos ++ repos_lock=/export/home/osstest/repos/lock ++ '[' x '!=' x/export/home/osstest/repos/lock ']' ++ OSSTEST_REPOS_LOCK_LOCKED=/export/home/osstest/repos/lock ++ exec with-lock-ex -w /export/home/osstest/repos/lock ./ap-push linux-3.10 7fc878164dd8bc7812eb774e728f2cc1ffe905ed + branch=linux-3.10 + revision=7fc878164dd8bc7812eb774e728f2cc1ffe905ed + . cri-lock-repos ++ . cri-common +++ . cri-getconfig +++ umask 002 +++ getconfig Repos +++ perl -e ' use Osstest; readglobalconfig(); print $c{"Repos"} or die $!; ' ++ repos=/export/home/osstest/repos ++ repos_lock=/export/home/osstest/repos/lock ++ '[' x/export/home/osstest/repos/lock '!=' x/export/home/osstest/repos/lock ']' + . cri-common ++ . cri-getconfig ++ umask 002 + select_xenbranch + case "$branch" in + tree=linux + xenbranch=xen-unstable + '[' xlinux = xlinux ']' + linuxbranch=linux-3.10 + : tested/2.6.39.x + . ap-common ++ : osstest@xenbits.xensource.com ++ : git://xenbits.xen.org/xen.git ++ : osstest@xenbits.xensource.com:/home/xen/git/xen.git ++ : git://xenbits.xen.org/staging/qemu-xen-unstable.git ++ : git://git.kernel.org ++ : git://git.kernel.org/pub/scm/linux/kernel/git ++ : git ++ : git://xenbits.xen.org/osstest/linux-firmware.git ++ : osstest@xenbits.xensource.com:/home/osstest/ext/linux-firmware.git ++ : git://git.kernel.org/pub/scm/linux/kernel/git/firmware/linux-firmware.git ++ : osstest@xenbits.xensource.com:/home/xen/git/linux-pvops.git ++ : git://xenbits.xen.org/linux-pvops.git ++ : tested/linux-3.4 ++ : tested/linux-arm-xen ++ '[' xgit://git.kernel.org/pub/scm/linux/kernel/git/stable/linux-stable.git = x ']' ++ '[' xgit://xenbits.xen.org/linux-pvops.git = x ']' ++ : git://git.kernel.org/pub/scm/linux/kernel/git/konrad/xen.git ++ : tested/2.6.39.x ++ : daily-cron.linux-3.10 ++ : daily-cron.linux-3.10 ++ : http://hg.uk.xensource.com/carbon/trunk/linux-2.6.27 ++ : git://xenbits.xen.org/staging/qemu-upstream-unstable.git ++ : daily-cron.linux-3.10 + TREE_LINUX=osstest@xenbits.xensource.com:/home/xen/git/linux-pvops.git + TREE_QEMU_UPSTREAM=osstest@xenbits.xensource.com:/home/xen/git/qemu-upstream-unstable.git + TREE_XEN=osstest@xenbits.xensource.com:/home/xen/git/xen.git + info_linux_tree linux-3.10 + case $1 in + : git://git.kernel.org/pub/scm/linux/kernel/git/stable/linux-stable.git + : linux-3.10.y + : linux-3.10.y + : git + : git + : git://xenbits.xen.org/linux-pvops.git + : osstest@xenbits.xensource.com:/home/xen/git/linux-pvops.git + : tested/linux-3.10 + : tested/linux-3.10 + return 0 + cd /export/home/osstest/repos/linux + git push osstest@xenbits.xensource.com:/home/xen/git/linux-pvops.git 7fc878164dd8bc7812eb774e728f2cc1ffe905ed:tested/linux-3.10 Counting objects: 1 Counting objects: 887, done. Compressing objects: 0% (1/111) Compressing objects: 1% (2/111) Compressing objects: 2% (3/111) Compressing objects: 3% (4/111) Compressing objects: 4% (5/111) Compressing objects: 5% (6/111) Compressing objects: 6% (7/111) Compressing objects: 7% (8/111) Compressing objects: 8% (9/111) Compressing objects: 9% (10/111) Compressing objects: 10% (12/111) Compressing objects: 11% (13/111) Compressing objects: 12% (14/111) Compressing objects: 13% (15/111) Compressing objects: 14% (16/111) Compressing objects: 15% (17/111) Compressing objects: 16% (18/111) Compressing objects: 17% (19/111) Compressing objects: 18% (20/111) Compressing objects: 19% (22/111) Compressing objects: 20% (23/111) Compressing objects: 21% (24/111) Compressing objects: 22% (25/111) Compressing objects: 23% (26/111) Compressing objects: 24% (27/111) Compressing objects: 25% (28/111) Compressing objects: 26% (29/111) Compressing objects: 27% (30/111) Compressing objects: 28% (32/111) Compressing objects: 29% (33/111) Compressing objects: 30% (34/111) Compressing objects: 31% (35/111) Compressing objects: 32% (36/111) Compressing objects: 33% (37/111) Compressing objects: 34% (38/111) Compressing objects: 35% (39/111) Compressing objects: 36% (40/111) Compressing objects: 37% (42/111) Compressing objects: 38% (43/111) Compressing objects: 39% (44/111) Compressing objects: 40% (45/111) Compressing objects: 41% (46/111) Compressing objects: 42% (47/111) Compressing objects: 43% (48/111) Compressing objects: 44% (49/111) Compressing objects: 45% (50/111) Compressing objects: 46% (52/111) Compressing objects: 47% (53/111) Compressing objects: 48% (54/111) Compressing objects: 49% (55/111) Compressing objects: 50% (56/111) Compressing objects: 51% (57/111) Compressing objects: 52% (58/111) Compressing objects: 53% (59/111) Compressing objects: 54% (60/111) Compressing objects: 55% (62/111) Compressing objects: 56% (63/111) Compressing objects: 57% (64/111) Compressing objects: 58% (65/111) Compressing objects: 59% (66/111) Compressing objects: 60% (67/111) Compressing objects: 61% (68/111) Compressing objects: 62% (69/111) Compressing objects: 63% (70/111) Compressing objects: 64% (72/111) Compressing objects: 65% (73/111) Compressing objects: 66% (74/111) Compressing objects: 67% (75/111) Compressing objects: 68% (76/111) Compressing objects: 69% (77/111) Compressing objects: 70% (78/111) Compressing objects: 71% (79/111) Compressing objects: 72% (80/111) Compressing objects: 73% (82/111) Compressing objects: 74% (83/111) Compressing objects: 75% (84/111) Compressing objects: 76% (85/111) Compressing objects: 77% (86/111) Compressing objects: 78% (87/111) Compressing objects: 79% (88/111) Compressing objects: 80% (89/111) Compressing objects: 81% (90/111) Compressing objects: 82% (92/111) Compressing objects: 83% (93/111) Compressing objects: 84% (94/111) Compressing objects: 85% (95/111) Compressing objects: 86% (96/111) Compressing objects: 87% (97/111) Compressing objects: 88% (98/111) Compressing objects: 89% (99/111) Compressing objects: 90% (100/111) Compressing objects: 91% (102/111) Compressing objects: 92% (103/111) Compressing objects: 93% (104/111) Compressing objects: 94% (105/111) Compressing objects: 95% (106/111) Compressing objects: 96% (107/111) Compressing objects: 97% (108/111) Compressing objects: 98% (109/111) Compressing objects: 99% (110/111) Compressing objects: 100% (111/111) Compressing objects: 100% (111/111), done. Writing objects: 0% (1/672) Writing objects: 1% (7/672) Writing objects: 2% (14/672) Writing objects: 3% (21/672) Writing objects: 4% (27/672) Writing objects: 5% (34/672) Writing objects: 6% (41/672) Writing objects: 7% (48/672) Writing objects: 8% (54/672) Writing objects: 9% (61/672) Writing objects: 10% (68/672) Writing objects: 11% (74/672) Writing objects: 12% (81/672) Writing objects: 13% (88/672) Writing objects: 14% (95/672) Writing objects: 15% (101/672) Writing objects: 16% (108/672) Writing objects: 17% (115/672) Writing objects: 18% (121/672) Writing objects: 19% (128/672) Writing objects: 20% (135/672) Writing objects: 21% (142/672) Writing objects: 22% (148/672) Writing objects: 23% (155/672) Writing objects: 24% (162/672) Writing objects: 25% (168/672) Writing objects: 26% (175/672) Writing objects: 27% (182/672) Writing objects: 28% (189/672) Writing objects: 29% (195/672) Writing objects: 30% (202/672) Writing objects: 31% (209/672) Writing objects: 32% (216/672) Writing objects: 33% (222/672) Writing objects: 34% (229/672) Writing objects: 35% (236/672) Writing objects: 36% (242/672) Writing objects: 37% (249/672) Writing objects: 38% (256/672) Writing objects: 39% (263/672) Writing objects: 40% (269/672) Writing objects: 41% (276/672) Writing objects: 42% (283/672) Writing objects: 43% (289/672) Writing objects: 44% (296/672) Writing objects: 45% (303/672) Writing objects: 46% (310/672) Writing objects: 47% (316/672) Writing objects: 48% (323/672) Writing objects: 49% (330/672) Writing objects: 50% (336/672) Writing objects: 51% (343/672) Writing objects: 52% (350/672) Writing objects: 53% (357/672) Writing objects: 54% (363/672) Writing objects: 55% (370/672) Writing objects: 56% (377/672) Writing objects: 57% (384/672) Writing objects: 58% (390/672) Writing objects: 59% (397/672) Writing objects: 60% (404/672) Writing objects: 61% (410/672) Writing objects: 62% (417/672) Writing objects: 63% (424/672) Writing objects: 64% (431/672) Writing objects: 65% (437/672) Writing objects: 66% (444/672) Writing objects: 67% (451/672) Writing objects: 68% (457/672) Writing objects: 69% (464/672) Writing objects: 70% (471/672) Writing objects: 71% (478/672) Writing objects: 72% (484/672) Writing objects: 73% (491/672) Writing objects: 74% (498/672) Writing objects: 75% (504/672) Writing objects: 76% (511/672) Writing objects: 77% (518/672) Writing objects: 78% (525/672) Writing objects: 79% (531/672) Writing objects: 80% (538/672) Writing objects: 81% (545/672) Writing objects: 82% (552/672) Writing objects: 83% (558/672) Writing objects: 84% (565/672) Writing objects: 85% (572/672) Writing objects: 86% (578/672) Writing objects: 87% (585/672) Writing objects: 88% (592/672) Writing objects: 89% (599/672) Writing objects: 90% (605/672) Writing objects: 91% (612/672) Writing objects: 92% (619/672) Writing objects: 93% (625/672) Writing objects: 94% (632/672) Writing objects: 95% (639/672) Writing objects: 96% (646/672) Writing objects: 97% (652/672) Writing objects: 98% (659/672) Writing objects: 99% (666/672) Writing objects: 100% (672/672) Writing objects: 100% (672/672), 123.23 KiB, done. Total 672 (delta 561), reused 672 (delta 561) To osstest@xenbits.xensource.com:/home/xen/git/linux-pvops.git cac6525..7fc8781 7fc878164dd8bc7812eb774e728f2cc1ffe905ed -> tested/linux-3.10 + exit 0 --===============5624424992739899411== Content-Type: text/plain; charset="us-ascii" MIME-Version: 1.0 Content-Transfer-Encoding: 7bit Content-Disposition: inline _______________________________________________ Xen-devel mailing list Xen-devel@lists.xen.org http://lists.xen.org/xen-devel --===============5624424992739899411==--