flight 20867 linux-3.4 real [real] http://www.chiark.greenend.org.uk/~xensrcts/logs/20867/ Failures :-/ but no regressions. Regressions which are regarded as allowable (not blocking): test-amd64-amd64-xl-qemut-winxpsp3 7 windows-install fail like 20091 Tests which did not succeed, but are not blocking: test-amd64-amd64-xl-pcipt-intel 9 guest-start fail never pass test-amd64-i386-xl-qemut-winxpsp3-vcpus1 13 guest-stop fail never pass test-amd64-amd64-xl-win7-amd64 13 guest-stop fail never pass test-amd64-i386-xl-qemut-win7-amd64 13 guest-stop fail never pass test-amd64-i386-xl-winxpsp3-vcpus1 13 guest-stop fail never pass test-amd64-amd64-xl-qemuu-win7-amd64 13 guest-stop fail never pass test-amd64-amd64-xl-qemut-win7-amd64 13 guest-stop fail never pass test-amd64-i386-xend-qemut-winxpsp3 16 leak-check/check fail never pass test-amd64-i386-xend-winxpsp3 16 leak-check/check fail never pass test-amd64-i386-xl-win7-amd64 13 guest-stop fail never pass test-amd64-amd64-xl-winxpsp3 13 guest-stop fail never pass test-amd64-amd64-xl-qemuu-winxpsp3 13 guest-stop fail never pass version targeted for testing: linux dc3a8b0c212a563bf21c91ac9e776a0875861d3f baseline version: linux 5602328b0d66cd6c5ef0dd7be081fd779c49c27e ------------------------------------------------------------ People who touched revisions under test: "Theodore Ts'o" Andre Guedes Andrew Morton Ansis Atteka Anton Blanchard Benjamin Herrenschmidt Chris Healy Chris Mason Chris Metcalf Christian Lamparter Claudiu Manoil Dan Carpenter Daniel Borkmann Dave Jones David Rientjes David S. Miller Eric Dumazet Greg Kroah-Hartman Gustavo Padovan Hannes Frederic Sowa Herbert Xu Ian Abbott Jack Wang Jan Kara Jason Andrews John W. Linville Josef Bacik Kirill Tkhai Larry Finger Linus Torvalds Lv Zheng Mark Brown Meelis Roos Michael Grzeschik Michal Hocko Michal MalĂ˝ Mike Miller Neil Horman Nicholas Bellinger Nikolay Aleksandrov Nishanth Aravamudan Paul E. McKenney Peter Korsgaard Prarit Bhargava Rafael J. Wysocki Ricardo Ribalda Delgado Roger Luethi Salam Noureddine Vinod Koul Vlad Yasevich ------------------------------------------------------------ jobs: build-amd64 pass build-i386 pass build-amd64-pvops pass build-i386-pvops pass test-amd64-amd64-xl pass test-amd64-i386-xl pass test-amd64-i386-rhel6hvm-amd pass test-amd64-i386-qemut-rhel6hvm-amd pass test-amd64-i386-qemuu-rhel6hvm-amd pass test-amd64-amd64-xl-qemut-win7-amd64 fail test-amd64-i386-xl-qemut-win7-amd64 fail test-amd64-amd64-xl-qemuu-win7-amd64 fail test-amd64-amd64-xl-win7-amd64 fail test-amd64-i386-xl-win7-amd64 fail test-amd64-i386-xl-credit2 pass test-amd64-amd64-xl-pcipt-intel fail test-amd64-i386-rhel6hvm-intel pass test-amd64-i386-qemut-rhel6hvm-intel pass test-amd64-i386-qemuu-rhel6hvm-intel pass test-amd64-i386-xl-multivcpu pass test-amd64-amd64-pair pass test-amd64-i386-pair pass test-amd64-amd64-xl-sedf-pin pass test-amd64-amd64-pv pass test-amd64-i386-pv pass test-amd64-amd64-xl-sedf pass test-amd64-i386-xl-qemut-winxpsp3-vcpus1 fail test-amd64-i386-xl-winxpsp3-vcpus1 fail test-amd64-i386-xend-qemut-winxpsp3 fail test-amd64-amd64-xl-qemut-winxpsp3 fail test-amd64-amd64-xl-qemuu-winxpsp3 fail test-amd64-i386-xend-winxpsp3 fail test-amd64-amd64-xl-winxpsp3 fail ------------------------------------------------------------ sg-report-flight on woking.cam.xci-test.com logs: /home/xc_osstest/logs images: /home/xc_osstest/images Logs, config files, etc. are available at http://www.chiark.greenend.org.uk/~xensrcts/logs Test harness code can be found at http://xenbits.xensource.com/gitweb?p=osstest.git;a=summary Pushing revision : + branch=linux-3.4 + revision=dc3a8b0c212a563bf21c91ac9e776a0875861d3f + . cri-lock-repos ++ . cri-common +++ . cri-getconfig +++ umask 002 +++ getconfig Repos +++ perl -e ' use Osstest; readglobalconfig(); print $c{"Repos"} or die $!; ' ++ repos=/export/home/osstest/repos ++ repos_lock=/export/home/osstest/repos/lock ++ '[' x '!=' x/export/home/osstest/repos/lock ']' ++ OSSTEST_REPOS_LOCK_LOCKED=/export/home/osstest/repos/lock ++ exec with-lock-ex -w /export/home/osstest/repos/lock ./ap-push linux-3.4 dc3a8b0c212a563bf21c91ac9e776a0875861d3f + branch=linux-3.4 + revision=dc3a8b0c212a563bf21c91ac9e776a0875861d3f + . cri-lock-repos ++ . cri-common +++ . cri-getconfig +++ umask 002 +++ getconfig Repos +++ perl -e ' use Osstest; readglobalconfig(); print $c{"Repos"} or die $!; ' ++ repos=/export/home/osstest/repos ++ repos_lock=/export/home/osstest/repos/lock ++ '[' x/export/home/osstest/repos/lock '!=' x/export/home/osstest/repos/lock ']' + . cri-common ++ . cri-getconfig ++ umask 002 + select_xenbranch + case "$branch" in + tree=linux + xenbranch=xen-unstable + '[' xlinux = xlinux ']' + linuxbranch=linux-3.4 + : tested/2.6.39.x + . ap-common ++ : osstest@xenbits.xensource.com ++ : git://xenbits.xen.org/xen.git ++ : osstest@xenbits.xensource.com:/home/xen/git/xen.git ++ : git://xenbits.xen.org/staging/qemu-xen-unstable.git ++ : git://git.kernel.org ++ : git://git.kernel.org/pub/scm/linux/kernel/git ++ : git ++ : git://xenbits.xen.org/osstest/linux-firmware.git ++ : osstest@xenbits.xensource.com:/home/osstest/ext/linux-firmware.git ++ : git://git.kernel.org/pub/scm/linux/kernel/git/firmware/linux-firmware.git ++ : osstest@xenbits.xensource.com:/home/xen/git/linux-pvops.git ++ : git://xenbits.xen.org/linux-pvops.git ++ : tested/linux-3.4 ++ : tested/linux-arm-xen ++ '[' xgit://git.kernel.org/pub/scm/linux/kernel/git/stable/linux-stable.git = x ']' ++ '[' xgit://xenbits.xen.org/linux-pvops.git = x ']' ++ : git://git.kernel.org/pub/scm/linux/kernel/git/konrad/xen.git ++ : tested/2.6.39.x ++ : daily-cron.linux-3.4 ++ : daily-cron.linux-3.4 ++ : http://hg.uk.xensource.com/carbon/trunk/linux-2.6.27 ++ : git://xenbits.xen.org/staging/qemu-upstream-unstable.git ++ : daily-cron.linux-3.4 + TREE_LINUX=osstest@xenbits.xensource.com:/home/xen/git/linux-pvops.git + TREE_QEMU_UPSTREAM=osstest@xenbits.xensource.com:/home/xen/git/qemu-upstream-unstable.git + TREE_XEN=osstest@xenbits.xensource.com:/home/xen/git/xen.git + info_linux_tree linux-3.4 + case $1 in + : git://git.kernel.org/pub/scm/linux/kernel/git/stable/linux-stable.git + : linux-3.4.y + : linux-3.4.y + : git + : git + : git://xenbits.xen.org/linux-pvops.git + : osstest@xenbits.xensource.com:/home/xen/git/linux-pvops.git + : tested/linux-3.4 + : tested/linux-3.4 + return 0 + cd /export/home/osstest/repos/linux + git push osstest@xenbits.xensource.com:/home/xen/git/linux-pvops.git dc3a8b0c212a563bf21c91ac9e776a0875861d3f:tested/linux-3.4 Counting objects: 1 Counting objects: 21 Counting objects: 65 Counting objects: 120 Counting objects: 127 Counting objects: 368 Counting objects: 426, done. Compressing objects: 2% (1/48) Compressing objects: 4% (2/48) Compressing objects: 6% (3/48) Compressing objects: 8% (4/48) Compressing objects: 10% (5/48) Compressing objects: 12% (6/48) Compressing objects: 14% (7/48) Compressing objects: 16% (8/48) Compressing objects: 18% (9/48) Compressing objects: 20% (10/48) Compressing objects: 22% (11/48) Compressing objects: 25% (12/48) Compressing objects: 27% (13/48) Compressing objects: 29% (14/48) Compressing objects: 31% (15/48) Compressing objects: 33% (16/48) Compressing objects: 35% (17/48) Compressing objects: 37% (18/48) Compressing objects: 39% (19/48) Compressing objects: 41% (20/48) Compressing objects: 43% (21/48) Compressing objects: 45% (22/48) Compressing objects: 47% (23/48) Compressing objects: 50% (24/48) Compressing objects: 52% (25/48) Compressing objects: 54% (26/48) Compressing objects: 56% (27/48) Compressing objects: 58% (28/48) Compressing objects: 60% (29/48) Compressing objects: 62% (30/48) Compressing objects: 64% (31/48) Compressing objects: 66% (32/48) Compressing objects: 68% (33/48) Compressing objects: 70% (34/48) Compressing objects: 72% (35/48) Compressing objects: 75% (36/48) Compressing objects: 77% (37/48) Compressing objects: 79% (38/48) Compressing objects: 81% (39/48) Compressing objects: 83% (40/48) Compressing objects: 85% (41/48) Compressing objects: 87% (42/48) Compressing objects: 89% (43/48) Compressing objects: 91% (44/48) Compressing objects: 93% (45/48) Compressing objects: 95% (46/48) Compressing objects: 97% (47/48) Compressing objects: 100% (48/48) Compressing objects: 100% (48/48), done. Writing objects: 0% (1/302) Writing objects: 1% (4/302) Writing objects: 2% (7/302) Writing objects: 3% (10/302) Writing objects: 4% (13/302) Writing objects: 5% (16/302) Writing objects: 6% (19/302) Writing objects: 7% (22/302) Writing objects: 8% (25/302) Writing objects: 9% (28/302) Writing objects: 10% (31/302) Writing objects: 11% (34/302) Writing objects: 12% (37/302) Writing objects: 13% (40/302) Writing objects: 14% (43/302) Writing objects: 15% (46/302) Writing objects: 16% (49/302) Writing objects: 17% (52/302) Writing objects: 18% (55/302) Writing objects: 19% (58/302) Writing objects: 20% (61/302) Writing objects: 21% (64/302) Writing objects: 22% (67/302) Writing objects: 23% (70/302) Writing objects: 24% (73/302) Writing objects: 25% (76/302) Writing objects: 26% (79/302) Writing objects: 27% (82/302) Writing objects: 28% (85/302) Writing objects: 29% (88/302) Writing objects: 30% (91/302) Writing objects: 31% (94/302) Writing objects: 32% (97/302) Writing objects: 33% (100/302) Writing objects: 34% (103/302) Writing objects: 35% (106/302) Writing objects: 36% (109/302) Writing objects: 37% (112/302) Writing objects: 38% (115/302) Writing objects: 39% (118/302) Writing objects: 40% (121/302) Writing objects: 41% (124/302) Writing objects: 42% (127/302) Writing objects: 43% (130/302) Writing objects: 44% (133/302) Writing objects: 45% (136/302) Writing objects: 46% (139/302) Writing objects: 47% (142/302) Writing objects: 48% (145/302) Writing objects: 49% (148/302) Writing objects: 50% (151/302) Writing objects: 51% (155/302) Writing objects: 52% (158/302) Writing objects: 53% (161/302) Writing objects: 54% (164/302) Writing objects: 55% (167/302) Writing objects: 56% (170/302) Writing objects: 57% (173/302) Writing objects: 58% (176/302) Writing objects: 59% (179/302) Writing objects: 60% (182/302) Writing objects: 61% (185/302) Writing objects: 62% (188/302) Writing objects: 63% (191/302) Writing objects: 64% (194/302) Writing objects: 65% (197/302) Writing objects: 66% (200/302) Writing objects: 67% (203/302) Writing objects: 68% (206/302) Writing objects: 69% (209/302) Writing objects: 70% (212/302) Writing objects: 71% (215/302) Writing objects: 72% (218/302) Writing objects: 73% (221/302) Writing objects: 74% (224/302) Writing objects: 75% (227/302) Writing objects: 76% (230/302) Writing objects: 77% (233/302) Writing objects: 78% (236/302) Writing objects: 79% (239/302) Writing objects: 80% (242/302) Writing objects: 81% (245/302) Writing objects: 82% (248/302) Writing objects: 83% (251/302) Writing objects: 84% (254/302) Writing objects: 85% (257/302) Writing objects: 86% (260/302) Writing objects: 87% (263/302) Writing objects: 88% (266/302) Writing objects: 89% (269/302) Writing objects: 90% (272/302) Writing objects: 91% (275/302) Writing objects: 92% (278/302) Writing objects: 93% (281/302) Writing objects: 94% (284/302) Writing objects: 95% (287/302) Writing objects: 96% (290/302) Writing objects: 97% (293/302) Writing objects: 98% (296/302) Writing objects: 99% (299/302) Writing objects: 100% (302/302) Writing objects: 100% (302/302), 53.01 KiB, done. Total 302 (delta 254), reused 302 (delta 254) To osstest@xenbits.xensource.com:/home/xen/git/linux-pvops.git 5602328..dc3a8b0 dc3a8b0c212a563bf21c91ac9e776a0875861d3f -> tested/linux-3.4 + exit 0