From: xen.org <ian.jackson@eu.citrix.com>
To: xen-devel@lists.xensource.com
Cc: ian.jackson@eu.citrix.com
Subject: [xen-unstable test] 20950: regressions - trouble: blocked/broken/fail/pass
Date: Tue, 15 Oct 2013 11:33:57 +0100 [thread overview]
Message-ID: <osstest-20950-mainreport@xen.org> (raw)
flight 20950 xen-unstable real [real]
http://www.chiark.greenend.org.uk/~xensrcts/logs/20950/
Regressions :-(
Tests which did not succeed and are blocking,
including tests which could not be run:
build-armhf 2 host-install(2) broken REGR. vs. 20855
build-i386-oldkern 4 xen-build fail REGR. vs. 20855
build-i386-pvops 4 kernel-build fail REGR. vs. 20855
build-i386 4 xen-build fail REGR. vs. 20855
build-armhf-pvops 2 host-install(2) broken REGR. vs. 20855
Tests which are failing intermittently (not blocking):
test-amd64-amd64-xl-sedf-pin 10 guest-saverestore fail pass in 20890
test-amd64-amd64-xl-sedf 14 guest-localmigrate/x10 fail pass in 20890
Tests which did not succeed, but are not blocking:
test-amd64-amd64-xl-pcipt-intel 9 guest-start fail never pass
test-amd64-i386-xl-multivcpu 1 xen-build-check(1) blocked n/a
test-amd64-i386-xl 1 xen-build-check(1) blocked n/a
test-amd64-i386-xl-credit2 1 xen-build-check(1) blocked n/a
test-amd64-i386-pv 1 xen-build-check(1) blocked n/a
test-amd64-i386-rhel6hvm-amd 1 xen-build-check(1) blocked n/a
test-amd64-i386-qemuu-rhel6hvm-amd 1 xen-build-check(1) blocked n/a
test-amd64-i386-qemut-rhel6hvm-amd 1 xen-build-check(1) blocked n/a
test-amd64-i386-pair 1 xen-build-check(1) blocked n/a
test-armhf-armhf-xl 1 xen-build-check(1) blocked n/a
test-amd64-i386-xend-winxpsp3 1 xen-build-check(1) blocked n/a
test-amd64-amd64-xl-qemuu-winxpsp3 13 guest-stop fail never pass
test-amd64-i386-xl-qemut-win7-amd64 1 xen-build-check(1) blocked n/a
test-amd64-amd64-xl-qemuu-win7-amd64 13 guest-stop fail never pass
test-amd64-amd64-xl-win7-amd64 13 guest-stop fail never pass
test-amd64-i386-xl-win7-amd64 1 xen-build-check(1) blocked n/a
test-amd64-i386-qemuu-rhel6hvm-intel 1 xen-build-check(1) blocked n/a
test-amd64-i386-rhel6hvm-intel 1 xen-build-check(1) blocked n/a
test-amd64-i386-qemut-rhel6hvm-intel 1 xen-build-check(1) blocked n/a
test-amd64-amd64-xl-winxpsp3 13 guest-stop fail never pass
test-amd64-amd64-xl-qemut-winxpsp3 13 guest-stop fail never pass
test-amd64-i386-xl-winxpsp3-vcpus1 1 xen-build-check(1) blocked n/a
test-amd64-i386-xend-qemut-winxpsp3 1 xen-build-check(1) blocked n/a
test-amd64-i386-xl-qemut-winxpsp3-vcpus1 1 xen-build-check(1) blocked n/a
test-amd64-amd64-xl-qemut-win7-amd64 13 guest-stop fail never pass
test-amd64-i386-xend-winxpsp3 16 leak-check/check fail in 20890 never pass
test-amd64-i386-xl-qemut-win7-amd64 13 guest-stop fail in 20890 never pass
test-amd64-i386-xl-win7-amd64 13 guest-stop fail in 20890 never pass
test-amd64-i386-xl-winxpsp3-vcpus1 13 guest-stop fail in 20890 never pass
test-amd64-i386-xend-qemut-winxpsp3 16 leak-check/check fail in 20890 never pass
test-amd64-i386-xl-qemut-winxpsp3-vcpus1 13 guest-stop fail in 20890 never pass
version targeted for testing:
xen 6ef823fdfa701b3659e4161520f43b5835338fb5
baseline version:
xen 1a510f3c447452006fa2a661b387fdc5410c41d5
------------------------------------------------------------
People who touched revisions under test:
Andrew Cooper <andrew.cooper3@citrix.com>
Anthony PERARD <anthony.perard@citrix.com>
Daniel De Graaf <dgdegra@tycho.nsa.gov>
David Vrabel <david.vrabel@citrix.com>
Fabio Fantoni <fabio.fantoni@m2r.biz>
Ian Campbell <ian.campbell@citrix.com>
Ian Jackson <ian.jackson@eu.citrix.com>
Jan Beulich <jbeulich@suse.com>
Juergen Gross <juergen.gross@ts.fujitsu.com>
Keir Fraser <keir@xen.org>
Kristoffer Egefelt <kristoffer@itoc.dk>
Tril <tril@metapipe.net>
------------------------------------------------------------
jobs:
build-amd64 pass
build-armhf broken
build-i386 fail
build-amd64-oldkern pass
build-i386-oldkern fail
build-amd64-pvops pass
build-armhf-pvops broken
build-i386-pvops fail
test-amd64-amd64-xl pass
test-armhf-armhf-xl blocked
test-amd64-i386-xl blocked
test-amd64-i386-rhel6hvm-amd blocked
test-amd64-i386-qemut-rhel6hvm-amd blocked
test-amd64-i386-qemuu-rhel6hvm-amd blocked
test-amd64-amd64-xl-qemut-win7-amd64 fail
test-amd64-i386-xl-qemut-win7-amd64 blocked
test-amd64-amd64-xl-qemuu-win7-amd64 fail
test-amd64-amd64-xl-win7-amd64 fail
test-amd64-i386-xl-win7-amd64 blocked
test-amd64-i386-xl-credit2 blocked
test-amd64-amd64-xl-pcipt-intel fail
test-amd64-i386-rhel6hvm-intel blocked
test-amd64-i386-qemut-rhel6hvm-intel blocked
test-amd64-i386-qemuu-rhel6hvm-intel blocked
test-amd64-i386-xl-multivcpu blocked
test-amd64-amd64-pair pass
test-amd64-i386-pair blocked
test-amd64-amd64-xl-sedf-pin fail
test-amd64-amd64-pv pass
test-amd64-i386-pv blocked
test-amd64-amd64-xl-sedf fail
test-amd64-i386-xl-qemut-winxpsp3-vcpus1 blocked
test-amd64-i386-xl-winxpsp3-vcpus1 blocked
test-amd64-i386-xend-qemut-winxpsp3 blocked
test-amd64-amd64-xl-qemut-winxpsp3 fail
test-amd64-amd64-xl-qemuu-winxpsp3 fail
test-amd64-i386-xend-winxpsp3 blocked
test-amd64-amd64-xl-winxpsp3 fail
------------------------------------------------------------
sg-report-flight on woking.cam.xci-test.com
logs: /home/xc_osstest/logs
images: /home/xc_osstest/images
Logs, config files, etc. are available at
http://www.chiark.greenend.org.uk/~xensrcts/logs
Test harness code can be found at
http://xenbits.xensource.com/gitweb?p=osstest.git;a=summary
Not pushing.
(No revision log; it would be 437 lines long.)
reply other threads:[~2013-10-15 10:33 UTC|newest]
Thread overview: [no followups] expand[flat|nested] mbox.gz Atom feed
Reply instructions:
You may reply publicly to this message via plain-text email
using any one of the following methods:
* Save the following mbox file, import it into your mail client,
and reply-to-all from there: mbox
Avoid top-posting and favor interleaved quoting:
https://en.wikipedia.org/wiki/Posting_style#Interleaved_style
* Reply using the --to, --cc, and --in-reply-to
switches of git-send-email(1):
git send-email \
--in-reply-to=osstest-20950-mainreport@xen.org \
--to=ian.jackson@eu.citrix.com \
--cc=xen-devel@lists.xensource.com \
/path/to/YOUR_REPLY
https://kernel.org/pub/software/scm/git/docs/git-send-email.html
* If your mail client supports setting the In-Reply-To header
via mailto: links, try the mailto: link
Be sure your reply has a Subject: header at the top and a blank line
before the message body.
This is a public inbox, see mirroring instructions
for how to clone and mirror all data and code used for this inbox;
as well as URLs for NNTP newsgroup(s).