From mboxrd@z Thu Jan 1 00:00:00 1970 From: xen.org Subject: [linux-3.4 test] 21416: tolerable FAIL - PUSHED Date: Tue, 5 Nov 2013 03:44:00 +0000 Message-ID: Mime-Version: 1.0 Content-Type: multipart/mixed; boundary="===============3419430443459673467==" Return-path: List-Unsubscribe: , List-Post: List-Help: List-Subscribe: , Sender: xen-devel-bounces@lists.xen.org Errors-To: xen-devel-bounces@lists.xen.org To: xen-devel@lists.xensource.com Cc: ian.jackson@eu.citrix.com List-Id: xen-devel@lists.xenproject.org --===============3419430443459673467== Content-Type: text/plain flight 21416 linux-3.4 real [real] http://www.chiark.greenend.org.uk/~xensrcts/logs/21416/ Failures :-/ but no regressions. Regressions which are regarded as allowable (not blocking): test-amd64-amd64-xl-qemut-winxpsp3 7 windows-install fail like 21079 Tests which did not succeed, but are not blocking: test-amd64-amd64-xl-pcipt-intel 9 guest-start fail never pass test-amd64-i386-xl-qemut-winxpsp3-vcpus1 13 guest-stop fail never pass test-amd64-i386-xl-win7-amd64 13 guest-stop fail never pass test-amd64-amd64-xl-win7-amd64 13 guest-stop fail never pass test-amd64-amd64-xl-qemut-win7-amd64 13 guest-stop fail never pass test-amd64-i386-xl-qemut-win7-amd64 13 guest-stop fail never pass test-amd64-amd64-xl-qemuu-win7-amd64 13 guest-stop fail never pass test-amd64-i386-xl-winxpsp3-vcpus1 13 guest-stop fail never pass test-amd64-i386-xend-winxpsp3 16 leak-check/check fail never pass test-amd64-i386-xend-qemut-winxpsp3 16 leak-check/check fail never pass test-amd64-amd64-xl-winxpsp3 13 guest-stop fail never pass test-amd64-amd64-xl-qemuu-winxpsp3 13 guest-stop fail never pass version targeted for testing: linux 575e5ec35de8f39fa6cc14f80b87ead3b7487780 baseline version: linux 3cebd7931a6f3007c3eb53942934772cc3b6ee08 ------------------------------------------------------------ People who touched revisions under test: Alasdair G Kergon Andrew Morton Antonella Pellizzari Dan Carpenter Dan Williams Daniel Borkmann David S. Miller Diego Elio Pettenò Dmitry Kravkov Enrico Mioso Eric Dumazet Eric Sandeen Fan Du Fengguang Wu François Cachereul Greg Kroah-Hartman Hannes Frederic Sowa Herbert Xu Ilpo Järvinen Jan Kara Jason Cooper Jiri Benc Jiri Pirko Johannes Berg Linus Torvalds Marc Kleine-Budde Marcelo Ricardo Leitner Mariusz Ceier Mathias Krause Mikulas Patocka Mugunthan V N Neal Cardwell Neil Horman Paul Moore Pavel Parkhomenko Salva Peiró Sebastian Hesselbarth Seif Mazareeb Toralf Förster Vlad Yasevich Vlad Yasevich Yuchung Cheng ------------------------------------------------------------ jobs: build-amd64 pass build-i386 pass build-amd64-pvops pass build-i386-pvops pass test-amd64-amd64-xl pass test-amd64-i386-xl pass test-amd64-i386-rhel6hvm-amd pass test-amd64-i386-qemut-rhel6hvm-amd pass test-amd64-i386-qemuu-rhel6hvm-amd pass test-amd64-amd64-xl-qemut-win7-amd64 fail test-amd64-i386-xl-qemut-win7-amd64 fail test-amd64-amd64-xl-qemuu-win7-amd64 fail test-amd64-amd64-xl-win7-amd64 fail test-amd64-i386-xl-win7-amd64 fail test-amd64-i386-xl-credit2 pass test-amd64-amd64-xl-pcipt-intel fail test-amd64-i386-rhel6hvm-intel pass test-amd64-i386-qemut-rhel6hvm-intel pass test-amd64-i386-qemuu-rhel6hvm-intel pass test-amd64-i386-xl-multivcpu pass test-amd64-amd64-pair pass test-amd64-i386-pair pass test-amd64-amd64-xl-sedf-pin pass test-amd64-amd64-pv pass test-amd64-i386-pv pass test-amd64-amd64-xl-sedf pass test-amd64-i386-xl-qemut-winxpsp3-vcpus1 fail test-amd64-i386-xl-winxpsp3-vcpus1 fail test-amd64-i386-xend-qemut-winxpsp3 fail test-amd64-amd64-xl-qemut-winxpsp3 fail test-amd64-amd64-xl-qemuu-winxpsp3 fail test-amd64-i386-xend-winxpsp3 fail test-amd64-amd64-xl-winxpsp3 fail ------------------------------------------------------------ sg-report-flight on woking.cam.xci-test.com logs: /home/xc_osstest/logs images: /home/xc_osstest/images Logs, config files, etc. are available at http://www.chiark.greenend.org.uk/~xensrcts/logs Test harness code can be found at http://xenbits.xensource.com/gitweb?p=osstest.git;a=summary Pushing revision : + branch=linux-3.4 + revision=575e5ec35de8f39fa6cc14f80b87ead3b7487780 + . cri-lock-repos ++ . cri-common +++ . cri-getconfig +++ umask 002 +++ getconfig Repos +++ perl -e ' use Osstest; readglobalconfig(); print $c{"Repos"} or die $!; ' ++ repos=/export/home/osstest/repos ++ repos_lock=/export/home/osstest/repos/lock ++ '[' x '!=' x/export/home/osstest/repos/lock ']' ++ OSSTEST_REPOS_LOCK_LOCKED=/export/home/osstest/repos/lock ++ exec with-lock-ex -w /export/home/osstest/repos/lock ./ap-push linux-3.4 575e5ec35de8f39fa6cc14f80b87ead3b7487780 + branch=linux-3.4 + revision=575e5ec35de8f39fa6cc14f80b87ead3b7487780 + . cri-lock-repos ++ . cri-common +++ . cri-getconfig +++ umask 002 +++ getconfig Repos +++ perl -e ' use Osstest; readglobalconfig(); print $c{"Repos"} or die $!; ' ++ repos=/export/home/osstest/repos ++ repos_lock=/export/home/osstest/repos/lock ++ '[' x/export/home/osstest/repos/lock '!=' x/export/home/osstest/repos/lock ']' + . cri-common ++ . cri-getconfig ++ umask 002 + select_xenbranch + case "$branch" in + tree=linux + xenbranch=xen-unstable + '[' xlinux = xlinux ']' + linuxbranch=linux-3.4 + : tested/2.6.39.x + . ap-common ++ : osstest@xenbits.xensource.com ++ : git://xenbits.xen.org/xen.git ++ : osstest@xenbits.xensource.com:/home/xen/git/xen.git ++ : git://xenbits.xen.org/staging/qemu-xen-unstable.git ++ : git://git.kernel.org ++ : git://git.kernel.org/pub/scm/linux/kernel/git ++ : git ++ : git://xenbits.xen.org/osstest/linux-firmware.git ++ : osstest@xenbits.xensource.com:/home/osstest/ext/linux-firmware.git ++ : git://git.kernel.org/pub/scm/linux/kernel/git/firmware/linux-firmware.git ++ : osstest@xenbits.xensource.com:/home/xen/git/linux-pvops.git ++ : git://xenbits.xen.org/linux-pvops.git ++ : tested/linux-3.4 ++ : tested/linux-arm-xen ++ '[' xgit://git.kernel.org/pub/scm/linux/kernel/git/stable/linux-stable.git = x ']' ++ '[' xgit://xenbits.xen.org/linux-pvops.git = x ']' ++ : git://git.kernel.org/pub/scm/linux/kernel/git/konrad/xen.git ++ : tested/2.6.39.x ++ : daily-cron.linux-3.4 ++ : daily-cron.linux-3.4 ++ : http://hg.uk.xensource.com/carbon/trunk/linux-2.6.27 ++ : git://xenbits.xen.org/staging/qemu-upstream-unstable.git ++ : daily-cron.linux-3.4 + TREE_LINUX=osstest@xenbits.xensource.com:/home/xen/git/linux-pvops.git + TREE_QEMU_UPSTREAM=osstest@xenbits.xensource.com:/home/xen/git/qemu-upstream-unstable.git + TREE_XEN=osstest@xenbits.xensource.com:/home/xen/git/xen.git + info_linux_tree linux-3.4 + case $1 in + : git://git.kernel.org/pub/scm/linux/kernel/git/stable/linux-stable.git + : linux-3.4.y + : linux-3.4.y + : git + : git + : git://xenbits.xen.org/linux-pvops.git + : osstest@xenbits.xensource.com:/home/xen/git/linux-pvops.git + : tested/linux-3.4 + : tested/linux-3.4 + return 0 + cd /export/home/osstest/repos/linux + git push osstest@xenbits.xensource.com:/home/xen/git/linux-pvops.git 575e5ec35de8f39fa6cc14f80b87ead3b7487780:tested/linux-3.4 Counting objects: 1 Counting objects: 29 Counting objects: 248 Counting objects: 254, done. Compressing objects: 3% (1/31) Compressing objects: 6% (2/31) Compressing objects: 9% (3/31) Compressing objects: 12% (4/31) Compressing objects: 16% (5/31) Compressing objects: 19% (6/31) Compressing objects: 22% (7/31) Compressing objects: 25% (8/31) Compressing objects: 29% (9/31) Compressing objects: 32% (10/31) Compressing objects: 35% (11/31) Compressing objects: 38% (12/31) Compressing objects: 41% (13/31) Compressing objects: 45% (14/31) Compressing objects: 48% (15/31) Compressing objects: 51% (16/31) Compressing objects: 54% (17/31) Compressing objects: 58% (18/31) Compressing objects: 61% (19/31) Compressing objects: 64% (20/31) Compressing objects: 67% (21/31) Compressing objects: 70% (22/31) Compressing objects: 74% (23/31) Compressing objects: 77% (24/31) Compressing objects: 80% (25/31) Compressing objects: 83% (26/31) Compressing objects: 87% (27/31) Compressing objects: 90% (28/31) Compressing objects: 93% (29/31) Compressing objects: 96% (30/31) Compressing objects: 100% (31/31) Compressing objects: 100% (31/31), done. Writing objects: 0% (1/189) Writing objects: 1% (2/189) Writing objects: 2% (4/189) Writing objects: 3% (6/189) Writing objects: 4% (8/189) Writing objects: 5% (10/189) Writing objects: 6% (12/189) Writing objects: 7% (14/189) Writing objects: 8% (16/189) Writing objects: 9% (18/189) Writing objects: 10% (19/189) Writing objects: 11% (21/189) Writing objects: 12% (23/189) Writing objects: 13% (25/189) Writing objects: 14% (27/189) Writing objects: 15% (29/189) Writing objects: 16% (31/189) Writing objects: 17% (33/189) Writing objects: 18% (35/189) Writing objects: 19% (36/189) Writing objects: 20% (38/189) Writing objects: 21% (40/189) Writing objects: 22% (42/189) Writing objects: 23% (44/189) Writing objects: 24% (46/189) Writing objects: 25% (48/189) Writing objects: 26% (50/189) Writing objects: 27% (52/189) Writing objects: 28% (53/189) Writing objects: 29% (55/189) Writing objects: 30% (57/189) Writing objects: 31% (59/189) Writing objects: 32% (61/189) Writing objects: 33% (63/189) Writing objects: 34% (65/189) Writing objects: 35% (67/189) Writing objects: 36% (69/189) Writing objects: 37% (70/189) Writing objects: 38% (72/189) Writing objects: 39% (74/189) Writing objects: 40% (76/189) Writing objects: 41% (78/189) Writing objects: 42% (80/189) Writing objects: 43% (82/189) Writing objects: 44% (84/189) Writing objects: 45% (86/189) Writing objects: 46% (87/189) Writing objects: 47% (89/189) Writing objects: 48% (91/189) Writing objects: 49% (93/189) Writing objects: 50% (95/189) Writing objects: 51% (97/189) Writing objects: 52% (99/189) Writing objects: 53% (101/189) Writing objects: 54% (103/189) Writing objects: 55% (104/189) Writing objects: 56% (106/189) Writing objects: 57% (108/189) Writing objects: 58% (110/189) Writing objects: 59% (112/189) Writing objects: 60% (114/189) Writing objects: 61% (116/189) Writing objects: 62% (118/189) Writing objects: 63% (120/189) Writing objects: 64% (121/189) Writing objects: 65% (123/189) Writing objects: 66% (125/189) Writing objects: 67% (127/189) Writing objects: 68% (129/189) Writing objects: 69% (131/189) Writing objects: 70% (133/189) Writing objects: 71% (135/189) Writing objects: 72% (137/189) Writing objects: 73% (138/189) Writing objects: 74% (140/189) Writing objects: 75% (142/189) Writing objects: 76% (144/189) Writing objects: 77% (146/189) Writing objects: 78% (148/189) Writing objects: 79% (150/189) Writing objects: 80% (152/189) Writing objects: 81% (154/189) Writing objects: 82% (155/189) Writing objects: 83% (157/189) Writing objects: 84% (159/189) Writing objects: 85% (161/189) Writing objects: 86% (163/189) Writing objects: 87% (165/189) Writing objects: 88% (167/189) Writing objects: 89% (169/189) Writing objects: 90% (171/189) Writing objects: 91% (172/189) Writing objects: 92% (174/189) Writing objects: 93% (176/189) Writing objects: 94% (178/189) Writing objects: 95% (180/189) Writing objects: 96% (182/189) Writing objects: 97% (184/189) Writing objects: 98% (186/189) Writing objects: 99% (188/189) Writing objects: 100% (189/189) Writing objects: 100% (189/189), 34.61 KiB, done. Total 189 (delta 158), reused 189 (delta 158) To osstest@xenbits.xensource.com:/home/xen/git/linux-pvops.git 3cebd79..575e5ec 575e5ec35de8f39fa6cc14f80b87ead3b7487780 -> tested/linux-3.4 + exit 0 --===============3419430443459673467== Content-Type: text/plain; charset="us-ascii" MIME-Version: 1.0 Content-Transfer-Encoding: 7bit Content-Disposition: inline _______________________________________________ Xen-devel mailing list Xen-devel@lists.xen.org http://lists.xen.org/xen-devel --===============3419430443459673467==--