xen-devel.lists.xenproject.org archive mirror
 help / color / mirror / Atom feed
From: xen.org <ian.jackson@eu.citrix.com>
To: xen-devel@lists.xensource.com
Cc: ian.jackson@eu.citrix.com
Subject: [linux-arm-xen baseline test] 21427: tolerable FAIL
Date: Tue, 5 Nov 2013 03:44:51 +0000	[thread overview]
Message-ID: <osstest-21427-mainreport@xen.org> (raw)

"Old" tested version had not actually been tested; therefore in this
flight we test it, rather than a new candidate.  The baseline, if
any, is the most recent actually tested revision.

flight 21427 linux-arm-xen real [real]
http://www.chiark.greenend.org.uk/~xensrcts/logs/21427/

Failures :-/ but no regressions.

Tests which did not succeed, but are not blocking:
 test-armhf-armhf-xl           5 xen-boot                     fail   never pass

version targeted for testing:
 linux                5e01dc7b26d9f24f39abace5da98ccbd6a5ceb52
baseline version:
 linux                5e01dc7b26d9f24f39abace5da98ccbd6a5ceb52

jobs:
 build-armhf                                                  pass    
 build-armhf-pvops                                            pass    
 test-armhf-armhf-xl                                          fail    


------------------------------------------------------------
sg-report-flight on woking.cam.xci-test.com
logs: /home/xc_osstest/logs
images: /home/xc_osstest/images

Logs, config files, etc. are available at
    http://www.chiark.greenend.org.uk/~xensrcts/logs

Test harness code can be found at
    http://xenbits.xensource.com/gitweb?p=osstest.git;a=summary


Published tested tree is already up to date.

                 reply	other threads:[~2013-11-05  3:44 UTC|newest]

Thread overview: [no followups] expand[flat|nested]  mbox.gz  Atom feed

Reply instructions:

You may reply publicly to this message via plain-text email
using any one of the following methods:

* Save the following mbox file, import it into your mail client,
  and reply-to-all from there: mbox

  Avoid top-posting and favor interleaved quoting:
  https://en.wikipedia.org/wiki/Posting_style#Interleaved_style

* Reply using the --to, --cc, and --in-reply-to
  switches of git-send-email(1):

  git send-email \
    --in-reply-to=osstest-21427-mainreport@xen.org \
    --to=ian.jackson@eu.citrix.com \
    --cc=xen-devel@lists.xensource.com \
    /path/to/YOUR_REPLY

  https://kernel.org/pub/software/scm/git/docs/git-send-email.html

* If your mail client supports setting the In-Reply-To header
  via mailto: links, try the mailto: link
Be sure your reply has a Subject: header at the top and a blank line before the message body.
This is a public inbox, see mirroring instructions
for how to clone and mirror all data and code used for this inbox;
as well as URLs for NNTP newsgroup(s).