xen-devel.lists.xenproject.org archive mirror
 help / color / mirror / Atom feed
* [linux-arm-xen baseline test] 21427: tolerable FAIL
@ 2013-11-05  3:44 xen.org
  0 siblings, 0 replies; only message in thread
From: xen.org @ 2013-11-05  3:44 UTC (permalink / raw)
  To: xen-devel; +Cc: ian.jackson

"Old" tested version had not actually been tested; therefore in this
flight we test it, rather than a new candidate.  The baseline, if
any, is the most recent actually tested revision.

flight 21427 linux-arm-xen real [real]
http://www.chiark.greenend.org.uk/~xensrcts/logs/21427/

Failures :-/ but no regressions.

Tests which did not succeed, but are not blocking:
 test-armhf-armhf-xl           5 xen-boot                     fail   never pass

version targeted for testing:
 linux                5e01dc7b26d9f24f39abace5da98ccbd6a5ceb52
baseline version:
 linux                5e01dc7b26d9f24f39abace5da98ccbd6a5ceb52

jobs:
 build-armhf                                                  pass    
 build-armhf-pvops                                            pass    
 test-armhf-armhf-xl                                          fail    


------------------------------------------------------------
sg-report-flight on woking.cam.xci-test.com
logs: /home/xc_osstest/logs
images: /home/xc_osstest/images

Logs, config files, etc. are available at
    http://www.chiark.greenend.org.uk/~xensrcts/logs

Test harness code can be found at
    http://xenbits.xensource.com/gitweb?p=osstest.git;a=summary


Published tested tree is already up to date.

^ permalink raw reply	[flat|nested] only message in thread

only message in thread, other threads:[~2013-11-05  3:44 UTC | newest]

Thread overview: (only message) (download: mbox.gz follow: Atom feed
-- links below jump to the message on this page --
2013-11-05  3:44 [linux-arm-xen baseline test] 21427: tolerable FAIL xen.org

This is a public inbox, see mirroring instructions
for how to clone and mirror all data and code used for this inbox;
as well as URLs for NNTP newsgroup(s).