From mboxrd@z Thu Jan 1 00:00:00 1970 From: xen.org Subject: [linux-3.10 test] 21550: regressions - FAIL Date: Fri, 8 Nov 2013 03:09:46 +0000 Message-ID: Mime-Version: 1.0 Content-Type: multipart/mixed; boundary="===============2645687809472621012==" Return-path: List-Unsubscribe: , List-Post: List-Help: List-Subscribe: , Sender: xen-devel-bounces@lists.xen.org Errors-To: xen-devel-bounces@lists.xen.org To: xen-devel@lists.xensource.com Cc: ian.jackson@eu.citrix.com List-Id: xen-devel@lists.xenproject.org --===============2645687809472621012== Content-Type: text/plain flight 21550 linux-3.10 real [real] http://www.chiark.greenend.org.uk/~xensrcts/logs/21550/ Regressions :-( Tests which did not succeed and are blocking, including tests which could not be run: test-amd64-i386-pv 18 leak-check/check fail REGR. vs. 21026 test-amd64-i386-qemut-rhel6hvm-intel 11 leak-check/check fail REGR. vs. 21026 test-amd64-i386-qemuu-rhel6hvm-intel 11 leak-check/check fail REGR. vs. 21026 test-amd64-amd64-pv 18 leak-check/check fail REGR. vs. 21026 test-amd64-amd64-xl 18 leak-check/check fail REGR. vs. 21026 test-amd64-i386-pair 20 leak-check/check/src_host fail REGR. vs. 21026 test-amd64-i386-pair 21 leak-check/check/dst_host fail REGR. vs. 21026 test-amd64-amd64-pair 21 leak-check/check/dst_host fail REGR. vs. 21026 test-amd64-amd64-pair 20 leak-check/check/src_host fail REGR. vs. 21026 test-amd64-i386-rhel6hvm-intel 11 leak-check/check fail REGR. vs. 21026 Tests which are failing intermittently (not blocking): test-amd64-i386-xl-win7-amd64 7 windows-install fail pass in 21538 test-amd64-amd64-xl-qemuu-win7-amd64 7 windows-install fail pass in 21490 Regressions which are regarded as allowable (not blocking): test-amd64-i386-xl-multivcpu 18 leak-check/check fail blocked in 21026 test-amd64-i386-qemuu-rhel6hvm-amd 11 leak-check/check fail blocked in 21026 test-amd64-i386-xl-credit2 18 leak-check/check fail blocked in 21026 test-amd64-amd64-xl-sedf 18 leak-check/check fail REGR. vs. 21026 test-amd64-i386-xl 18 leak-check/check fail blocked in 21026 test-amd64-i386-rhel6hvm-amd 11 leak-check/check fail blocked in 21026 test-amd64-amd64-xl-sedf-pin 18 leak-check/check fail REGR. vs. 21026 test-amd64-i386-qemut-rhel6hvm-amd 11 leak-check/check fail blocked in 21026 Tests which did not succeed, but are not blocking: test-amd64-amd64-xl-pcipt-intel 9 guest-start fail never pass test-amd64-i386-xend-winxpsp3 16 leak-check/check fail never pass test-amd64-i386-xl-qemut-winxpsp3-vcpus1 13 guest-stop fail never pass test-amd64-i386-xend-qemut-winxpsp3 16 leak-check/check fail never pass test-amd64-amd64-xl-qemuu-winxpsp3 13 guest-stop fail never pass test-amd64-i386-xl-winxpsp3-vcpus1 13 guest-stop fail never pass test-amd64-amd64-xl-winxpsp3 13 guest-stop fail never pass test-amd64-amd64-xl-qemut-win7-amd64 13 guest-stop fail never pass test-amd64-amd64-xl-win7-amd64 13 guest-stop fail never pass test-amd64-i386-xl-qemut-win7-amd64 13 guest-stop fail never pass test-amd64-amd64-xl-qemut-winxpsp3 13 guest-stop fail never pass test-amd64-i386-xl-win7-amd64 13 guest-stop fail in 21538 never pass test-amd64-amd64-xl-qemuu-win7-amd64 13 guest-stop fail in 21490 never pass version targeted for testing: linux 4e77f7f1261f65cff06918bc5e66d02a418fc842 baseline version: linux 14e9c7db465387ede7f019c42f28c90f99fc2793 ------------------------------------------------------------ People who touched revisions under test: AKASHI Takahiro Alasdair G Kergon Andrew Morton Antonella Pellizzari Christophe Gouault Dan Carpenter Dan Williams Daniel Borkmann David Henningsson David S. Miller Diego Elio Pettenò Dmitry Kravkov Dormando Enrico Mioso Eric Dumazet Fabio Estevam Fan Du Fengguang Wu François CACHEREUL Greg Kroah-Hartman Hannes Frederic Sowa Herbert Xu Hugh Dickins Ilpo Järvinen James Ralston Jason Cooper Jason Wang Jiri Benc Johannes Berg Julian Anastasov Kirill A. Shutemov Linus Torvalds Linus Walleij Marc Kleine-Budde Mariusz Ceier Mathias Krause Mathias Nyman Michael S. Tsirkin Mika Westerberg Mikulas Patocka Mugunthan V N Neal Cardwell Neil Horman Olof Johansson Paul Durrant Paul Moore Pavel Parkhomenko Roel Kluin Russell King Rusty Russell Salva Peiró Sathya Perla Sebastian Hesselbarth Seif Mazareeb Takashi Iwai Tony Prisk Toralf Förster Vlad Yasevich Vlad Yasevich Will Deacon Wolfram Sang Yuchung Cheng ------------------------------------------------------------ jobs: build-amd64 pass build-i386 pass build-amd64-pvops pass build-i386-pvops pass test-amd64-amd64-xl fail test-amd64-i386-xl fail test-amd64-i386-rhel6hvm-amd fail test-amd64-i386-qemut-rhel6hvm-amd fail test-amd64-i386-qemuu-rhel6hvm-amd fail test-amd64-amd64-xl-qemut-win7-amd64 fail test-amd64-i386-xl-qemut-win7-amd64 fail test-amd64-amd64-xl-qemuu-win7-amd64 fail test-amd64-amd64-xl-win7-amd64 fail test-amd64-i386-xl-win7-amd64 fail test-amd64-i386-xl-credit2 fail test-amd64-amd64-xl-pcipt-intel fail test-amd64-i386-rhel6hvm-intel fail test-amd64-i386-qemut-rhel6hvm-intel fail test-amd64-i386-qemuu-rhel6hvm-intel fail test-amd64-i386-xl-multivcpu fail test-amd64-amd64-pair fail test-amd64-i386-pair fail test-amd64-amd64-xl-sedf-pin fail test-amd64-amd64-pv fail test-amd64-i386-pv fail test-amd64-amd64-xl-sedf fail test-amd64-i386-xl-qemut-winxpsp3-vcpus1 fail test-amd64-i386-xl-winxpsp3-vcpus1 fail test-amd64-i386-xend-qemut-winxpsp3 fail test-amd64-amd64-xl-qemut-winxpsp3 fail test-amd64-amd64-xl-qemuu-winxpsp3 fail test-amd64-i386-xend-winxpsp3 fail test-amd64-amd64-xl-winxpsp3 fail ------------------------------------------------------------ sg-report-flight on woking.cam.xci-test.com logs: /home/xc_osstest/logs images: /home/xc_osstest/images Logs, config files, etc. are available at http://www.chiark.greenend.org.uk/~xensrcts/logs Test harness code can be found at http://xenbits.xensource.com/gitweb?p=osstest.git;a=summary Not pushing. (No revision log; it would be 1653 lines long.) --===============2645687809472621012== Content-Type: text/plain; charset="us-ascii" MIME-Version: 1.0 Content-Transfer-Encoding: 7bit Content-Disposition: inline _______________________________________________ Xen-devel mailing list Xen-devel@lists.xen.org http://lists.xen.org/xen-devel --===============2645687809472621012==--