* [xen-unstable test] 21570: regressions - FAIL
@ 2013-11-08 21:03 xen.org
0 siblings, 0 replies; only message in thread
From: xen.org @ 2013-11-08 21:03 UTC (permalink / raw)
To: xen-devel; +Cc: ian.jackson
flight 21570 xen-unstable real [real]
http://www.chiark.greenend.org.uk/~xensrcts/logs/21570/
Regressions :-(
Tests which did not succeed and are blocking,
including tests which could not be run:
test-amd64-i386-pv 18 leak-check/check fail REGR. vs. 21557
Tests which did not succeed, but are not blocking:
test-amd64-amd64-xl-pcipt-intel 9 guest-start fail never pass
test-armhf-armhf-xl 5 xen-boot fail never pass
test-amd64-i386-xend-winxpsp3 16 leak-check/check fail never pass
test-amd64-amd64-xl-qemuu-win7-amd64 13 guest-stop fail never pass
test-amd64-amd64-xl-qemuu-winxpsp3 13 guest-stop fail never pass
test-amd64-i386-xl-winxpsp3-vcpus1 13 guest-stop fail never pass
test-amd64-i386-xl-qemut-winxpsp3-vcpus1 13 guest-stop fail never pass
test-amd64-i386-xend-qemut-winxpsp3 16 leak-check/check fail never pass
test-amd64-amd64-xl-qemut-win7-amd64 13 guest-stop fail never pass
test-amd64-amd64-xl-qemut-winxpsp3 13 guest-stop fail never pass
test-amd64-amd64-xl-winxpsp3 13 guest-stop fail never pass
test-amd64-amd64-xl-win7-amd64 13 guest-stop fail never pass
test-amd64-i386-xl-win7-amd64 13 guest-stop fail never pass
test-amd64-i386-xl-qemut-win7-amd64 13 guest-stop fail never pass
version targeted for testing:
xen 5c42fd7f914cbe8e2c2a3a7a5f75ff457b0f4845
baseline version:
xen ac6e1ae87b229f452fa5859bf95dc51459eaeb68
------------------------------------------------------------
People who touched revisions under test:
Jan Beulich <jbeulich@suse.com>
Keir Fraser <keir@xen.org>
Kouya Shimura <kouya@jp.fujitsu.com>
Matthew Daley <mattjd@gmail.com>
Samuel Thibault <samuel.thibault@ens-lyon.org>
Tim Deegan <tim@xen.org>
------------------------------------------------------------
jobs:
build-amd64 pass
build-armhf pass
build-i386 pass
build-amd64-oldkern pass
build-i386-oldkern pass
build-amd64-pvops pass
build-armhf-pvops pass
build-i386-pvops pass
test-amd64-amd64-xl pass
test-armhf-armhf-xl fail
test-amd64-i386-xl pass
test-amd64-i386-rhel6hvm-amd pass
test-amd64-i386-qemut-rhel6hvm-amd pass
test-amd64-i386-qemuu-rhel6hvm-amd pass
test-amd64-amd64-xl-qemut-win7-amd64 fail
test-amd64-i386-xl-qemut-win7-amd64 fail
test-amd64-amd64-xl-qemuu-win7-amd64 fail
test-amd64-amd64-xl-win7-amd64 fail
test-amd64-i386-xl-win7-amd64 fail
test-amd64-i386-xl-credit2 pass
test-amd64-amd64-xl-pcipt-intel fail
test-amd64-i386-rhel6hvm-intel pass
test-amd64-i386-qemut-rhel6hvm-intel pass
test-amd64-i386-qemuu-rhel6hvm-intel pass
test-amd64-i386-xl-multivcpu pass
test-amd64-amd64-pair pass
test-amd64-i386-pair pass
test-amd64-amd64-xl-sedf-pin pass
test-amd64-amd64-pv pass
test-amd64-i386-pv fail
test-amd64-amd64-xl-sedf pass
test-amd64-i386-xl-qemut-winxpsp3-vcpus1 fail
test-amd64-i386-xl-winxpsp3-vcpus1 fail
test-amd64-i386-xend-qemut-winxpsp3 fail
test-amd64-amd64-xl-qemut-winxpsp3 fail
test-amd64-amd64-xl-qemuu-winxpsp3 fail
test-amd64-i386-xend-winxpsp3 fail
test-amd64-amd64-xl-winxpsp3 fail
------------------------------------------------------------
sg-report-flight on woking.cam.xci-test.com
logs: /home/xc_osstest/logs
images: /home/xc_osstest/images
Logs, config files, etc. are available at
http://www.chiark.greenend.org.uk/~xensrcts/logs
Test harness code can be found at
http://xenbits.xensource.com/gitweb?p=osstest.git;a=summary
Not pushing.
------------------------------------------------------------
commit 5c42fd7f914cbe8e2c2a3a7a5f75ff457b0f4845
Author: Matthew Daley <mattjd@gmail.com>
Date: Fri Nov 8 11:10:08 2013 +0100
mini-os: remove repeated statement in netfront_input
Signed-off-by: Matthew Daley <mattjd@gmail.com>
Acked-by: Samuel Thibault <samuel.thibault@ens-lyon.org>
commit c4e2dfccdd1dc4775f248a0cc726a86299a15dea
Author: Matthew Daley <mattjd@gmail.com>
Date: Fri Nov 8 11:09:37 2013 +0100
nestedsvm: remove pointless BUG_ON
It's already handled just above.
Signed-off-by: Matthew Daley <mattjd@gmail.com>
commit 0d7fe8fe3be2dcba30efdaf88e66514246938aa2
Author: Jan Beulich <jbeulich@suse.com>
Date: Fri Nov 8 11:09:06 2013 +0100
x86/EFI: drop redundant newlines from blexit() argument strings
The function issues a newline itself.
Also correct two slightly misplaced __initdata annotations.
Signed-off-by: Jan Beulich <jbeulich@suse.com>
Reviewed-by: Andrew Cooper <andrew.cooper3@citrix.com>
Acked-by: Keir Fraser <keir@xen.org>
commit c1f2dfe8f6a559bc28935f24e31bb33d17d9713d
Author: Jan Beulich <jbeulich@suse.com>
Date: Fri Nov 8 11:08:32 2013 +0100
x86/EFI: make trampoline allocation more flexible
Certain UEFI implementations reserve all memory below 1Mb at boot time,
making it impossible to properly allocate the chunk necessary for the
trampoline. Fall back to simply grabbing a chunk from EfiBootServices*
regions immediately prior to calling ExitBootServices().
Signed-off-by: Jan Beulich <jbeulich@suse.com>
Acked-by: Keir Fraser <keir@xen.org>
commit 48535f5798e3e237d9920a74c1ce3802958136c0
Author: Kouya Shimura <kouya@jp.fujitsu.com>
Date: Fri Nov 8 11:07:14 2013 +0100
x86/hvm: fix restart of RTC periodic timer with vpt_align=1
The commit 58afa7ef "x86/hvm: Run the RTC periodic timer on a
consistent time series" aligns the RTC periodic timer to the VM's boot time.
However, it's aligned later again to the system time in create_periodic_time()
with vpt_align=1. The next tick might be skipped.
Signed-off-by: Kouya Shimura <kouya@jp.fujitsu.com>
Reviewed-by: Jan Beulich <jbeulich@suse.com>
Acked-by: Tim Deegan <tim@xen.org>
(qemu changes not included)
^ permalink raw reply [flat|nested] only message in thread
only message in thread, other threads:[~2013-11-08 21:03 UTC | newest]
Thread overview: (only message) (download: mbox.gz follow: Atom feed
-- links below jump to the message on this page --
2013-11-08 21:03 [xen-unstable test] 21570: regressions - FAIL xen.org
This is a public inbox, see mirroring instructions
for how to clone and mirror all data and code used for this inbox;
as well as URLs for NNTP newsgroup(s).