xen-devel.lists.xenproject.org archive mirror
 help / color / mirror / Atom feed
* [linux-3.10 test] 21641: regressions - FAIL
@ 2013-11-10  9:27 xen.org
  0 siblings, 0 replies; only message in thread
From: xen.org @ 2013-11-10  9:27 UTC (permalink / raw)
  To: xen-devel; +Cc: ian.jackson

[-- Attachment #1: Type: text/plain, Size: 8451 bytes --]

flight 21641 linux-3.10 real [real]
http://www.chiark.greenend.org.uk/~xensrcts/logs/21641/

Regressions :-(

Tests which did not succeed and are blocking,
including tests which could not be run:
 test-amd64-i386-pv           18 leak-check/check          fail REGR. vs. 21026
 test-amd64-i386-qemut-rhel6hvm-intel 11 leak-check/check  fail REGR. vs. 21026
 test-amd64-i386-qemuu-rhel6hvm-intel 11 leak-check/check  fail REGR. vs. 21026
 test-amd64-amd64-pv          18 leak-check/check          fail REGR. vs. 21026
 test-amd64-amd64-xl          18 leak-check/check          fail REGR. vs. 21026
 test-amd64-i386-pair         20 leak-check/check/src_host fail REGR. vs. 21026
 test-amd64-i386-pair         21 leak-check/check/dst_host fail REGR. vs. 21026
 test-amd64-amd64-pair        21 leak-check/check/dst_host fail REGR. vs. 21026
 test-amd64-amd64-pair        20 leak-check/check/src_host fail REGR. vs. 21026
 test-amd64-i386-rhel6hvm-intel 11 leak-check/check        fail REGR. vs. 21026

Regressions which are regarded as allowable (not blocking):
 test-amd64-i386-xl-multivcpu 18 leak-check/check         fail blocked in 21026
 test-amd64-i386-xl-credit2   13 guest-localmigrate.2     fail blocked in 21026
 test-amd64-amd64-xl-sedf     18 leak-check/check          fail REGR. vs. 21026
 test-amd64-i386-qemuu-rhel6hvm-amd 11 leak-check/check   fail blocked in 21026
 test-amd64-i386-rhel6hvm-amd 11 leak-check/check         fail blocked in 21026
 test-amd64-amd64-xl-sedf-pin 18 leak-check/check          fail REGR. vs. 21026
 test-amd64-i386-qemut-rhel6hvm-amd 11 leak-check/check   fail blocked in 21026
 test-amd64-i386-xl           18 leak-check/check         fail blocked in 21026

Tests which did not succeed, but are not blocking:
 test-amd64-amd64-xl-pcipt-intel  9 guest-start                 fail never pass
 test-amd64-i386-xend-winxpsp3 16 leak-check/check             fail  never pass
 test-amd64-i386-xl-qemut-winxpsp3-vcpus1 13 guest-stop         fail never pass
 test-amd64-i386-xend-qemut-winxpsp3 16 leak-check/check        fail never pass
 test-amd64-i386-xl-winxpsp3-vcpus1 13 guest-stop               fail never pass
 test-amd64-amd64-xl-qemuu-winxpsp3 13 guest-stop               fail never pass
 test-amd64-amd64-xl-winxpsp3 13 guest-stop                   fail   never pass
 test-amd64-amd64-xl-qemut-win7-amd64 13 guest-stop             fail never pass
 test-amd64-amd64-xl-win7-amd64 13 guest-stop                   fail never pass
 test-amd64-i386-xl-win7-amd64 13 guest-stop                   fail  never pass
 test-amd64-amd64-xl-qemuu-win7-amd64 13 guest-stop             fail never pass
 test-amd64-i386-xl-qemut-win7-amd64 13 guest-stop              fail never pass
 test-amd64-amd64-xl-qemut-winxpsp3 13 guest-stop               fail never pass

version targeted for testing:
 linux                4e77f7f1261f65cff06918bc5e66d02a418fc842
baseline version:
 linux                14e9c7db465387ede7f019c42f28c90f99fc2793

------------------------------------------------------------
People who touched revisions under test:
  AKASHI Takahiro <takahiro.akashi@linaro.org>
  Alasdair G Kergon <agk@redhat.com>
  Andrew Morton <akpm@linux-foundation.org>
  Antonella Pellizzari <anto.pellizzari83@gmail.com>
  Christophe Gouault <christophe.gouault@6wind.com>
  Dan Carpenter <dan.carpenter@oracle.com>
  Dan Williams <dcbw@redhat.com>
  Daniel Borkmann <dborkman@redhat.com>
  David Henningsson <david.henningsson@canonical.com>
  David S. Miller <davem@davemloft.net>
  Diego Elio Pettenò <flameeyes@flameeyes.eu>
  Dmitry Kravkov <dmitry@broadcom.com>
  Dormando <dormando@rydia.net>
  Enrico Mioso <mrkiko.rs@gmail.com>
  Eric Dumazet <edumazet@google.com>
  Fabio Estevam <fabio.estevam@freescale.com>
  Fan Du <fan.du@windriver.com>
  Fengguang Wu <fengguang.wu@intel.com>
  François CACHEREUL <f.cachereul@alphalink.fr>
  Greg Kroah-Hartman <gregkh@linuxfoundation.org>
  Hannes Frederic Sowa <hannes@stressinduktion.org>
  Herbert Xu <herbert@gondor.apana.org.au>
  Hugh Dickins <hughd@google.com>
  Ilpo Järvinen <ilpo.jarvinen@helsinki.fi>
  James Ralston <james.d.ralston@intel.com>
  Jason Cooper <jason@lakedaemon.net>
  Jason Wang <jasowang@redhat.com>
  Jiri Benc <jbenc@redhat.com>
  Johannes Berg <johannes.berg@intel.com>
  Julian Anastasov <ja@ssi.bg>
  Kirill A. Shutemov <kirill.shutemov@linux.intel.com>
  Linus Torvalds <torvalds@linux-foundation.org>
  Linus Walleij <linus.walleij@linaro.org>
  Marc Kleine-Budde <mkl@pengutronix.de>
  Mariusz Ceier <mceier+kernel@gmail.com>
  Mathias Krause <minipli@googlemail.com>
  Mathias Nyman <mathias.nyman@linux.intel.com>
  Michael S. Tsirkin <mst@redhat.com>
  Mika Westerberg <mika.westerberg@linux.intel.com>
  Mikulas Patocka <mpatocka@redhat.com>
  Mugunthan V N <mugunthanvnm@ti.com>
  Neal Cardwell <ncardwell@google.com>
  Neil Horman <nhorman@tuxdriver.com>
  Olof Johansson <olof@lixom.net>
  Paul Durrant <paul.durrant@citrix.com>
  Paul Moore <paul@paul-moore.com>
  Pavel Parkhomenko <ra85551@gmail.com>
  Roel Kluin <roel.kluin@gmail.com>
  Russell King <rmk+kernel@arm.linux.org.uk>
  Rusty Russell <rusty@rustcorp.com.au>
  Salva Peiró <speiro@ai2.upv.es>
  Sathya Perla <sathya.perla@emulex.com>
  Sebastian Hesselbarth <sebastian.hesselbarth@gmail.com>
  Seif Mazareeb <seif@marvell.com>
  Takashi Iwai <tiwai@suse.de>
  Tony Prisk <linux@prisktech.co.nz>
  Toralf Förster <toralf.foerster@gmx.de>
  Vlad Yasevich <vyasevic@redhat.com>
  Vlad Yasevich <vyasevich@gmail.com>
  Will Deacon <will.deacon@arm.com>
  Wolfram Sang <wsa@the-dreams.de>
  Yuchung Cheng <ycheng@google.com>
------------------------------------------------------------

jobs:
 build-amd64                                                  pass    
 build-i386                                                   pass    
 build-amd64-pvops                                            pass    
 build-i386-pvops                                             pass    
 test-amd64-amd64-xl                                          fail    
 test-amd64-i386-xl                                           fail    
 test-amd64-i386-rhel6hvm-amd                                 fail    
 test-amd64-i386-qemut-rhel6hvm-amd                           fail    
 test-amd64-i386-qemuu-rhel6hvm-amd                           fail    
 test-amd64-amd64-xl-qemut-win7-amd64                         fail    
 test-amd64-i386-xl-qemut-win7-amd64                          fail    
 test-amd64-amd64-xl-qemuu-win7-amd64                         fail    
 test-amd64-amd64-xl-win7-amd64                               fail    
 test-amd64-i386-xl-win7-amd64                                fail    
 test-amd64-i386-xl-credit2                                   fail    
 test-amd64-amd64-xl-pcipt-intel                              fail    
 test-amd64-i386-rhel6hvm-intel                               fail    
 test-amd64-i386-qemut-rhel6hvm-intel                         fail    
 test-amd64-i386-qemuu-rhel6hvm-intel                         fail    
 test-amd64-i386-xl-multivcpu                                 fail    
 test-amd64-amd64-pair                                        fail    
 test-amd64-i386-pair                                         fail    
 test-amd64-amd64-xl-sedf-pin                                 fail    
 test-amd64-amd64-pv                                          fail    
 test-amd64-i386-pv                                           fail    
 test-amd64-amd64-xl-sedf                                     fail    
 test-amd64-i386-xl-qemut-winxpsp3-vcpus1                     fail    
 test-amd64-i386-xl-winxpsp3-vcpus1                           fail    
 test-amd64-i386-xend-qemut-winxpsp3                          fail    
 test-amd64-amd64-xl-qemut-winxpsp3                           fail    
 test-amd64-amd64-xl-qemuu-winxpsp3                           fail    
 test-amd64-i386-xend-winxpsp3                                fail    
 test-amd64-amd64-xl-winxpsp3                                 fail    


------------------------------------------------------------
sg-report-flight on woking.cam.xci-test.com
logs: /home/xc_osstest/logs
images: /home/xc_osstest/images

Logs, config files, etc. are available at
    http://www.chiark.greenend.org.uk/~xensrcts/logs

Test harness code can be found at
    http://xenbits.xensource.com/gitweb?p=osstest.git;a=summary


Not pushing.

(No revision log; it would be 1653 lines long.)


[-- Attachment #2: Type: text/plain, Size: 126 bytes --]

_______________________________________________
Xen-devel mailing list
Xen-devel@lists.xen.org
http://lists.xen.org/xen-devel

^ permalink raw reply	[flat|nested] only message in thread

only message in thread, other threads:[~2013-11-10  9:27 UTC | newest]

Thread overview: (only message) (download: mbox.gz follow: Atom feed
-- links below jump to the message on this page --
2013-11-10  9:27 [linux-3.10 test] 21641: regressions - FAIL xen.org

This is a public inbox, see mirroring instructions
for how to clone and mirror all data and code used for this inbox;
as well as URLs for NNTP newsgroup(s).